000
CDUS41 KOKX 200630
CLIJFK


CLIMATE REPORT
NATIONAL WEATHER SERVICE NEW YORK NY
230 AM EDT SAT OCT 20 2018


...................................

...THE KENNEDY NY CLIMATE SUMMARY FOR OCTOBER 19 2018...

CLIMATE NORMAL PERIOD 1981 TO 2010
CLIMATE RECORD PERIOD 1948 TO 2018


WEATHER ITEM   OBSERVED TIME   RECORD YEAR NORMAL DEPARTURE LAST
                VALUE   (LST)  VALUE       VALUE  FROM      YEAR
                                                  NORMAL
..................................................................
TEMPERATURE (F)
 YESTERDAY
  MAXIMUM         60    220 PM  86    2016  63     -3       70
  MINIMUM         41   1205 AM  31    1976  48     -7       51
  AVERAGE         51                        56     -5       61

PRECIPITATION (IN)
  YESTERDAY        0.00          3.21 1966   0.11  -0.11     0.00
  MONTH TO DATE    2.30                      2.29   0.01     0.50
  SINCE SEP 1      8.29                      5.79   2.50     2.70
  SINCE JAN 1     41.82                     34.75   7.07    35.95

SNOWFALL (IN)
  YESTERDAY        0.0          MM      MM   0.0    0.0      0.0
  MONTH TO DATE    0.0                       0.0    0.0      0.0
  SINCE OCT 1      0.0                       0.0    0.0      0.0
  SINCE JUL 1      0.0                       0.0    0.0      0.0
  SNOW DEPTH       0

DEGREE DAYS
 HEATING
  YESTERDAY       14                         9      5        4
  MONTH TO DATE   85                       126    -41       51
  SINCE SEP 1    102                       164    -62       63
  SINCE JUL 1    102                       165    -63       63

 COOLING
  YESTERDAY        0                         0      0        0
  MONTH TO DATE   53                        12     41       60
  SINCE SEP 1    250                       142    108      244
  SINCE JAN 1   1220                      1003    217     1167
..................................................................


WIND (MPH)
  HIGHEST WIND SPEED    24   HIGHEST WIND DIRECTION    SW (210)
  HIGHEST GUST SPEED    30   HIGHEST GUST DIRECTION    SW (220)
  AVERAGE WIND SPEED    13.8


SKY COVER
  POSSIBLE SUNSHINE  MM
  AVERAGE SKY COVER 0.5


WEATHER CONDITIONS
 THE FOLLOWING WEATHER WAS RECORDED YESTERDAY.
  NO SIGNIFICANT WEATHER WAS OBSERVED.


RELATIVE HUMIDITY (PERCENT)
 HIGHEST    72          1100 PM
 LOWEST     40           300 PM
 AVERAGE    56

..........................................................


THE KENNEDY NY CLIMATE NORMALS FOR TODAY
                         NORMAL    RECORD    YEAR
 MAXIMUM TEMPERATURE (F)   63        81      1969
 MINIMUM TEMPERATURE (F)   48        33      1974


SUNRISE AND SUNSET
OCTOBER 20 2018.......SUNRISE   712 AM EDT   SUNSET   608 PM EDT
OCTOBER 21 2018.......SUNRISE   713 AM EDT   SUNSET   606 PM EDT


-  INDICATES NEGATIVE NUMBERS.
R  INDICATES RECORD WAS SET OR TIED.
MM INDICATES DATA IS MISSING.
T  INDICATES TRACE AMOUNT.




$$
