000
CDUS41 KOKX 240630
CLIJFK


CLIMATE REPORT
NATIONAL WEATHER SERVICE NEW YORK NY
120 AM EST SAT FEB 24 2018


...................................

...THE KENNEDY NY CLIMATE SUMMARY FOR FEBRUARY 23 2018...

CLIMATE NORMAL PERIOD 1981 TO 2010
CLIMATE RECORD PERIOD 1948 TO 2018


WEATHER ITEM   OBSERVED TIME   RECORD YEAR NORMAL DEPARTURE LAST
                VALUE   (LST)  VALUE       VALUE  FROM      YEAR
                                                  NORMAL
..................................................................
TEMPERATURE (F)
 YESTERDAY
  MAXIMUM         40   1159 PM  62    1990  43     -3       57
  MINIMUM         36    716 AM   9    2015  29      7       38
  AVERAGE         38                        36      2       48

PRECIPITATION (IN)
  YESTERDAY        0.12          1.17 2010   0.10   0.02      T
  MONTH TO DATE    4.55                      2.08   2.47     1.24
  SINCE DEC 1      8.04                      8.63  -0.59     8.94
  SINCE JAN 1      6.39                      5.24   1.15     5.88

SNOWFALL (IN)
  YESTERDAY        0.0           6.1  1987   0.3   -0.3      0.0
  MONTH TO DATE    2.6                       7.0   -4.4      8.4
  SINCE OCT 1     19.0                      18.2    0.8     23.4
  SINCE JUL 1     19.0                      18.2    0.8     23.4
  SNOW DEPTH       0

DEGREE DAYS
 HEATING
  YESTERDAY       27                        29     -2       17
  MONTH TO DATE  598                       702   -104      603
  SINCE DEC 1   2595                      2548     47     2197
  SINCE JUL 1   3280                      3372    -92     2837

 COOLING
  YESTERDAY        0                         0      0        0
  MONTH TO DATE    0                         0      0        0
  SINCE DEC 1      0                         0      0        0
  SINCE JAN 1      0                         0      0        0
..................................................................


WIND (MPH)
  HIGHEST WIND SPEED    16   HIGHEST WIND DIRECTION     E (100)
  HIGHEST GUST SPEED    21   HIGHEST GUST DIRECTION     E (100)
  AVERAGE WIND SPEED     8.9


SKY COVER
  POSSIBLE SUNSHINE  MM
  AVERAGE SKY COVER 1.0


WEATHER CONDITIONS
 THE FOLLOWING WEATHER WAS RECORDED YESTERDAY.
  RAIN
  LIGHT RAIN
  FOG


RELATIVE HUMIDITY (PERCENT)
 HIGHEST   100           800 PM
 LOWEST     82           700 AM
 AVERAGE    91

..........................................................


THE KENNEDY NY CLIMATE NORMALS FOR TODAY
                         NORMAL    RECORD    YEAR
 MAXIMUM TEMPERATURE (F)   44        62      2017
 MINIMUM TEMPERATURE (F)   30         7      2015


SUNRISE AND SUNSET
FEBRUARY 24 2018......SUNRISE   636 AM EST   SUNSET   541 PM EST
FEBRUARY 25 2018......SUNRISE   635 AM EST   SUNSET   542 PM EST


-  INDICATES NEGATIVE NUMBERS.
R  INDICATES RECORD WAS SET OR TIED.
MM INDICATES DATA IS MISSING.
T  INDICATES TRACE AMOUNT.




$$
