000
CDUS41 KOKX 122040
CLIJFK


CLIMATE REPORT
NATIONAL WEATHER SERVICE NEW YORK NY
440 PM EDT WED AUG 12 2020


...................................

...THE KENNEDY NY CLIMATE SUMMARY FOR AUGUST 12 2020...
VALID TODAY AS OF 0400 PM LOCAL TIME.

CLIMATE NORMAL PERIOD 1981 TO 2010
CLIMATE RECORD PERIOD 1948 TO 2020


WEATHER ITEM   OBSERVED TIME   RECORD YEAR NORMAL DEPARTURE LAST
                VALUE   (LST)  VALUE       VALUE  FROM      YEAR
                                                  NORMAL
..................................................................
TEMPERATURE (F)
 TODAY
  MAXIMUM         86   1222 PM  92    1970  83      3       85
  MINIMUM         74    123 AM  55    1979  68      6       67
  AVERAGE         80                        75      5       76

PRECIPITATION (IN)
  TODAY            0.50          1.84 2018   0.11   0.39     0.00
  MONTH TO DATE    1.14                      1.54  -0.40     1.05
  SINCE JUN 1      9.46                      9.48  -0.02    11.77
  SINCE JAN 1     23.18                     26.82  -3.64    34.54

SNOWFALL (IN)
  TODAY            0.0          MM      MM   0.0    0.0      0.0
  MONTH TO DATE    0.0                       0.0    0.0      0.0
  SINCE OCT 1      3.8                      23.8  -20.0     14.7
  SINCE JUL 1      0.0                       0.0    0.0      0.0
  SNOW DEPTH       0

DEGREE DAYS
 HEATING
  TODAY            0                         0      0        0
  MONTH TO DATE    0                         0      0        0
  SINCE JUN 1      5                        21    -16        7
  SINCE JUL 1      0                         0      0        0

 COOLING
  TODAY           15                        10      5       11
  MONTH TO DATE  156                       131     25      142
  SINCE JUN 1    811                       651    160      760
  SINCE JAN 1    825                       686    139      797
..................................................................


WIND (MPH)
  HIGHEST WIND SPEED    14   HIGHEST WIND DIRECTION     S (190)
  HIGHEST GUST SPEED    16   HIGHEST GUST DIRECTION     S (180)
  AVERAGE WIND SPEED     6.6


SKY COVER
  AVERAGE SKY COVER 0.7


WEATHER CONDITIONS
 THE FOLLOWING WEATHER WAS RECORDED TODAY.
  THUNDERSTORM
  HEAVY RAIN
  LIGHT RAIN
  FOG
  HAZE


RELATIVE HUMIDITY (PERCENT)
 HIGHEST   100          1200 AM
 LOWEST     74           100 PM
 AVERAGE    87

..........................................................


THE KENNEDY NY CLIMATE NORMALS FOR TOMORROW
                         NORMAL    RECORD    YEAR
 MAXIMUM TEMPERATURE (F)   82        92      2005
                                             2002
 MINIMUM TEMPERATURE (F)   68        56      1979


SUNRISE AND SUNSET
AUGUST 12 2020........SUNRISE   603 AM EDT   SUNSET   756 PM EDT
AUGUST 13 2020........SUNRISE   604 AM EDT   SUNSET   755 PM EDT


-  INDICATES NEGATIVE NUMBERS.
R  INDICATES RECORD WAS SET OR TIED.
MM INDICATES DATA IS MISSING.
T  INDICATES TRACE AMOUNT.




$$
