000
CDUS41 KOKX 202138
CLIJFK


CLIMATE REPORT
NATIONAL WEATHER SERVICE NEW YORK NY
438 PM EST SUN JAN 20 2019


...................................

...THE KENNEDY NY CLIMATE SUMMARY FOR JANUARY 20 2019...
VALID TODAY AS OF 0400 PM LOCAL TIME.

CLIMATE NORMAL PERIOD 1981 TO 2010
CLIMATE RECORD PERIOD 1948 TO 2019


WEATHER ITEM   OBSERVED TIME   RECORD YEAR NORMAL DEPARTURE LAST
                VALUE   (LST)  VALUE       VALUE  FROM      YEAR
                                                  NORMAL
..................................................................
TEMPERATURE (F)
 TODAY
  MAXIMUM         50   1100 AM  56    2013  39     11       54
                                      2006
                                      1991
  MINIMUM         31    359 PM   3    1994  26      5       29
                                      1985
  AVERAGE         41                        32      9       42

PRECIPITATION (IN)
  TODAY            1.23          1.66 1995   0.10   1.13     0.00
  MONTH TO DATE    2.43                      2.11   0.32     1.26
  SINCE DEC 1      9.19                      5.50   3.69     2.91
  SINCE JAN 1      2.43                      2.11   0.32     1.26

SNOWFALL (IN)
  TODAY            0.0          10.4  1978   0.2   -0.2      0.0
  MONTH TO DATE    0.5                       4.0   -3.5      8.2
  SINCE OCT 1      5.3                       8.9   -3.6     14.9
  SINCE JUL 1      5.3                       8.9   -3.6     14.9
  SNOW DEPTH       0

DEGREE DAYS
 HEATING
  TODAY           24                        33     -9       23
  MONTH TO DATE  589                       646    -57      766
  SINCE DEC 1   1362                      1491   -129     1690
  SINCE JUL 1   2255                      2315    -60     2375

 COOLING
  TODAY            0                         0      0        0
  MONTH TO DATE    0                         0      0        0
  SINCE DEC 1      0                         0      0        0
  SINCE JAN 1      0                         0      0        0
..................................................................


WIND (MPH)
  HIGHEST WIND SPEED    30   HIGHEST WIND DIRECTION    NW (310)
  HIGHEST GUST SPEED    37   HIGHEST GUST DIRECTION    NW (310)
  AVERAGE WIND SPEED    15.0


SKY COVER
  AVERAGE SKY COVER 1.0


WEATHER CONDITIONS
 THE FOLLOWING WEATHER WAS RECORDED TODAY.
  HEAVY RAIN
  RAIN
  LIGHT RAIN
  FOG


RELATIVE HUMIDITY (PERCENT)
 HIGHEST   100          1200 AM
 LOWEST     72           400 PM
 AVERAGE    86

..........................................................


THE KENNEDY NY CLIMATE NORMALS FOR TOMORROW
                         NORMAL    RECORD    YEAR
 MAXIMUM TEMPERATURE (F)   39        61      2006
 MINIMUM TEMPERATURE (F)   26        -2      1985


SUNRISE AND SUNSET
JANUARY 20 2019.......SUNRISE   714 AM EST   SUNSET   458 PM EST
JANUARY 21 2019.......SUNRISE   714 AM EST   SUNSET   459 PM EST


-  INDICATES NEGATIVE NUMBERS.
R  INDICATES RECORD WAS SET OR TIED.
MM INDICATES DATA IS MISSING.
T  INDICATES TRACE AMOUNT.




$$
