000
CDUS43 KSGF 172226
CLIJLN


CLIMATE REPORT
NATIONAL WEATHER SERVICE SPRINGFIELD MO
525 PM CDT SUN JUN 17 2018


...................................

...THE JOPLIN MO CLIMATE SUMMARY FOR JUNE 17 2018...
VALID TODAY AS OF 0500 PM LOCAL TIME.

CLIMATE NORMAL PERIOD 1981 TO 2010
CLIMATE RECORD PERIOD 1902 TO 2018


WEATHER ITEM   OBSERVED TIME   RECORD YEAR NORMAL DEPARTURE LAST
                VALUE   (LST)  VALUE       VALUE  FROM      YEAR
                                                  NORMAL
..................................................................
TEMPERATURE (F)
 TODAY
  MAXIMUM         93    352 PM 100    1953  86      7       87
  MINIMUM         76    521 AM  51    1960  66     10       68
  AVERAGE         85                        76      9       78

PRECIPITATION (IN)
  TODAY            0.00          1.50 2006   0.20  -0.20     0.90
  MONTH TO DATE    1.23                      3.44  -2.21     2.11
  SINCE JUN 1      1.23                      3.44  -2.21     2.11
  SINCE JAN 1     14.58                     21.39  -6.81    28.04

DEGREE DAYS
 HEATING
  TODAY            0                         0      0        0
  MONTH TO DATE    0                         2     -2        0
  SINCE JUN 1      0                         2     -2        0
  SINCE JUL 1   4087                      4071     16     3169

 COOLING
  TODAY           20                        11      9       13
  MONTH TO DATE  244                       153     91      192
  SINCE JUN 1    244                       153     91      192
  SINCE JAN 1    542                       333    209      399
..................................................................


WIND (MPH)
  HIGHEST WIND SPEED    18   HIGHEST WIND DIRECTION    SW (210)
  HIGHEST GUST SPEED    24   HIGHEST GUST DIRECTION     S (190)


SKY COVER
  AVERAGE SKY COVER 0.1


WEATHER CONDITIONS
 THE FOLLOWING WEATHER WAS RECORDED TODAY.
  NO SIGNIFICANT WEATHER WAS OBSERVED.


RELATIVE HUMIDITY (PERCENT)
 HIGHEST    79           400 AM
 LOWEST     49           300 PM
 AVERAGE    64

..........................................................


THE JOPLIN MO CLIMATE NORMALS FOR TOMORROW
                         NORMAL    RECORD    YEAR
 MAXIMUM TEMPERATURE (F)   87       100      1952
 MINIMUM TEMPERATURE (F)   66        52      1966
                                             1999


SUNRISE AND SUNSET
JUNE 17 2018..........SUNRISE   558 AM CDT   SUNSET   840 PM CDT
JUNE 18 2018..........SUNRISE   558 AM CDT   SUNSET   841 PM CDT


-  INDICATES NEGATIVE NUMBERS.
R  INDICATES RECORD WAS SET OR TIED.
MM INDICATES DATA IS MISSING.
T  INDICATES TRACE AMOUNT.




$$
