000
CDUS43 KSGF 132225
CLIJLN


CLIMATE REPORT
NATIONAL WEATHER SERVICE SPRINGFIELD MO
525 PM CDT SUN OCT 13 2019


...................................

...THE JOPLIN MO CLIMATE SUMMARY FOR OCTOBER 13 2019...
VALID TODAY AS OF 0500 PM LOCAL TIME.

CLIMATE NORMAL PERIOD 1981 TO 2010
CLIMATE RECORD PERIOD 1902 TO 2019


WEATHER ITEM   OBSERVED TIME   RECORD YEAR NORMAL DEPARTURE LAST
                VALUE   (LST)  VALUE       VALUE  FROM      YEAR
                                                  NORMAL
..................................................................
TEMPERATURE (F)
 TODAY
  MAXIMUM         70    242 PM  88    1952  72     -2       54
  MINIMUM         42    647 AM  35    2006  49     -7       39
                                      1977
  AVERAGE         56                        61     -5       47

PRECIPITATION (IN)
  TODAY            0.00          2.54 1959   0.13  -0.13     0.13
  MONTH TO DATE    1.56                      1.71  -0.15     1.78
  SINCE SEP 1      6.01                      6.66  -0.65     4.01
  SINCE JAN 1     54.90                     37.63  17.27    29.03

DEGREE DAYS
 HEATING
  TODAY            9                         6      3       18
  MONTH TO DATE   81                        64     17       59
  SINCE SEP 1     81                       105    -24       82
  SINCE JUL 1     81                       106    -25       82

 COOLING
  TODAY            0                         2     -2        0
  MONTH TO DATE   38                        31      7       84
  SINCE SEP 1    445                       246    199      346
  SINCE JAN 1   1696                      1673     23     2003
..................................................................


WIND (MPH)
  HIGHEST WIND SPEED    21   HIGHEST WIND DIRECTION    SW (220)
  HIGHEST GUST SPEED    28   HIGHEST GUST DIRECTION    SW (210)


SKY COVER
  AVERAGE SKY COVER 0.0


WEATHER CONDITIONS
 THE FOLLOWING WEATHER WAS RECORDED TODAY.
  NO SIGNIFICANT WEATHER WAS OBSERVED.


RELATIVE HUMIDITY (PERCENT)
 HIGHEST    76           700 AM
 LOWEST     34          1200 PM
 AVERAGE    55

..........................................................


THE JOPLIN MO CLIMATE NORMALS FOR TOMORROW
                         NORMAL    RECORD    YEAR
 MAXIMUM TEMPERATURE (F)   72        90      1963
 MINIMUM TEMPERATURE (F)   49        32      2002


SUNRISE AND SUNSET
OCTOBER 13 2019.......SUNRISE   724 AM CDT   SUNSET   644 PM CDT
OCTOBER 14 2019.......SUNRISE   725 AM CDT   SUNSET   643 PM CDT


-  INDICATES NEGATIVE NUMBERS.
R  INDICATES RECORD WAS SET OR TIED.
MM INDICATES DATA IS MISSING.
T  INDICATES TRACE AMOUNT.




$$
