000
CDUS43 KSGF 252228
CLIJLN


CLIMATE REPORT
NATIONAL WEATHER SERVICE SPRINGFIELD MO
426 PM CST TUE FEB 25 2020


...................................

...THE JOPLIN MO CLIMATE SUMMARY FOR FEBRUARY 25 2020...
VALID AS OF 0400 PM LOCAL TIME.

CLIMATE NORMAL PERIOD 1981 TO 2010
CLIMATE RECORD PERIOD 1902 TO 2020


WEATHER ITEM   OBSERVED TIME   RECORD YEAR NORMAL DEPARTURE LAST
                VALUE   (LST)  VALUE       VALUE  FROM      YEAR
                                                  NORMAL
..................................................................
TEMPERATURE (F)
 TODAY
  MAXIMUM         42   1243 PM  75    1981  54    -12       59
  MINIMUM         38    805 AM   0    1965  32      6       26
  AVERAGE         40                        43     -3       43

PRECIPITATION (IN)
  TODAY            0.00          0.82 1957   0.09  -0.09     0.00
  MONTH TO DATE    2.36                      2.04   0.32     1.86
  SINCE DEC 1      7.39                      6.89   0.50     7.27
  SINCE JAN 1      6.02                      4.07   1.95     4.58

DEGREE DAYS
 HEATING
  TODAY           25                        22      3       22
  MONTH TO DATE  639                       640     -1      696
  SINCE DEC 1   2147                      2432   -285     2424
  SINCE JUL 1   3078                      3189   -111     3424

 COOLING
  TODAY            0                         0      0        0
  MONTH TO DATE    0                         0      0        0
  SINCE DEC 1      0                         0      0        0
  SINCE JAN 1      0                         0      0        0
..................................................................


WIND (MPH)
  HIGHEST WIND SPEED    14   HIGHEST WIND DIRECTION     N (350)
  HIGHEST GUST SPEED    20   HIGHEST GUST DIRECTION     N (340)


SKY COVER
  AVERAGE SKY COVER 1.0


WEATHER CONDITIONS
 THE FOLLOWING WEATHER WAS RECORDED TODAY.
  FOG


RELATIVE HUMIDITY (PERCENT)
 HIGHEST    93          1200 AM
 LOWEST     79          1100 AM
 AVERAGE    86

..........................................................


THE JOPLIN MO CLIMATE NORMALS FOR TOMORROW
                         NORMAL    RECORD    YEAR
 MAXIMUM TEMPERATURE (F)   54        81      1996
 MINIMUM TEMPERATURE (F)   32         8      1960


SUNRISE AND SUNSET
FEBRUARY 25 2020......SUNRISE   655 AM CST   SUNSET   608 PM CST
FEBRUARY 26 2020......SUNRISE   654 AM CST   SUNSET   609 PM CST


-  INDICATES NEGATIVE NUMBERS.
R  INDICATES RECORD WAS SET OR TIED.
MM INDICATES DATA IS MISSING.
T  INDICATES TRACE AMOUNT.




$$
