957
CDUS43 KSGF 200627
CLIJLN


CLIMATE REPORT
NATIONAL WEATHER SERVICE SPRINGFIELD MO
126 AM CDT THU SEP 20 2018


...................................

...THE JOPLIN MO CLIMATE SUMMARY FOR SEPTEMBER 19 2018...

CLIMATE NORMAL PERIOD 1981 TO 2010
CLIMATE RECORD PERIOD 1902 TO 2018


WEATHER ITEM   OBSERVED TIME   RECORD YEAR NORMAL DEPARTURE LAST
                VALUE   (LST)  VALUE       VALUE  FROM      YEAR
                                                  NORMAL
..................................................................
TEMPERATURE (F)
 YESTERDAY
  MAXIMUM         92    246 PM  98    1954  81     11       89
  MINIMUM         73    627 AM  38    1991  58     15       65
  AVERAGE         83                        69     14       77

PRECIPITATION (IN)
  YESTERDAY        0.00          1.39 1974   0.17  -0.17     0.00
  MONTH TO DATE    2.06                      3.16  -1.10     1.08
  SINCE SEP 1      2.06                      3.16  -1.10     1.08
  SINCE JAN 1     27.08                     34.13  -7.05    39.76

DEGREE DAYS
 HEATING
  YESTERDAY        0                         2     -2        0
  MONTH TO DATE    1                         9     -8        4
  SINCE SEP 1      1                         9     -8        4
  SINCE JUL 1      1                        10     -9        4

 COOLING
  YESTERDAY       18                         6     12       12
  MONTH TO DATE  211                       165     46      118
  SINCE SEP 1    211                       165     46      118
  SINCE JAN 1   1868                      1592    276     1550
..................................................................


WIND (MPH)
  HIGHEST WIND SPEED    14   HIGHEST WIND DIRECTION     S (200)
  HIGHEST GUST SPEED    20   HIGHEST GUST DIRECTION     S (160)
  AVERAGE WIND SPEED     7.8


SKY COVER
  AVERAGE SKY COVER 0.1


WEATHER CONDITIONS
 THE FOLLOWING WEATHER WAS RECORDED YESTERDAY.
  NO SIGNIFICANT WEATHER WAS OBSERVED.


RELATIVE HUMIDITY (PERCENT)
 HIGHEST    87           300 AM
 LOWEST     49           400 PM
 AVERAGE    68

..........................................................


THE JOPLIN MO CLIMATE NORMALS FOR TODAY
                         NORMAL    RECORD    YEAR
 MAXIMUM TEMPERATURE (F)   80        99      1954
 MINIMUM TEMPERATURE (F)   57        38      1991


SUNRISE AND SUNSET
SEPTEMBER 20 2018.....SUNRISE   704 AM CDT   SUNSET   718 PM CDT
SEPTEMBER 21 2018.....SUNRISE   705 AM CDT   SUNSET   716 PM CDT


-  INDICATES NEGATIVE NUMBERS.
R  INDICATES RECORD WAS SET OR TIED.
MM INDICATES DATA IS MISSING.
T  INDICATES TRACE AMOUNT.




$$
