000
CDUS43 KBIS 292224
CLIJMS


CLIMATE REPORT
NATIONAL WEATHER SERVICE BISMARCK ND
524 PM CDT FRI MAY 29 2020


...................................

...THE JAMESTOWN ND CLIMATE SUMMARY FOR MAY 29 2020...
VALID TODAY AS OF 0500 PM LOCAL TIME.

CLIMATE NORMAL PERIOD 1981 TO 2010
CLIMATE RECORD PERIOD 1891 TO 2020


WEATHER ITEM   OBSERVED TIME   RECORD YEAR NORMAL DEPARTURE LAST
                VALUE   (LST)  VALUE       VALUE  FROM      YEAR
                                                  NORMAL
..................................................................
TEMPERATURE (F)
 TODAY
  MAXIMUM         65    359 PM 107    1934  72     -7       82
  MINIMUM         44    320 AM  28    1947  47     -3       47
  AVERAGE         55                        60     -5       65

PRECIPITATION (IN)
  TODAY            0.00          2.72 1953   0.10  -0.10     0.00
  MONTH TO DATE    2.21                      2.46  -0.25     1.79
  SINCE MAR 1      2.56                      4.50  -1.94     2.47
  SINCE JAN 1      2.66                      5.35  -2.69     2.78

DEGREE DAYS
 HEATING
  TODAY           10                         7      3        0
  MONTH TO DATE  366                       311     55      452
  SINCE MAR 1   2260                      2146    114     2537
  SINCE JUL 1   9006                      8905    101     9890

 COOLING
  TODAY            0                         1     -1        0
  MONTH TO DATE    7                        18    -11        0
  SINCE MAR 1      7                        20    -13        0
  SINCE JAN 1      7                        20    -13        0
..................................................................


WIND (MPH)
  RESULTANT WIND SPEED   6   RESULTANT WIND DIRECTION   N (360)
  HIGHEST WIND SPEED    17   HIGHEST WIND DIRECTION     N (360)
  HIGHEST GUST SPEED    24   HIGHEST GUST DIRECTION     N (340)
  AVERAGE WIND SPEED     8.4


SKY COVER
  POSSIBLE SUNSHINE  MM
  AVERAGE SKY COVER 0.7


WEATHER CONDITIONS
 THE FOLLOWING WEATHER WAS RECORDED TODAY.
  NO SIGNIFICANT WEATHER WAS OBSERVED.


RELATIVE HUMIDITY (PERCENT)
 HIGHEST    89           300 AM
 LOWEST     48           300 PM
 AVERAGE    69

..........................................................


THE JAMESTOWN ND CLIMATE NORMALS FOR TOMORROW
                         NORMAL    RECORD    YEAR
 MAXIMUM TEMPERATURE (F)   72       101      1939
 MINIMUM TEMPERATURE (F)   48        24      1947


SUNRISE AND SUNSET
MAY 29 2020...........SUNRISE   545 AM CDT   SUNSET   919 PM CDT
MAY 30 2020...........SUNRISE   545 AM CDT   SUNSET   920 PM CDT


-  INDICATES NEGATIVE NUMBERS.
R  INDICATES RECORD WAS SET OR TIED.
MM INDICATES DATA IS MISSING.
T  INDICATES TRACE AMOUNT.




$$
