000
CDUS43 KBIS 240030
CLIJMS


CLIMATE REPORT
NATIONAL WEATHER SERVICE BISMARCK ND
729 PM CDT WED OCT 23 2019


...................................

...THE JAMESTOWN ND CLIMATE SUMMARY FOR OCTOBER 23 2019...
VALID TODAY AS OF 0500 PM LOCAL TIME.

CLIMATE NORMAL PERIOD 1981 TO 2010
CLIMATE RECORD PERIOD 1891 TO 2019


WEATHER ITEM   OBSERVED TIME   RECORD YEAR NORMAL DEPARTURE LAST
                VALUE   (LST)  VALUE       VALUE  FROM      YEAR
                                                  NORMAL
..................................................................
TEMPERATURE (F)
 TODAY
  MAXIMUM         40    401 PM  83    1918  52    -12       48
                                      1901
  MINIMUM         25    429 AM   2    1936  30     -5       19
  AVERAGE         33                        41     -8       34

PRECIPITATION (IN)
  TODAY            0.00          1.55 1914   0.05  -0.05     0.00
  MONTH TO DATE    2.05                      1.23   0.82     1.25
  SINCE SEP 1      7.55                      3.23   4.32     2.59
  SINCE JAN 1     21.38                     17.42   3.96    20.28

DEGREE DAYS
 HEATING
  TODAY           32                        24      8       31
  MONTH TO DATE  554                       439    115      620
  SINCE SEP 1    748                       691     57      895
  SINCE JUL 1    809                       757     52      948

 COOLING
  TODAY            0                         0      0        0
  MONTH TO DATE    0                         0      0        0
  SINCE SEP 1     43                        30     13       15
  SINCE JAN 1    395                       445    -50      545
..................................................................


WIND (MPH)
  RESULTANT WIND SPEED  12   RESULTANT WIND DIRECTION  NW (330)
  HIGHEST WIND SPEED    22   HIGHEST WIND DIRECTION     N (340)
  HIGHEST GUST SPEED    30   HIGHEST GUST DIRECTION    NW (320)
  AVERAGE WIND SPEED    12.1


SKY COVER
  POSSIBLE SUNSHINE  MM
  AVERAGE SKY COVER 0.5


WEATHER CONDITIONS
 THE FOLLOWING WEATHER WAS RECORDED TODAY.
  NO SIGNIFICANT WEATHER WAS OBSERVED.


RELATIVE HUMIDITY (PERCENT)
 HIGHEST    92           100 AM
 LOWEST     54           200 PM
 AVERAGE    73

..........................................................


THE JAMESTOWN ND CLIMATE NORMALS FOR TOMORROW
                         NORMAL    RECORD    YEAR
 MAXIMUM TEMPERATURE (F)   52        81      1989
 MINIMUM TEMPERATURE (F)   29         4      1917


SUNRISE AND SUNSET
OCTOBER 23 2019.......SUNRISE   804 AM CDT   SUNSET   634 PM CDT
OCTOBER 24 2019.......SUNRISE   805 AM CDT   SUNSET   632 PM CDT


-  INDICATES NEGATIVE NUMBERS.
R  INDICATES RECORD WAS SET OR TIED.
MM INDICATES DATA IS MISSING.
T  INDICATES TRACE AMOUNT.




$$
