225
CDUS43 KBIS 232237
CLIJMS


CLIMATE REPORT
NATIONAL WEATHER SERVICE BISMARCK ND
537 PM CDT TUE OCT 23 2018


...................................

...THE JAMESTOWN ND CLIMATE SUMMARY FOR OCTOBER 23 2018...
VALID TODAY AS OF 0500 PM LOCAL TIME.

CLIMATE NORMAL PERIOD 1981 TO 2010
CLIMATE RECORD PERIOD 1891 TO 2018


WEATHER ITEM   OBSERVED TIME   RECORD YEAR NORMAL DEPARTURE LAST
                VALUE   (LST)  VALUE       VALUE  FROM      YEAR
                                                  NORMAL
..................................................................
TEMPERATURE (F)
 TODAY
  MAXIMUM         48    359 PM  83    1918  52     -4       56
                                      1901
  MINIMUM         19    702 AM   2    1936  30    -11       37
  AVERAGE         34                        41     -7       47

PRECIPITATION (IN)
  TODAY            0.00          1.55 1914   0.05  -0.05      T
  MONTH TO DATE    1.25                      1.23   0.02     0.07
  SINCE SEP 1      2.59                      3.23  -0.64     2.91
  SINCE JAN 1     20.28                     17.42   2.86    12.22

DEGREE DAYS
 HEATING
  TODAY           31                        24      7       18
  MONTH TO DATE  620                       439    181      354
  SINCE SEP 1    895                       691    204      558
  SINCE JUL 1    948                       757    191      592

 COOLING
  TODAY            0                         0      0        0
  MONTH TO DATE    0                         0      0        0
  SINCE SEP 1     15                        30    -15       35
  SINCE JAN 1    545                       445    100      397
..................................................................


WIND (MPH)
  RESULTANT WIND SPEED   3   RESULTANT WIND DIRECTION  SE (150)
  HIGHEST WIND SPEED    13   HIGHEST WIND DIRECTION    SE (140)
  HIGHEST GUST SPEED    18   HIGHEST GUST DIRECTION    SE (150)
  AVERAGE WIND SPEED     4.4


SKY COVER
  POSSIBLE SUNSHINE  MM
  AVERAGE SKY COVER 0.0


WEATHER CONDITIONS
 THE FOLLOWING WEATHER WAS RECORDED TODAY.
  NO SIGNIFICANT WEATHER WAS OBSERVED.


RELATIVE HUMIDITY (PERCENT)
 HIGHEST   100           700 AM
 LOWEST     42           300 PM
 AVERAGE    71

..........................................................


THE JAMESTOWN ND CLIMATE NORMALS FOR TOMORROW
                         NORMAL    RECORD    YEAR
 MAXIMUM TEMPERATURE (F)   52        81      1989
 MINIMUM TEMPERATURE (F)   29         4      1917


SUNRISE AND SUNSET
OCTOBER 23 2018.......SUNRISE   804 AM CDT   SUNSET   633 PM CDT
OCTOBER 24 2018.......SUNRISE   806 AM CDT   SUNSET   631 PM CDT


-  INDICATES NEGATIVE NUMBERS.
R  INDICATES RECORD WAS SET OR TIED.
MM INDICATES DATA IS MISSING.
T  INDICATES TRACE AMOUNT.




$$
