005
CDUS43 KBIS 280743
CLIJMS


CLIMATE REPORT
NATIONAL WEATHER SERVICE BISMARCK ND
242 AM CDT MON MAY 28 2018


...................................

...THE JAMESTOWN ND CLIMATE SUMMARY FOR MAY 27 2018...

CLIMATE NORMAL PERIOD 1981 TO 2010
CLIMATE RECORD PERIOD 1891 TO 2018


WEATHER ITEM   OBSERVED TIME   RECORD YEAR NORMAL DEPARTURE LAST
                VALUE   (LST)  VALUE       VALUE  FROM      YEAR
                                                  NORMAL
..................................................................
TEMPERATURE (F)
 YESTERDAY
  MAXIMUM         79    438 PM 102    1934  71      8       75
  MINIMUM         63    655 AM  23    1907  47     16       49
  AVERAGE         71                        59     12       62

PRECIPITATION (IN)
  YESTERDAY        0.32          2.25 1912   0.09   0.23      T
  MONTH TO DATE    2.44                      2.27   0.17     0.69
  SINCE MAR 1      3.42                      4.31  -0.89     2.17
  SINCE JAN 1      3.55                      5.16  -1.61     2.59

DEGREE DAYS
 HEATING
  YESTERDAY        0                         7     -7        3
  MONTH TO DATE  186                       297   -111      269
  SINCE MAR 1   2352                      2132    220     2074
  SINCE JUL 1   9063                      8891    172     8083

 COOLING
  YESTERDAY        6                         1      5        0
  MONTH TO DATE   50                        16     34        0
  SINCE MAR 1     50                        18     32        0
  SINCE JAN 1     50                        18     32        0
..................................................................


WIND (MPH)
  HIGHEST WIND SPEED    37   HIGHEST WIND DIRECTION    NW (310)
  HIGHEST GUST SPEED    48   HIGHEST GUST DIRECTION    NW (320)
  AVERAGE WIND SPEED    11.4


SKY COVER
  POSSIBLE SUNSHINE  MM
  AVERAGE SKY COVER 0.1


WEATHER CONDITIONS
 THE FOLLOWING WEATHER WAS RECORDED YESTERDAY.
  THUNDERSTORM
  RAIN
  LIGHT RAIN
  FOG
  HAZE


RELATIVE HUMIDITY (PERCENT)
 HIGHEST    87           900 PM
 LOWEST     49           300 AM
 AVERAGE    68

..........................................................


THE JAMESTOWN ND CLIMATE NORMALS FOR TODAY
                         NORMAL    RECORD    YEAR
 MAXIMUM TEMPERATURE (F)   71        96      1900
 MINIMUM TEMPERATURE (F)   47        23      1947


SUNRISE AND SUNSET
MAY 28 2018...........SUNRISE   547 AM CDT   SUNSET   918 PM CDT
MAY 29 2018...........SUNRISE   546 AM CDT   SUNSET   919 PM CDT


-  INDICATES NEGATIVE NUMBERS.
R  INDICATES RECORD WAS SET OR TIED.
MM INDICATES DATA IS MISSING.
T  INDICATES TRACE AMOUNT.




$$
