000
CDUS43 KBIS 180730
CLIJMS


CLIMATE REPORT
NATIONAL WEATHER SERVICE BISMARCK ND
129 AM CST MON FEB 18 2019


...................................

...THE JAMESTOWN ND CLIMATE SUMMARY FOR FEBRUARY 17 2019...

CLIMATE NORMAL PERIOD 1981 TO 2010
CLIMATE RECORD PERIOD 1891 TO 2019


WEATHER ITEM   OBSERVED TIME   RECORD YEAR NORMAL DEPARTURE LAST
                VALUE   (LST)  VALUE       VALUE  FROM      YEAR
                                                  NORMAL
..................................................................
TEMPERATURE (F)
 YESTERDAY
  MAXIMUM         13    445 PM  58    1954  25    -12       25
  MINIMUM          3   1159 PM -32    1956   6     -3        8
  AVERAGE          8                        16     -8       17

PRECIPITATION (IN)
  YESTERDAY        0.00          0.40 1901   0.02  -0.02     0.00
  MONTH TO DATE    0.04                      0.20  -0.16      T
  SINCE DEC 1      0.30                      1.05  -0.75     0.13
  SINCE JAN 1      0.25                      0.65  -0.40     0.01

DEGREE DAYS
 HEATING
  YESTERDAY       57                        49      8       48
  MONTH TO DATE 1150                       880    270     1022
  SINCE DEC 1   4266                      4158    108     4168
  SINCE JUL 1   6659                      6242    417     6138

 COOLING
  YESTERDAY        0                         0      0        0
  MONTH TO DATE    0                         0      0        0
  SINCE DEC 1      0                         0      0        0
  SINCE JAN 1      0                         0      0        0
..................................................................


WIND (MPH)
  HIGHEST WIND SPEED    17   HIGHEST WIND DIRECTION     N (360)
  HIGHEST GUST SPEED    21   HIGHEST GUST DIRECTION     N (360)
  AVERAGE WIND SPEED    11.6


SKY COVER
  POSSIBLE SUNSHINE  MM
  AVERAGE SKY COVER 0.9


WEATHER CONDITIONS
 THE FOLLOWING WEATHER WAS RECORDED YESTERDAY.
  NO SIGNIFICANT WEATHER WAS OBSERVED.


RELATIVE HUMIDITY (PERCENT)
 HIGHEST    88           500 AM
 LOWEST     73          1200 PM
 AVERAGE    81

..........................................................


THE JAMESTOWN ND CLIMATE NORMALS FOR TODAY
                         NORMAL    RECORD    YEAR
 MAXIMUM TEMPERATURE (F)   26        54      1954
 MINIMUM TEMPERATURE (F)    7       -31      1910


SUNRISE AND SUNSET
FEBRUARY 18 2019......SUNRISE   734 AM CST   SUNSET   604 PM CST
FEBRUARY 19 2019......SUNRISE   733 AM CST   SUNSET   605 PM CST


-  INDICATES NEGATIVE NUMBERS.
R  INDICATES RECORD WAS SET OR TIED.
MM INDICATES DATA IS MISSING.
T  INDICATES TRACE AMOUNT.




$$
