348
CDUS43 KBIS 140726
CLIJMS


CLIMATE REPORT
NATIONAL WEATHER SERVICE BISMARCK ND
225 AM CDT TUE AUG 14 2018


...................................

...THE JAMESTOWN ND CLIMATE SUMMARY FOR AUGUST 13 2018...

CLIMATE NORMAL PERIOD 1981 TO 2010
CLIMATE RECORD PERIOD 1891 TO 2018


WEATHER ITEM   OBSERVED TIME   RECORD YEAR NORMAL DEPARTURE LAST
                VALUE   (LST)  VALUE       VALUE  FROM      YEAR
                                                  NORMAL
..................................................................
TEMPERATURE (F)
 YESTERDAY
  MAXIMUM         85    330 PM 103    1937  83      2       71
  MINIMUM         61   1139 PM  31    1924  56      5       54
  AVERAGE         73                        69      4       63

PRECIPITATION (IN)
  YESTERDAY        0.02          1.16 2017   0.07  -0.05     1.16
  MONTH TO DATE    0.59                      0.83  -0.24     2.91
  SINCE JUN 1      9.05                      7.37   1.68     5.58
  SINCE JAN 1     12.82                     12.92  -0.10     8.37

DEGREE DAYS
 HEATING
  YESTERDAY        0                         1     -1        2
  MONTH TO DATE   11                        12     -1       14
  SINCE JUN 1     31                       131   -100       67
  SINCE JUL 1     14                        34    -20       17

 COOLING
  YESTERDAY        8                         5      3        0
  MONTH TO DATE   86                        74     12       18
  SINCE JUN 1    431                       326    105      334
  SINCE JAN 1    505                       346    159      334
..................................................................


WIND (MPH)
  HIGHEST WIND SPEED    18   HIGHEST WIND DIRECTION     N (340)
  HIGHEST GUST SPEED    25   HIGHEST GUST DIRECTION     N (340)
  AVERAGE WIND SPEED     9.5


SKY COVER
  POSSIBLE SUNSHINE  MM
  AVERAGE SKY COVER 0.0


WEATHER CONDITIONS
 THE FOLLOWING WEATHER WAS RECORDED YESTERDAY.
  THUNDERSTORM
  LIGHT RAIN
  FOG


RELATIVE HUMIDITY (PERCENT)
 HIGHEST    97           300 AM
 LOWEST     48           400 PM
 AVERAGE    73

..........................................................


THE JAMESTOWN ND CLIMATE NORMALS FOR TODAY
                         NORMAL    RECORD    YEAR
 MAXIMUM TEMPERATURE (F)   82       103      1937
 MINIMUM TEMPERATURE (F)   56        34      1968


SUNRISE AND SUNSET
AUGUST 14 2018........SUNRISE   631 AM CDT   SUNSET   847 PM CDT
AUGUST 15 2018........SUNRISE   632 AM CDT   SUNSET   845 PM CDT


-  INDICATES NEGATIVE NUMBERS.
R  INDICATES RECORD WAS SET OR TIED.
MM INDICATES DATA IS MISSING.
T  INDICATES TRACE AMOUNT.




$$
