000
CDUS43 KBIS 220850
CLIJMS


CLIMATE REPORT
NATIONAL WEATHER SERVICE BISMARCK ND
349 AM CDT THU OCT 22 2020


...................................

...THE JAMESTOWN ND CLIMATE SUMMARY FOR OCTOBER 21 2020...

CLIMATE NORMAL PERIOD 1981 TO 2010
CLIMATE RECORD PERIOD 1891 TO 2020


WEATHER ITEM   OBSERVED TIME   RECORD YEAR NORMAL DEPARTURE LAST
                VALUE   (LST)  VALUE       VALUE  FROM      YEAR
                                                  NORMAL
..................................................................
TEMPERATURE (F)
 YESTERDAY
  MAXIMUM         31    135 PM  83    1901  53    -22       45
  MINIMUM         26    840 AM   7    1930  31     -5       35
  AVERAGE         29                        42    -13       40

PRECIPITATION (IN)
  YESTERDAY        0.00          0.58 1900   0.04  -0.04     0.53
  MONTH TO DATE    0.28                      1.14  -0.86     2.05
  SINCE SEP 1      0.38                      3.14  -2.76     7.55
  SINCE JAN 1     10.60                     17.33  -6.73    21.38

DEGREE DAYS
 HEATING
  YESTERDAY       36                        23     13       25
  MONTH TO DATE  433                       391     42      492
  SINCE SEP 1    645                       643      2      686
  SINCE JUL 1    661                       709    -48      747

 COOLING
  YESTERDAY        0                         0      0        0
  MONTH TO DATE    0                         0      0        0
  SINCE SEP 1     15                        30    -15       43
  SINCE JAN 1    587                       445    142      395
..................................................................


WIND (MPH)
  HIGHEST WIND SPEED    20   HIGHEST WIND DIRECTION    NW (300)
  HIGHEST GUST SPEED    27   HIGHEST GUST DIRECTION     W (270)
  AVERAGE WIND SPEED     8.1


SKY COVER
  POSSIBLE SUNSHINE  MM
  AVERAGE SKY COVER 0.7


WEATHER CONDITIONS
 THE FOLLOWING WEATHER WAS RECORDED YESTERDAY.
  NO SIGNIFICANT WEATHER WAS OBSERVED.


RELATIVE HUMIDITY (PERCENT)
 HIGHEST    81           200 AM
 LOWEST     63           300 PM
 AVERAGE    72

..........................................................


THE JAMESTOWN ND CLIMATE NORMALS FOR TODAY
                         NORMAL    RECORD    YEAR
 MAXIMUM TEMPERATURE (F)   53        85      1915
 MINIMUM TEMPERATURE (F)   30         2      1936


SUNRISE AND SUNSET
OCTOBER 22 2020.......SUNRISE   803 AM CDT   SUNSET   634 PM CDT
OCTOBER 23 2020.......SUNRISE   805 AM CDT   SUNSET   632 PM CDT


-  INDICATES NEGATIVE NUMBERS.
R  INDICATES RECORD WAS SET OR TIED.
MM INDICATES DATA IS MISSING.
T  INDICATES TRACE AMOUNT.




$$
