000
CDAK47 PAJK 301227
CLIJNU
CLIMATE REPORT
NATIONAL WEATHER SERVICE JUNEAU, AK
426 AM AKDT SAT MAY 30 2020


...................................

...THE JUNEAU CLIMATE SUMMARY FOR MAY 29 2020...

CLIMATE NORMAL PERIOD 1981 TO 2010
CLIMATE RECORD PERIOD 1936 TO 2020


WEATHER ITEM   OBSERVED RECORD YEAR NORMAL DEPARTURE LAST
                VALUE   VALUE       VALUE  FROM      YEAR
                                           NORMAL
...........................................................
TEMPERATURE (F)
 YESTERDAY
  MAXIMUM         68     79    1964  60      8       63
  MINIMUM         40     33    1957  44     -4       44
  AVERAGE         54                 52      2       54

PRECIPITATION (IN)
  YESTERDAY        T      0.74 2007   0.11  -0.11     0.00
  MONTH TO DATE    1.82               3.18  -1.36     2.68
  SINCE JAN 1     22.25              19.38   2.87    17.58

SNOWFALL (IN)
  YESTERDAY        0.0    T    1984   0.0    0.0      0.0
  MONTH TO DATE    0.0                0.0    0.0      0.0

DEGREE DAYS
 HEATING
  YESTERDAY       11                 13     -2       11
  MONTH TO DATE  394                483    -89      392
  SINCE MAR 1   2183               2174      9     1893
...........................................................


WIND (MPH)
  HIGHEST WIND SPEED    23   HIGHEST WIND DIRECTION     E (110)
  HIGHEST GUST SPEED    29   HIGHEST GUST DIRECTION    SE (130)
  AVERAGE WIND SPEED     7.6


SKY COVER
  AVERAGE SKY COVER 0.7


WEATHER CONDITIONS
 THE FOLLOWING WEATHER WAS RECORDED YESTERDAY.
  LIGHT RAIN


..........................................................


THE JUNEAU CLIMATE NORMALS FOR TODAY
                         NORMAL    RECORD    YEAR
 MAXIMUM TEMPERATURE (F)   60        77      2015
 MINIMUM TEMPERATURE (F)   44        30      1955


SUNRISE AND SUNSET
MAY 30 2020...........SUNRISE   404 AM AKDT  SUNSET   949 PM AKDT
MAY 31 2020...........SUNRISE   403 AM AKDT  SUNSET   951 PM AKDT


-  INDICATES NEGATIVE NUMBERS.
R  INDICATES RECORD WAS SET OR TIED.
MM INDICATES DATA IS MISSING.
T  INDICATES TRACE AMOUNT.




$$
--------------------------------------------------------------

AMOUNT OF DAYLIGHT TODAY (HOUR:MIN)......... 17 HOURS 45 MINUTES
GAIN/LOSS SINCE YESTERDAY (HOUR:MIN:SEC).... +0:02:59

$$
