000
CDAK47 PAJK 171130
CLIJNU
CLIMATE REPORT
NATIONAL WEATHER SERVICE JUNEAU, AK
326 AM AKDT SUN JUN 17 2018


...................................

...THE JUNEAU CLIMATE SUMMARY FOR JUNE 16 2018...

CLIMATE NORMAL PERIOD 1981 TO 2010
CLIMATE RECORD PERIOD 1936 TO 2018


WEATHER ITEM   OBSERVED RECORD YEAR NORMAL DEPARTURE LAST
                VALUE   VALUE       VALUE  FROM      YEAR
                                           NORMAL
...........................................................
TEMPERATURE (F)
 YESTERDAY
  MAXIMUM         56     85    2013  63     -7       50
  MINIMUM         49     35    1962  47      2       43
  AVERAGE         53                 55     -2       47

PRECIPITATION (IN)
  YESTERDAY        0.15   1.07 1963   0.11   0.04     0.39
  MONTH TO DATE    2.03               1.71   0.32     1.01
  SINCE JAN 1     21.03              21.31  -0.28    23.18

DEGREE DAYS
 HEATING
  YESTERDAY       12                 10      2       18
  MONTH TO DATE  208                179     29      194
...........................................................


WIND (MPH)
  HIGHEST WIND SPEED    20   HIGHEST WIND DIRECTION     E (110)
  HIGHEST GUST SPEED    24   HIGHEST GUST DIRECTION     E (100)
  AVERAGE WIND SPEED    10.1


SKY COVER
  AVERAGE SKY COVER 1.0


WEATHER CONDITIONS
 THE FOLLOWING WEATHER WAS RECORDED YESTERDAY.
  LIGHT RAIN
  FOG


..........................................................


THE JUNEAU CLIMATE NORMALS FOR TODAY
                         NORMAL    RECORD    YEAR
 MAXIMUM TEMPERATURE (F)   63        83      1950
                                             1948
 MINIMUM TEMPERATURE (F)   47        32      2017


SUNRISE AND SUNSET
JUNE 17 2018..........SUNRISE   351 AM AKDT  SUNSET  1008 PM AKDT
JUNE 18 2018..........SUNRISE   351 AM AKDT  SUNSET  1008 PM AKDT


-  INDICATES NEGATIVE NUMBERS.
R  INDICATES RECORD WAS SET OR TIED.
MM INDICATES DATA IS MISSING.
T  INDICATES TRACE AMOUNT.




$$
--------------------------------------------------------------

AMOUNT OF DAYLIGHT TODAY (HOUR:MIN)......... 18 HOURS 17 MINUTES
GAIN/LOSS SINCE YESTERDAY (HOUR:MIN:SEC).... +0:00:38

$$
