000
CDAK47 PAJK 191127
CLIJNU
CLIMATE REPORT
NATIONAL WEATHER SERVICE JUNEAU, AK
326 AM AKDT WED SEP 19 2018


...................................

...THE JUNEAU CLIMATE SUMMARY FOR SEPTEMBER 18 2018...

CLIMATE NORMAL PERIOD 1981 TO 2010
CLIMATE RECORD PERIOD 1936 TO 2018


WEATHER ITEM   OBSERVED RECORD YEAR NORMAL DEPARTURE LAST
                VALUE   VALUE       VALUE  FROM      YEAR
                                           NORMAL
...........................................................
TEMPERATURE (F)
 YESTERDAY
  MAXIMUM         59     78    1941  55      4       51
  MINIMUM         30     27    1941  44    -14       46
  AVERAGE         45                 50     -5       49

PRECIPITATION (IN)
  YESTERDAY        0.00   1.57 1999   0.30  -0.30     0.08
  MONTH TO DATE    0.32               4.98  -4.66     4.97
  SINCE JAN 1     32.18              38.15  -5.97    46.50

DEGREE DAYS
 HEATING
  YESTERDAY       20                 15      5       16
  MONTH TO DATE  239                247     -8      227
...........................................................


WIND (MPH)
  HIGHEST WIND SPEED    12   HIGHEST WIND DIRECTION     W (250)
  HIGHEST GUST SPEED    14   HIGHEST GUST DIRECTION    SW (240)
  AVERAGE WIND SPEED     3.1


SKY COVER
  AVERAGE SKY COVER 0.0


WEATHER CONDITIONS
 THE FOLLOWING WEATHER WAS RECORDED YESTERDAY.
  FOG
  FOG W/VISIBILITY <= 1/4 MILE


..........................................................


THE JUNEAU CLIMATE NORMALS FOR TODAY
                         NORMAL    RECORD    YEAR
 MAXIMUM TEMPERATURE (F)   55        75      1941
 MINIMUM TEMPERATURE (F)   44        29      1941


SUNRISE AND SUNSET
SEPTEMBER 19 2018.....SUNRISE   637 AM AKDT  SUNSET   706 PM AKDT
SEPTEMBER 20 2018.....SUNRISE   639 AM AKDT  SUNSET   703 PM AKDT


-  INDICATES NEGATIVE NUMBERS.
R  INDICATES RECORD WAS SET OR TIED.
MM INDICATES DATA IS MISSING.
T  INDICATES TRACE AMOUNT.




$$
--------------------------------------------------------------

AMOUNT OF DAYLIGHT TODAY (HOUR:MIN)......... 12 HOURS 29 MINUTES
GAIN/LOSS SINCE YESTERDAY (HOUR:MIN:SEC).... -0:05:02

$$
