000
CDAK47 PAJK 151226
CLIJNU
CLIMATE REPORT
NATIONAL WEATHER SERVICE JUNEAU, AK
326 AM AKST SAT DEC 15 2018


...................................

...THE JUNEAU CLIMATE SUMMARY FOR DECEMBER 14 2018...

CLIMATE NORMAL PERIOD 1981 TO 2010
CLIMATE RECORD PERIOD 1936 TO 2018


WEATHER ITEM   OBSERVED RECORD YEAR NORMAL DEPARTURE LAST
                VALUE   VALUE       VALUE  FROM      YEAR
                                           NORMAL
...........................................................
TEMPERATURE (F)
 YESTERDAY
  MAXIMUM         34     48    1944  34      0       47
  MINIMUM         17    -15    1964  26     -9       40
  AVERAGE         26                 30     -4       44

PRECIPITATION (IN)
  YESTERDAY        0.00   1.44 1958   0.20  -0.20     0.68
  MONTH TO DATE    2.94               2.83   0.11     6.80
  SINCE JAN 1     53.03              59.26  -6.23    68.30

SNOWFALL (IN)
  YESTERDAY        0.0   10.0  1977   0.5   -0.5      0.0
  MONTH TO DATE    2.6                7.1   -4.5      0.3

DEGREE DAYS
 HEATING
  YESTERDAY       39                 35      4       21
  MONTH TO DATE  436                482    -46      324
...........................................................


WIND (MPH)
  HIGHEST WIND SPEED     9   HIGHEST WIND DIRECTION     E (70)
  HIGHEST GUST SPEED    MM   HIGHEST GUST DIRECTION    MM
  AVERAGE WIND SPEED     2.1


SKY COVER
  AVERAGE SKY COVER 0.4


WEATHER CONDITIONS
 THE FOLLOWING WEATHER WAS RECORDED YESTERDAY.
  FOG


..........................................................


THE JUNEAU CLIMATE NORMALS FOR TODAY
                         NORMAL    RECORD    YEAR
 MAXIMUM TEMPERATURE (F)   34        46      2014
 MINIMUM TEMPERATURE (F)   26       -14      1964


SUNRISE AND SUNSET
DECEMBER 15 2018......SUNRISE   841 AM AKST  SUNSET   306 PM AKST
DECEMBER 16 2018......SUNRISE   842 AM AKST  SUNSET   306 PM AKST


-  INDICATES NEGATIVE NUMBERS.
R  INDICATES RECORD WAS SET OR TIED.
MM INDICATES DATA IS MISSING.
T  INDICATES TRACE AMOUNT.




$$
--------------------------------------------------------------

AMOUNT OF DAYLIGHT TODAY (HOUR:MIN)......... 6 HOURS 24 MINUTES
GAIN/LOSS SINCE YESTERDAY (HOUR:MIN:SEC).... -0:01:02

$$
