000
CDAK47 PAJK 221250
CLIJNU
NATIONAL WEATHER SERVICE JUNEAU AK
400 AM AKDT THU OCT 22 2020

...................................

...THE JUNEAU CLIMATE SUMMARY FOR OCTOBER 21 2020...

CLIMATE NORMAL PERIOD: 1981 TO 2010
CLIMATE RECORD PERIOD: 1936 TO 2020


WEATHER ITEM   OBSERVED RECORD YEAR NORMAL DEPARTURE LAST
                VALUE   VALUE       VALUE  FROM      YEAR
                                           NORMAL
............................................................
TEMPERATURE (F)
 YESTERDAY
  MAXIMUM         37     54    1957  45     -8       41
  MINIMUM         24R    26    1991  36    -12       28
  AVERAGE         31                 41    -10       35

PRECIPITATION (IN)
  YESTERDAY        0.00   1.95 2002   0.27  -0.27     0.00
  MONTH TO DATE    2.99               6.16  -3.17     5.39
  SINCE JAN 1     52.99              47.97   5.02    40.35

SNOWFALL (IN)
  YESTERDAY        0.0    0.6  1958   0.0    0.0      0.0
  MONTH TO DATE    0.2                0.2    0.0      0.0

DEGREE DAYS
 HEATING
  YESTERDAY       34                 24     10       30
  MONTH TO DATE  449                438     11      483
  SINCE SEP 1    864                887    -23      877
............................................................


WIND (MPH)
  HIGHEST WIND SPEED    20   HIGHEST WIND DIRECTION     E (90)
  HIGHEST GUST SPEED    28   HIGHEST GUST DIRECTION     E (100)
  AVERAGE WIND SPEED     6.9


SKY COVER
  AVERAGE SKY COVER 0.2


WEATHER CONDITIONS
THE FOLLOWING WEATHER WAS RECORDED YESTERDAY.
  NO SIGNIFICANT WEATHER WAS OBSERVED.

..........................................................


THE JUNEAU CLIMATE NORMALS FOR TODAY
                         NORMAL    RECORD    YEAR
 MAXIMUM TEMPERATURE (F)   45        56      1965
 MINIMUM TEMPERATURE (F)   36        22      1951


SUNRISE AND SUNSET
OCTOBER 22 2020.......SUNRISE   7:52 AM AKDT  SUNSET   5:32 PM AKDT
OCTOBER 23 2020.......SUNRISE   7:54 AM AKDT  SUNSET   5:30 PM AKDT


-  INDICATES NEGATIVE NUMBERS.
R  INDICATES RECORD WAS SET OR TIED.
MM INDICATES DATA IS MISSING.
T  INDICATES TRACE AMOUNT.




$$

--------------------------------------------------------------

AMOUNT OF DAYLIGHT TODAY (HOUR:MIN)......... 9 HOURS 40 MINUTES
GAIN/LOSS SINCE YESTERDAY (HOUR:MIN:SEC).... -0:04:56

$$
