772
CDAK47 PAJK 201230
CLIJNU
CLIMATE REPORT
NATIONAL WEATHER SERVICE JUNEAU, AK
430 AM AKDT SUN OCT 20 2019


...................................

...THE JUNEAU CLIMATE SUMMARY FOR OCTOBER 19 2019...

CLIMATE NORMAL PERIOD 1981 TO 2010
CLIMATE RECORD PERIOD 1936 TO 2019


WEATHER ITEM   OBSERVED RECORD YEAR NORMAL DEPARTURE LAST
                VALUE   VALUE       VALUE  FROM      YEAR
                                           NORMAL
...........................................................
TEMPERATURE (F)
 YESTERDAY
  MAXIMUM         49     57    1964  46      3       53
  MINIMUM         38     20    2004  37      1       46
  AVERAGE         44                 42      2       50

PRECIPITATION (IN)
  YESTERDAY        0.07   2.98 1998   0.28  -0.21     0.94
  MONTH TO DATE    5.33               5.62  -0.29     8.35
  SINCE JAN 1     40.29              47.43  -7.14    42.43

SNOWFALL (IN)
  YESTERDAY        0.0    0.8  1992   0.1   -0.1      0.0
  MONTH TO DATE    0.0                0.2   -0.2      0.0
  SINCE SEP 1      0.0                0.2   -0.2      0.0
  SNOW DEPTH       0

DEGREE DAYS
 HEATING
  YESTERDAY       21                 23     -2       15
  MONTH TO DATE  425                390     35      361
  SINCE SEP 1    819                839    -20      805
...........................................................


WIND (MPH)
  HIGHEST WIND SPEED    25   HIGHEST WIND DIRECTION    SE (120)
  HIGHEST GUST SPEED    29   HIGHEST GUST DIRECTION    SE (130)
  AVERAGE WIND SPEED     8.8


SKY COVER
  AVERAGE SKY COVER 0.8


WEATHER CONDITIONS
 THE FOLLOWING WEATHER WAS RECORDED YESTERDAY.
  LIGHT RAIN
  FOG


..........................................................


THE JUNEAU CLIMATE NORMALS FOR TODAY
                         NORMAL    RECORD    YEAR
 MAXIMUM TEMPERATURE (F)   46        55      2002
 MINIMUM TEMPERATURE (F)   37        23      1961


SUNRISE AND SUNSET
OCTOBER 20 2019.......SUNRISE   746 AM AKDT  SUNSET   540 PM AKDT
OCTOBER 21 2019.......SUNRISE   748 AM AKDT  SUNSET   537 PM AKDT


-  INDICATES NEGATIVE NUMBERS.
R  INDICATES RECORD WAS SET OR TIED.
MM INDICATES DATA IS MISSING.
T  INDICATES TRACE AMOUNT.




$$
--------------------------------------------------------------

AMOUNT OF DAYLIGHT TODAY (HOUR:MIN)......... 9 HOURS 54 MINUTES
GAIN/LOSS SINCE YESTERDAY (HOUR:MIN:SEC).... -0:04:58

$$
