000
CDUS41 KCTP 250614
CLIJST


CLIMATE REPORT
NATIONAL WEATHER SERVICE STATE COLLEGE PA
214 AM EDT MON JUN 25 2018


...................................

...THE JOHNSTOWN CLIMATE SUMMARY FOR JUNE 24 2018...

CLIMATE NORMAL PERIOD 1981 TO 2010
CLIMATE RECORD PERIOD 1892 TO 2018


WEATHER ITEM   OBSERVED TIME   RECORD YEAR NORMAL DEPARTURE LAST
                VALUE   (LST)  VALUE       VALUE  FROM      YEAR
                                                  NORMAL
..................................................................
TEMPERATURE (F)
 YESTERDAY
  MAXIMUM         76   1240 PM  97    1894  76      0       75
  MINIMUM         63   1159 PM  38    1902  58      5       63
  AVERAGE         70                        67      3       69

PRECIPITATION (IN)
  YESTERDAY        0.26          1.50 1896   0.12   0.14     0.20
  MONTH TO DATE    7.05                      3.34   3.71     7.73
  SINCE JUN 1      7.05                      3.34   3.71     7.73
  SINCE JAN 1     30.66                     19.98  10.68    27.62

DEGREE DAYS
 HEATING
  YESTERDAY        0                         1     -1        0
  MONTH TO DATE   56                        73    -17       44
  SINCE JUN 1     56                        73    -17       44
  SINCE JUL 1   6290                      6684   -394     5507

 COOLING
  YESTERDAY        5                         3      2        4
  MONTH TO DATE   63                        52     11       95
  SINCE JUN 1     63                        52     11       95
  SINCE JAN 1    164                        76     88      124
..................................................................


WIND (MPH)
  HIGHEST WIND SPEED    22   HIGHEST WIND DIRECTION     W (290)
  HIGHEST GUST SPEED    32   HIGHEST GUST DIRECTION     W (280)
  AVERAGE WIND SPEED    10.1


SKY COVER
  POSSIBLE SUNSHINE  MM
  AVERAGE SKY COVER 0.6


WEATHER CONDITIONS
 THE FOLLOWING WEATHER WAS RECORDED YESTERDAY.
  THUNDERSTORM
  HEAVY RAIN
  LIGHT RAIN
  FOG


RELATIVE HUMIDITY (PERCENT)
 HIGHEST    93           100 AM
 LOWEST     53           600 PM
 AVERAGE    73

..........................................................


THE JOHNSTOWN CLIMATE NORMALS FOR TODAY
                         NORMAL    RECORD    YEAR
 MAXIMUM TEMPERATURE (F)   76        95      1949
 MINIMUM TEMPERATURE (F)   58        44      1902


SUNRISE AND SUNSET
JUNE 25 2018..........SUNRISE   547 AM EDT   SUNSET   849 PM EDT
JUNE 26 2018..........SUNRISE   547 AM EDT   SUNSET   849 PM EDT


-  INDICATES NEGATIVE NUMBERS.
R  INDICATES RECORD WAS SET OR TIED.
MM INDICATES DATA IS MISSING.
T  INDICATES TRACE AMOUNT.




$$
