000
CDUS41 KCTP 160617
CLIJST


CLIMATE REPORT
NATIONAL WEATHER SERVICE STATE COLLEGE PA
217 AM EDT WED OCT 16 2019


...................................

...THE JOHNSTOWN CLIMATE SUMMARY FOR OCTOBER 15 2019...

CLIMATE NORMAL PERIOD 1981 TO 2010
CLIMATE RECORD PERIOD 1892 TO 2019


WEATHER ITEM   OBSERVED TIME   RECORD YEAR NORMAL DEPARTURE LAST
                VALUE   (LST)  VALUE       VALUE  FROM      YEAR
                                                  NORMAL
..................................................................
TEMPERATURE (F)
 YESTERDAY
  MAXIMUM         63    339 PM  86    1899  59      4       66
  MINIMUM         38    650 AM  27    1957  41     -3       43
  AVERAGE         51                        50      1       55

PRECIPITATION (IN)
  YESTERDAY        0.00          1.78 1942   0.10  -0.10     0.21
  MONTH TO DATE    1.48                      1.56  -0.08     2.64
  SINCE SEP 1      3.37                      4.98  -1.61    12.28
  SINCE JAN 1     32.32                     33.33  -1.01    50.65

DEGREE DAYS
 HEATING
  YESTERDAY       14                        15     -1       10
  MONTH TO DATE  145                       199    -54       83
  SINCE SEP 1    187                       379   -192      169
  SINCE JUL 1    205                       421   -216      179

 COOLING
  YESTERDAY        0                         0      0        0
  MONTH TO DATE   27                         0     27       40
  SINCE SEP 1     97                        25     72      171
  SINCE JAN 1    564                       385    179      711
..................................................................


WIND (MPH)
  HIGHEST WIND SPEED    17   HIGHEST WIND DIRECTION     S (160)
  HIGHEST GUST SPEED    23   HIGHEST GUST DIRECTION     S (160)
  AVERAGE WIND SPEED     6.6


SKY COVER
  POSSIBLE SUNSHINE  MM
  AVERAGE SKY COVER 0.0


WEATHER CONDITIONS
 THE FOLLOWING WEATHER WAS RECORDED YESTERDAY.
  NO SIGNIFICANT WEATHER WAS OBSERVED.


RELATIVE HUMIDITY (PERCENT)
 HIGHEST    85           600 AM
 LOWEST     36           400 PM
 AVERAGE    61

..........................................................


THE JOHNSTOWN CLIMATE NORMALS FOR TODAY
                         NORMAL    RECORD    YEAR
 MAXIMUM TEMPERATURE (F)   58        88      1962
 MINIMUM TEMPERATURE (F)   41        25      1944


SUNRISE AND SUNSET
OCTOBER 16 2019.......SUNRISE   727 AM EDT   SUNSET   634 PM EDT
OCTOBER 17 2019.......SUNRISE   728 AM EDT   SUNSET   633 PM EDT


-  INDICATES NEGATIVE NUMBERS.
R  INDICATES RECORD WAS SET OR TIED.
MM INDICATES DATA IS MISSING.
T  INDICATES TRACE AMOUNT.




$$
