000
CDUS41 KCTP 112127
CLIJST

CLIMATE REPORT
NATIONAL WEATHER SERVICE STATE COLLEGE PA
527 PM EDT TUE AUG 11 2020

...................................

...THE JOHNSTOWN CLIMATE SUMMARY FOR AUGUST 11 2020...
VALID TODAY AS OF 0500 PM LOCAL TIME.

CLIMATE NORMAL PERIOD 1981 TO 2010
CLIMATE RECORD PERIOD 1892 TO 2020


WEATHER ITEM   OBSERVED TIME   RECORD YEAR NORMAL DEPARTURE LAST
                VALUE   (LST)  VALUE       VALUE  FROM      YEAR
                                                  NORMAL
...................................................................
TEMPERATURE (F)
 TODAY
  MAXIMUM         82    359 PM  98    1900  77      5       75
  MINIMUM         65    434 AM  46    1972  60      5       53
  AVERAGE         74                        69      5       64

PRECIPITATION (IN)
  TODAY            0.00          1.55 1929   0.12  -0.12     0.00
  MONTH TO DATE    0.99                      1.36  -0.37     1.46
  SINCE JUN 1      9.83                      9.27   0.56    10.67
  SINCE JAN 1     27.30                     25.91   1.39    26.96

DEGREE DAYS
 HEATING
  TODAY            0                         1     -1        1
  MONTH TO DATE    0                         7     -7        1
  SINCE JUN 1     34                        99    -65       68
  SINCE JUL 1      0                        20    -20        3

 COOLING
  TODAY            9                         4      5        0
  MONTH TO DATE   62                        51     11       51
  SINCE JUN 1    473                       269    204      340
  SINCE JAN 1    498                       293    205      374
...................................................................


WIND (MPH)
  HIGHEST WIND SPEED    12   HIGHEST WIND DIRECTION     W (250)
  HIGHEST GUST SPEED    18   HIGHEST GUST DIRECTION     W (280)
  AVERAGE WIND SPEED     6.4


SKY COVER
  POSSIBLE SUNSHINE  MM
  AVERAGE SKY COVER 0.1


WEATHER CONDITIONS
THE FOLLOWING WEATHER WAS RECORDED TODAY.
  NO SIGNIFICANT WEATHER WAS OBSERVED.


RELATIVE HUMIDITY (PERCENT)
 HIGHEST    73           600 AM
 LOWEST     53          1200 AM
 AVERAGE    63

..........................................................


THE JOHNSTOWN CLIMATE NORMALS FOR TOMORROW
                         NORMAL    RECORD    YEAR
 MAXIMUM TEMPERATURE (F)   77        96      1900
 MINIMUM TEMPERATURE (F)   60        44      1930


SUNRISE AND SUNSET
AUGUST 11 2020........SUNRISE   623 AM EDT   SUNSET   817 PM EDT
AUGUST 12 2020........SUNRISE   624 AM EDT   SUNSET   816 PM EDT


-  INDICATES NEGATIVE NUMBERS.
R  INDICATES RECORD WAS SET OR TIED.
MM INDICATES DATA IS MISSING.
T  INDICATES TRACE AMOUNT.




$$
