000
CDUS41 KCTP 050616
CLIJST

CLIMATE REPORT
NATIONAL WEATHER SERVICE STATE COLLEGE PA
216 AM EDT TUE JUL 05 2022

...................................

...THE JOHNSTOWN CLIMATE SUMMARY FOR JULY 4 2022...

CLIMATE NORMAL PERIOD 1991 TO 2020
CLIMATE RECORD PERIOD 1892 TO 2022


WEATHER ITEM   OBSERVED TIME   RECORD YEAR NORMAL DEPARTURE LAST
                VALUE   (LST)  VALUE       VALUE  FROM      YEAR
                                                  NORMAL
...................................................................
TEMPERATURE (F)
 YESTERDAY
  MAXIMUM         81    346 PM 100    1911  78      3       77
  MINIMUM         56    507 AM  47    1986  61     -5       58
  AVERAGE         69                        69      0       68

PRECIPITATION (IN)
  YESTERDAY        0.00          1.38 1928   0.15  -0.15     0.00
  MONTH TO DATE    0.62                      0.58   0.04     1.29
  SINCE JUN 1      4.64                      4.98  -0.34     3.93
  SINCE JAN 1     22.85                     20.83   2.02    17.05

DEGREE DAYS
 HEATING
  YESTERDAY        0                         1     -1        0
  MONTH TO DATE    0                         4     -4        5
  SINCE JUN 1     59                        63     -4       52
  SINCE JUL 1      0                         4     -4        5

 COOLING
  YESTERDAY        4                         5     -1        3
  MONTH TO DATE   26                        20      6        3
  SINCE JUN 1    130                       111     19      149
  SINCE JAN 1    174                       149     25      190
...................................................................


WIND (MPH)
  HIGHEST WIND SPEED    10   HIGHEST WIND DIRECTION     S (160)
  HIGHEST GUST SPEED    13   HIGHEST GUST DIRECTION     S (160)
  AVERAGE WIND SPEED     4.2


SKY COVER
  POSSIBLE SUNSHINE  MM
  AVERAGE SKY COVER 0.0


WEATHER CONDITIONS
THE FOLLOWING WEATHER WAS RECORDED YESTERDAY.
  NO SIGNIFICANT WEATHER WAS OBSERVED.


RELATIVE HUMIDITY (PERCENT)
 HIGHEST    72           600 AM
 LOWEST     29           100 PM
 AVERAGE    51

..........................................................


THE JOHNSTOWN CLIMATE NORMALS FOR TODAY
                         NORMAL    RECORD    YEAR
 MAXIMUM TEMPERATURE (F)   78       101      1911
 MINIMUM TEMPERATURE (F)   61        44      1940


SUNRISE AND SUNSET
JULY  5 2022..........SUNRISE   551 AM EDT   SUNSET   848 PM EDT
JULY  6 2022..........SUNRISE   552 AM EDT   SUNSET   848 PM EDT


-  INDICATES NEGATIVE NUMBERS.
R  INDICATES RECORD WAS SET OR TIED.
MM INDICATES DATA IS MISSING.
T  INDICATES TRACE AMOUNT.




$$
