000
CDUS41 KCTP 230622
CLIJST


CLIMATE REPORT
NATIONAL WEATHER SERVICE STATE COLLEGE PA
221 AM EDT SUN SEP 23 2018


...................................

...THE JOHNSTOWN CLIMATE SUMMARY FOR SEPTEMBER 22 2018...

CLIMATE NORMAL PERIOD 1981 TO 2010
CLIMATE RECORD PERIOD 1892 TO 2018


WEATHER ITEM   OBSERVED TIME   RECORD YEAR NORMAL DEPARTURE LAST
                VALUE   (LST)  VALUE       VALUE  FROM      YEAR
                                                  NORMAL
..................................................................
TEMPERATURE (F)
 YESTERDAY
  MAXIMUM         67    104 AM  95    1914  66      1       81
  MINIMUM         52   1159 PM  31    1904  49      3       59
  AVERAGE         60                        57      3       70

PRECIPITATION (IN)
  YESTERDAY        T             1.06 1950   0.12  -0.12     0.00
  MONTH TO DATE    7.54                      2.51   5.03     2.05
  SINCE SEP 1      7.54                      2.51   5.03     2.05
  SINCE JAN 1     45.91                     30.86  15.05    36.30

DEGREE DAYS
 HEATING
  YESTERDAY        5                         8     -3        0
  MONTH TO DATE   34                       103    -69       97
  SINCE SEP 1     34                       103    -69       97
  SINCE JUL 1     44                       145   -101      138

 COOLING
  YESTERDAY        0                         0      0        5
  MONTH TO DATE  125                        22    103       32
  SINCE SEP 1    125                        22    103       32
  SINCE JAN 1    665                       382    283      434
..................................................................


WIND (MPH)
  HIGHEST WIND SPEED    17   HIGHEST WIND DIRECTION     N (340)
  HIGHEST GUST SPEED    21   HIGHEST GUST DIRECTION     N (350)
  AVERAGE WIND SPEED     6.8


SKY COVER
  POSSIBLE SUNSHINE  MM
  AVERAGE SKY COVER 0.4


WEATHER CONDITIONS
 THE FOLLOWING WEATHER WAS RECORDED YESTERDAY.
  LIGHT RAIN


RELATIVE HUMIDITY (PERCENT)
 HIGHEST   100          1200 AM
 LOWEST     65           200 PM
 AVERAGE    83

..........................................................


THE JOHNSTOWN CLIMATE NORMALS FOR TODAY
                         NORMAL    RECORD    YEAR
 MAXIMUM TEMPERATURE (F)   66        94      1908
 MINIMUM TEMPERATURE (F)   48        32      1904


SUNRISE AND SUNSET
SEPTEMBER 23 2018.....SUNRISE   704 AM EDT   SUNSET   711 PM EDT
SEPTEMBER 24 2018.....SUNRISE   705 AM EDT   SUNSET   709 PM EDT


-  INDICATES NEGATIVE NUMBERS.
R  INDICATES RECORD WAS SET OR TIED.
MM INDICATES DATA IS MISSING.
T  INDICATES TRACE AMOUNT.




$$
