861
CDUS41 KCTP 150630
CLIJST

CLIMATE REPORT
NATIONAL WEATHER SERVICE STATE COLLEGE PA
230 AM EDT TUE JUN 15 2021

...................................

...THE JOHNSTOWN CLIMATE SUMMARY FOR JUNE 14 2021...

CLIMATE NORMAL PERIOD 1991 TO 2020
CLIMATE RECORD PERIOD 1892 TO 2021


WEATHER ITEM   OBSERVED TIME   RECORD YEAR NORMAL DEPARTURE LAST
                VALUE   (LST)  VALUE       VALUE  FROM      YEAR
                                                  NORMAL
...................................................................
TEMPERATURE (F)
 YESTERDAY
  MAXIMUM         78    147 PM  95    1956  75      3       65
  MINIMUM         57   1040 PM  41    1933  57      0       48
  AVERAGE         68                        66      2       57

PRECIPITATION (IN)
  YESTERDAY        0.03          2.18 1903   0.16  -0.13     0.03
  MONTH TO DATE    1.42                      2.05  -0.63     0.37
  SINCE JUN 1      1.42                      2.05  -0.63     0.37
  SINCE JAN 1     14.54                     17.90  -3.36    17.84

DEGREE DAYS
 HEATING
  YESTERDAY        0                         2     -2        8
  MONTH TO DATE   10                        41    -31       30
  SINCE JUN 1     10                        41    -31       30
  SINCE JUL 1   5993                      6306   -313     5857

 COOLING
  YESTERDAY        3                         3      0        0
  MONTH TO DATE   65                        31     34       57
  SINCE JUN 1     65                        31     34       57
  SINCE JAN 1    106                        69     37       82
...................................................................


WIND (MPH)
  HIGHEST WIND SPEED    18   HIGHEST WIND DIRECTION     N (360)
  HIGHEST GUST SPEED    26   HIGHEST GUST DIRECTION     W (260)
  AVERAGE WIND SPEED     7.2


SKY COVER
  POSSIBLE SUNSHINE  MM
  AVERAGE SKY COVER 0.3


WEATHER CONDITIONS
THE FOLLOWING WEATHER WAS RECORDED YESTERDAY.
  THUNDERSTORM
  LIGHT RAIN
  FOG
  HAZE


RELATIVE HUMIDITY (PERCENT)
 HIGHEST    90          1100 PM
 LOWEST     43           200 PM
 AVERAGE    67

..........................................................


THE JOHNSTOWN CLIMATE NORMALS FOR TODAY
                         NORMAL    RECORD    YEAR
 MAXIMUM TEMPERATURE (F)   75        96      1956
 MINIMUM TEMPERATURE (F)   57        38      1933


SUNRISE AND SUNSET
JUNE 15 2021..........SUNRISE   545 AM EDT   SUNSET   847 PM EDT
JUNE 16 2021..........SUNRISE   545 AM EDT   SUNSET   847 PM EDT


-  INDICATES NEGATIVE NUMBERS.
R  INDICATES RECORD WAS SET OR TIED.
MM INDICATES DATA IS MISSING.
T  INDICATES TRACE AMOUNT.




$$
