000
CDUS43 KGRR 230543
CLIJXN


CLIMATE REPORT
NATIONAL WEATHER SERVICE GRAND RAPIDS, MI
1242 AM EST WED JAN 23 2019


...................................

...THE JACKSON MI CLIMATE SUMMARY FOR JANUARY 22 2019...

CLIMATE NORMAL PERIOD 1981 TO 2010
CLIMATE RECORD PERIOD 1944 TO 9999


WEATHER ITEM   OBSERVED TIME   NORMAL DEPARTURE LAST
                VALUE   (LST)  VALUE  FROM      YEAR
                                      NORMAL
......................................................
TEMPERATURE (F)
 YESTERDAY
  MAXIMUM         34   1159 PM  31      3       53
  MINIMUM          1    124 AM  16    -15       38
  AVERAGE         18            23     -5       46

PRECIPITATION (IN)
  YESTERDAY        0.05          0.05   0.00     0.23
  MONTH TO DATE    0.38          1.14  -0.76     0.64
  SINCE DEC 1      2.71          3.01  -0.30     1.32
  SINCE JAN 1      0.38          1.14  -0.76     0.64

DEGREE DAYS
 HEATING
  YESTERDAY       47            42      5       19
  MONTH TO DATE  849           913    -64      963
  SINCE DEC 1   1852          2057   -205     2185
  SINCE JUL 1   3354          3461   -107     3427

 COOLING
  YESTERDAY        0             0      0        0
  MONTH TO DATE    0             0      0        0
  SINCE DEC 1      0             0      0        0
  SINCE JAN 1      0             0      0        0
......................................................


WIND (MPH)
  RESULTANT WIND SPEED  10   RESULTANT WIND DIRECTION  SE (140)
  HIGHEST WIND SPEED    20   HIGHEST WIND DIRECTION    SE (140)
  HIGHEST GUST SPEED    28   HIGHEST GUST DIRECTION    SE (150)
  AVERAGE WIND SPEED    10.6


SKY COVER
  AVERAGE SKY COVER 0.7


WEATHER CONDITIONS
 THE FOLLOWING WEATHER WAS RECORDED YESTERDAY.
  LT FREEZING RAIN
  FOG


RELATIVE HUMIDITY (PERCENT)
 HIGHEST    92           700 PM
 LOWEST     49          1200 PM
 AVERAGE    71

..........................................................


THE JACKSON MI CLIMATE NORMALS FOR TODAY
                         NORMAL
 MAXIMUM TEMPERATURE (F)   31
 MINIMUM TEMPERATURE (F)   16


SUNRISE AND SUNSET
JANUARY 23 2019.......SUNRISE   759 AM EST   SUNSET   540 PM EST
JANUARY 24 2019.......SUNRISE   759 AM EST   SUNSET   542 PM EST


-  INDICATES NEGATIVE NUMBERS.
R  INDICATES RECORD WAS SET OR TIED.
MM INDICATES DATA IS MISSING.
T  INDICATES TRACE AMOUNT.




$$
