000
CDUS43 KGRR 210524
CLIJXN


CLIMATE REPORT
NATIONAL WEATHER SERVICE GRAND RAPIDS, MI
124 AM EDT SUN OCT 21 2018


...................................

...THE JACKSON MI CLIMATE SUMMARY FOR OCTOBER 20 2018...

CLIMATE NORMAL PERIOD 1981 TO 2010
CLIMATE RECORD PERIOD 1944 TO 9999


WEATHER ITEM   OBSERVED TIME   NORMAL DEPARTURE LAST
                VALUE   (LST)  VALUE  FROM      YEAR
                                      NORMAL
......................................................
TEMPERATURE (F)
 YESTERDAY
  MAXIMUM         56   1211 PM  59     -3       74
  MINIMUM         35   1159 PM  39     -4       37
  AVERAGE         46            49     -3       56

PRECIPITATION (IN)
  YESTERDAY        0.19          0.08   0.11     0.00
  MONTH TO DATE    2.10          1.78   0.32     6.05
  SINCE SEP 1      6.89          5.26   1.63     6.78
  SINCE JAN 1     30.53         26.18   4.35    29.84

DEGREE DAYS
 HEATING
  YESTERDAY       19            16      3        9
  MONTH TO DATE  236           265    -29      118
  SINCE SEP 1    337           418    -81      227
  SINCE JUL 1    337           453   -116      254

 COOLING
  YESTERDAY        0             0      0        0
  MONTH TO DATE   28             3     25       15
  SINCE SEP 1    171            60    111      128
  SINCE JAN 1    938           589    349      655
......................................................


WIND (MPH)
  RESULTANT WIND SPEED   9   RESULTANT WIND DIRECTION   W (260)
  HIGHEST WIND SPEED    37   HIGHEST WIND DIRECTION     W (260)
  HIGHEST GUST SPEED    56   HIGHEST GUST DIRECTION     W (250)
  AVERAGE WIND SPEED    11.3


SKY COVER
  AVERAGE SKY COVER 0.6


WEATHER CONDITIONS
 THE FOLLOWING WEATHER WAS RECORDED YESTERDAY.
  THUNDERSTORM
  HEAVY RAIN
  RAIN
  LIGHT RAIN
  FOG
  HAZE


RELATIVE HUMIDITY (PERCENT)
 HIGHEST   100          1200 AM
 LOWEST     59          1200 PM
 AVERAGE    80

..........................................................


THE JACKSON MI CLIMATE NORMALS FOR TODAY
                         NORMAL
 MAXIMUM TEMPERATURE (F)   59
 MINIMUM TEMPERATURE (F)   39


SUNRISE AND SUNSET
OCTOBER 21 2018.......SUNRISE   758 AM EDT   SUNSET   647 PM EDT
OCTOBER 22 2018.......SUNRISE   759 AM EDT   SUNSET   645 PM EDT


-  INDICATES NEGATIVE NUMBERS.
R  INDICATES RECORD WAS SET OR TIED.
MM INDICATES DATA IS MISSING.
T  INDICATES TRACE AMOUNT.




$$
