000
CDUS43 KGRR 220517
CLIJXN


CLIMATE REPORT
NATIONAL WEATHER SERVICE GRAND RAPIDS, MI
117 AM EDT TUE OCT 22 2019


...................................

...THE JACKSON MI CLIMATE SUMMARY FOR OCTOBER 21 2019...

CLIMATE NORMAL PERIOD 1981 TO 2010
CLIMATE RECORD PERIOD 1944 TO 9999


WEATHER ITEM   OBSERVED TIME   NORMAL DEPARTURE LAST
                VALUE   (LST)  VALUE  FROM      YEAR
                                      NORMAL
......................................................
TEMPERATURE (F)
 YESTERDAY
  MAXIMUM         62    805 PM  59      3       45
  MINIMUM         48    101 AM  39      9       28
  AVERAGE         55            49      6       37

PRECIPITATION (IN)
  YESTERDAY        0.30          0.07   0.23     0.00
  MONTH TO DATE    1.89          1.85   0.04     2.10
  SINCE SEP 1      6.97          5.33   1.64     6.89
  SINCE JAN 1     28.88         26.25   2.63    30.53

DEGREE DAYS
 HEATING
  YESTERDAY       10            16     -6       28
  MONTH TO DATE  246           281    -35      264
  SINCE SEP 1    289           434   -145      365
  SINCE JUL 1    302           469   -167      365

 COOLING
  YESTERDAY        0             0      0        0
  MONTH TO DATE   13             3     10       28
  SINCE SEP 1    104            60     44      171
  SINCE JAN 1    663           589     74      938
......................................................


WIND (MPH)
  RESULTANT WIND SPEED   9   RESULTANT WIND DIRECTION   E (110)
  HIGHEST WIND SPEED    25   HIGHEST WIND DIRECTION    SW (230)
  HIGHEST GUST SPEED    38   HIGHEST GUST DIRECTION    SW (220)
  AVERAGE WIND SPEED    11.0


SKY COVER
  AVERAGE SKY COVER 0.9


WEATHER CONDITIONS
 THE FOLLOWING WEATHER WAS RECORDED YESTERDAY.
  HEAVY RAIN
  RAIN
  LIGHT RAIN
  FOG


RELATIVE HUMIDITY (PERCENT)
 HIGHEST    93           100 AM
 LOWEST     66           400 AM
 AVERAGE    80

..........................................................


THE JACKSON MI CLIMATE NORMALS FOR TODAY
                         NORMAL
 MAXIMUM TEMPERATURE (F)   58
 MINIMUM TEMPERATURE (F)   39


SUNRISE AND SUNSET
OCTOBER 22 2019.......SUNRISE   759 AM EDT   SUNSET   646 PM EDT
OCTOBER 23 2019.......SUNRISE   800 AM EDT   SUNSET   644 PM EDT


-  INDICATES NEGATIVE NUMBERS.
R  INDICATES RECORD WAS SET OR TIED.
MM INDICATES DATA IS MISSING.
T  INDICATES TRACE AMOUNT.




$$
