000
CDUS43 KGRR 040540
CLIJXN


CLIMATE REPORT
NATIONAL WEATHER SERVICE GRAND RAPIDS, MI
139 AM EDT THU JUN 4 2020


...................................

...THE JACKSON MI CLIMATE SUMMARY FOR JUNE 3 2020...

CLIMATE NORMAL PERIOD 1981 TO 2010
CLIMATE RECORD PERIOD 1944 TO 9999


WEATHER ITEM   OBSERVED TIME   NORMAL DEPARTURE LAST
                VALUE   (LST)  VALUE  FROM      YEAR
                                      NORMAL
......................................................
TEMPERATURE (F)
 YESTERDAY
  MAXIMUM         81    411 PM  75      6       67
  MINIMUM         60   1159 PM  52      8       44
  AVERAGE         71            64      7       56

PRECIPITATION (IN)
  YESTERDAY        0.00          0.11  -0.11     0.00
  MONTH TO DATE    T             0.31  -0.31     0.79
  SINCE JUN 1      T             0.31  -0.31     0.79
  SINCE JAN 1     15.25         10.91   4.34    12.80

DEGREE DAYS
 HEATING
  YESTERDAY        0             4     -4        9
  MONTH TO DATE   10            12     -2       16
  SINCE JUN 1     10            12     -2       16
  SINCE JUL 1   6240          6614   -374     6652

 COOLING
  YESTERDAY        6             2      4        0
  MONTH TO DATE   16             6     10        2
  SINCE JUN 1     16             6     10        2
  SINCE JAN 1     61            43     18       12
......................................................


WIND (MPH)
  RESULTANT WIND SPEED   8   RESULTANT WIND DIRECTION   W (250)
  HIGHEST WIND SPEED    22   HIGHEST WIND DIRECTION     W (290)
  HIGHEST GUST SPEED    32   HIGHEST GUST DIRECTION     W (280)
  AVERAGE WIND SPEED     8.9


SKY COVER
  AVERAGE SKY COVER 0.0


WEATHER CONDITIONS
 THE FOLLOWING WEATHER WAS RECORDED YESTERDAY.
  NO SIGNIFICANT WEATHER WAS OBSERVED.


RELATIVE HUMIDITY (PERCENT)
 HIGHEST    84          1000 PM
 LOWEST     42           400 PM
 AVERAGE    63

..........................................................


THE JACKSON MI CLIMATE NORMALS FOR TODAY
                         NORMAL
 MAXIMUM TEMPERATURE (F)   75
 MINIMUM TEMPERATURE (F)   53


SUNRISE AND SUNSET
JUNE  4 2020..........SUNRISE   603 AM EDT   SUNSET   910 PM EDT
JUNE  5 2020..........SUNRISE   602 AM EDT   SUNSET   911 PM EDT


-  INDICATES NEGATIVE NUMBERS.
R  INDICATES RECORD WAS SET OR TIED.
MM INDICATES DATA IS MISSING.
T  INDICATES TRACE AMOUNT.




$$
