000
CDUS43 KGRR 160519
CLIJXN


CLIMATE REPORT
NATIONAL WEATHER SERVICE GRAND RAPIDS, MI
119 AM EDT THU AUG 16 2018


...................................

...THE JACKSON MI CLIMATE SUMMARY FOR AUGUST 15 2018...

CLIMATE NORMAL PERIOD 1981 TO 2010
CLIMATE RECORD PERIOD 1944 TO 9999


WEATHER ITEM   OBSERVED TIME   NORMAL DEPARTURE LAST
                VALUE   (LST)  VALUE  FROM      YEAR
                                      NORMAL
......................................................
TEMPERATURE (F)
 YESTERDAY
  MAXIMUM         88    407 PM  80      8       MM
  MINIMUM         64    311 AM  59      5       MM
  AVERAGE         76            70      6       MM

PRECIPITATION (IN)
  YESTERDAY        0.00          0.11  -0.11    MM
  MONTH TO DATE    0.96          1.72  -0.76     1.25
  SINCE JUN 1      4.96          8.57  -3.61     4.73
  SINCE JAN 1     22.40         19.17   3.23    22.70

DEGREE DAYS
 HEATING
  YESTERDAY        0             1     -1       MM
  MONTH TO DATE    0            11    -11        2
  SINCE JUN 1     14            77    -63       33
  SINCE JUL 1      0            22    -22        2

 COOLING
  YESTERDAY       11             6      5       MM
  MONTH TO DATE  140            90     50       56
  SINCE JUN 1    544           418    126      442
  SINCE JAN 1    651           455    196      478
......................................................


WIND (MPH)
  RESULTANT WIND SPEED   5   RESULTANT WIND DIRECTION   S (190)
  HIGHEST WIND SPEED    16   HIGHEST WIND DIRECTION     S (180)
  HIGHEST GUST SPEED    20   HIGHEST GUST DIRECTION     S (170)
  AVERAGE WIND SPEED     6.0


SKY COVER
  AVERAGE SKY COVER 0.1


WEATHER CONDITIONS
 THE FOLLOWING WEATHER WAS RECORDED YESTERDAY.
  NO SIGNIFICANT WEATHER WAS OBSERVED.


RELATIVE HUMIDITY (PERCENT)
 HIGHEST   100           300 AM
 LOWEST     50           300 PM
 AVERAGE    75

..........................................................


THE JACKSON MI CLIMATE NORMALS FOR TODAY
                         NORMAL
 MAXIMUM TEMPERATURE (F)   80
 MINIMUM TEMPERATURE (F)   59


SUNRISE AND SUNSET
AUGUST 16 2018........SUNRISE   646 AM EDT   SUNSET   837 PM EDT
AUGUST 17 2018........SUNRISE   647 AM EDT   SUNSET   836 PM EDT


-  INDICATES NEGATIVE NUMBERS.
R  INDICATES RECORD WAS SET OR TIED.
MM INDICATES DATA IS MISSING.
T  INDICATES TRACE AMOUNT.




$$
