000
CDUS43 KGRR 310530
CLIJXN


CLIMATE REPORT
NATIONAL WEATHER SERVICE GRAND RAPIDS, MI
130 AM EDT SAT OCT 31 2020


...................................

...THE JACKSON MI CLIMATE SUMMARY FOR OCTOBER 30 2020...

CLIMATE NORMAL PERIOD 1981 TO 2010
CLIMATE RECORD PERIOD 1944 TO 9999


WEATHER ITEM   OBSERVED TIME   NORMAL DEPARTURE LAST
                VALUE   (LST)  VALUE  FROM      YEAR
                                      NORMAL
......................................................
TEMPERATURE (F)
 YESTERDAY
  MAXIMUM         40   1254 PM  55    -15       43
  MINIMUM         33   1151 PM  37     -4       38
  AVERAGE         37            46     -9       41

PRECIPITATION (IN)
  YESTERDAY        0.00          0.07  -0.07     0.56
  MONTH TO DATE    1.95          2.55  -0.60     3.91
  SINCE SEP 1      5.18          6.03  -0.85     8.99
  SINCE JAN 1     29.77         26.95   2.82    30.90

DEGREE DAYS
 HEATING
  YESTERDAY       28            19      9       24
  MONTH TO DATE  485           441     44      407
  SINCE SEP 1    626           594     32      450
  SINCE JUL 1    637           629      8      463

 COOLING
  YESTERDAY        0             0      0        0
  MONTH TO DATE    0             3     -3       13
  SINCE SEP 1     31            60    -29      104
  SINCE JAN 1    639           589     50      663
......................................................


WIND (MPH)
  RESULTANT WIND SPEED   5   RESULTANT WIND DIRECTION  NW (320)
  HIGHEST WIND SPEED    13   HIGHEST WIND DIRECTION    NW (300)
  HIGHEST GUST SPEED    20   HIGHEST GUST DIRECTION    NW (320)
  AVERAGE WIND SPEED     6.0


SKY COVER
  AVERAGE SKY COVER 1.0


WEATHER CONDITIONS
 THE FOLLOWING WEATHER WAS RECORDED YESTERDAY.
  NO SIGNIFICANT WEATHER WAS OBSERVED.


RELATIVE HUMIDITY (PERCENT)
 HIGHEST    82           300 AM
 LOWEST     48          1200 PM
 AVERAGE    65

..........................................................


THE JACKSON MI CLIMATE NORMALS FOR TODAY
                         NORMAL
 MAXIMUM TEMPERATURE (F)   55
 MINIMUM TEMPERATURE (F)   37


SUNRISE AND SUNSET
OCTOBER 31 2020.......SUNRISE   810 AM EDT   SUNSET   632 PM EDT
NOVEMBER  1 2020......SUNRISE   712 AM EST   SUNSET   531 PM EST


-  INDICATES NEGATIVE NUMBERS.
R  INDICATES RECORD WAS SET OR TIED.
MM INDICATES DATA IS MISSING.
T  INDICATES TRACE AMOUNT.




$$
