000
CDUS43 KGRR 220525
CLIJXN


CLIMATE REPORT
NATIONAL WEATHER SERVICE GRAND RAPIDS, MI
122 AM EDT TUE MAY 22 2018


...................................

...THE JACKSON MI CLIMATE SUMMARY FOR MAY 21 2018...

CLIMATE NORMAL PERIOD 1981 TO 2010
CLIMATE RECORD PERIOD 1944 TO 9999


WEATHER ITEM   OBSERVED TIME   NORMAL DEPARTURE LAST
                VALUE   (LST)  VALUE  FROM      YEAR
                                      NORMAL
......................................................
TEMPERATURE (F)
 YESTERDAY
  MAXIMUM         64   1222 PM  71     -7       72
  MINIMUM         52   1159 PM  48      4       53
  AVERAGE         58            59     -1       63

PRECIPITATION (IN)
  YESTERDAY        0.45          0.12   0.33     1.04
  MONTH TO DATE    6.34          2.20   4.14     3.45
  SINCE MAR 1     11.29          6.71   4.58    12.27
  SINCE JAN 1     16.35          9.49   6.86    17.21

DEGREE DAYS
 HEATING
  YESTERDAY        7             7      0        2
  MONTH TO DATE   87           201   -114      223
  SINCE MAR 1   1782          1633    149     1493
  SINCE JUL 1   6486          6547    -61     5501

 COOLING
  YESTERDAY        0             1     -1        0
  MONTH TO DATE   22            14      8       25
  SINCE MAR 1     22            20      2       32
  SINCE JAN 1     22            20      2       32
......................................................


WIND (MPH)
  RESULTANT WIND SPEED   7   RESULTANT WIND DIRECTION   E (80)
  HIGHEST WIND SPEED    14   HIGHEST WIND DIRECTION     E (80)
  HIGHEST GUST SPEED    19   HIGHEST GUST DIRECTION     E (80)
  AVERAGE WIND SPEED     7.3


SKY COVER
  AVERAGE SKY COVER 0.7


WEATHER CONDITIONS
 THE FOLLOWING WEATHER WAS RECORDED YESTERDAY.
  HEAVY RAIN
  RAIN
  LIGHT RAIN
  FOG
  HAZE


RELATIVE HUMIDITY (PERCENT)
 HIGHEST   100           500 AM
 LOWEST     48          1100 AM
 AVERAGE    74

..........................................................


THE JACKSON MI CLIMATE NORMALS FOR TODAY
                         NORMAL
 MAXIMUM TEMPERATURE (F)   71
 MINIMUM TEMPERATURE (F)   48


SUNRISE AND SUNSET
MAY 22 2018...........SUNRISE   610 AM EDT   SUNSET   859 PM EDT
MAY 23 2018...........SUNRISE   610 AM EDT   SUNSET   900 PM EDT


-  INDICATES NEGATIVE NUMBERS.
R  INDICATES RECORD WAS SET OR TIED.
MM INDICATES DATA IS MISSING.
T  INDICATES TRACE AMOUNT.




$$
