000
CDAK47 PAJK 131235
CLIKTN
CLIMATE REPORT
NATIONAL WEATHER SERVICE JUNEAU, AK
433 AM AKDT SUN OCT 13 2019


...................................

...THE KETCHIKAN  CLIMATE SUMMARY FOR OCTOBER 12 2019...

CLIMATE NORMAL PERIOD 1981 TO 2010
CLIMATE RECORD PERIOD 1910 TO 2019


WEATHER ITEM   OBSERVED RECORD YEAR NORMAL DEPARTURE LAST
                VALUE   VALUE       VALUE  FROM      YEAR
                                           NORMAL
...........................................................
TEMPERATURE (F)
 YESTERDAY
  MAXIMUM         51     60    1957  51      0       57
  MINIMUM         41     28    2009  41      0       41
  AVERAGE         46                 47     -1       49

PRECIPITATION (IN)
  YESTERDAY        0.26   5.13 1912   0.82  -0.56     0.00
  MONTH TO DATE    3.79               6.50  -2.71     3.01
  SINCE JAN 1     88.02              97.67  -9.65    71.36

DEGREE DAYS
 HEATING
  YESTERDAY       19                 18      1       16
  MONTH TO DATE  221                203     18      197
  SINCE SEP 1    511                578    -67      523

 COOLING
  YESTERDAY        0                  0      0        0
  MONTH TO DATE    0                  0      0        0
  SINCE SEP 1      0                  0      0        0
...........................................................


WIND (MPH)
  HIGHEST WIND SPEED    12   HIGHEST WIND DIRECTION    SE (130)
  HIGHEST GUST SPEED    26   HIGHEST GUST DIRECTION    NW (330)
  AVERAGE WIND SPEED     6.0


SKY COVER
  AVERAGE SKY COVER 1.0


WEATHER CONDITIONS
 THE FOLLOWING WEATHER WAS RECORDED YESTERDAY.
  LIGHT RAIN
  FOG


..........................................................


THE KETCHIKAN  CLIMATE NORMALS FOR TODAY
                         NORMAL    RECORD    YEAR
 MAXIMUM TEMPERATURE (F)   52        65      1923
 MINIMUM TEMPERATURE (F)   41        31      1926


SUNRISE AND SUNSET
OCTOBER 13 2019.......SUNRISE   713 AM AKDT  SUNSET   552 PM AKDT
OCTOBER 14 2019.......SUNRISE   715 AM AKDT  SUNSET   550 PM AKDT


-  INDICATES NEGATIVE NUMBERS.
R  INDICATES RECORD WAS SET OR TIED.
MM INDICATES DATA IS MISSING.
T  INDICATES TRACE AMOUNT.




$$
--------------------------------------------------------------

AMOUNT OF DAYLIGHT TODAY (HOUR:MIN)......... 10 HOURS 39 MINUTES
GAIN/LOSS SINCE YESTERDAY (HOUR:MIN:SEC).... -0:04:27

$$
