000
CDAK47 PAJK 211250
CLIKTN
NATIONAL WEATHER SERVICE JUNEAU AK
343 AM AKDT WED OCT 21 2020

...................................

...THE KETCHIKAN  CLIMATE SUMMARY FOR OCTOBER 20 2020...

CLIMATE NORMAL PERIOD: 1981 TO 2010
CLIMATE RECORD PERIOD: 1910 TO 2020


WEATHER ITEM   OBSERVED RECORD YEAR NORMAL DEPARTURE LAST
                VALUE   VALUE       VALUE  FROM      YEAR
                                           NORMAL
............................................................
TEMPERATURE (F)
 YESTERDAY
  MAXIMUM         46     65    1938  50     -4       50
  MINIMUM         37     28    2004  39     -2       36
  AVERAGE         42                 46     -4       43

PRECIPITATION (IN)
  YESTERDAY        0.06   5.38 2015   0.45  -0.39     0.17
  MONTH TO DATE    3.52              11.31  -7.79    15.91
  SINCE JAN 1    109.78             102.48   7.30   100.14

DEGREE DAYS
 HEATING
  YESTERDAY       23                 19      4       22
  MONTH TO DATE  362                356      6      379
  SINCE SEP 1    620                731   -111      669
............................................................


WIND (MPH)
  HIGHEST WIND SPEED     9   HIGHEST WIND DIRECTION    NW (320)
  HIGHEST GUST SPEED    14   HIGHEST GUST DIRECTION    NW (300)
  AVERAGE WIND SPEED     3.1


SKY COVER
  AVERAGE SKY COVER 0.6


WEATHER CONDITIONS
THE FOLLOWING WEATHER WAS RECORDED YESTERDAY.
  RAIN
  LIGHT RAIN
  FOG

..........................................................


THE KETCHIKAN  CLIMATE NORMALS FOR TODAY
                         NORMAL    RECORD    YEAR
 MAXIMUM TEMPERATURE (F)   51        62      1957
 MINIMUM TEMPERATURE (F)   39        24      1933


SUNRISE AND SUNSET
OCTOBER 21 2020.......SUNRISE   7:30 AM AKDT  SUNSET   5:31 PM AKDT
OCTOBER 22 2020.......SUNRISE   7:32 AM AKDT  SUNSET   5:29 PM AKDT


-  INDICATES NEGATIVE NUMBERS.
R  INDICATES RECORD WAS SET OR TIED.
MM INDICATES DATA IS MISSING.
T  INDICATES TRACE AMOUNT.




$$

--------------------------------------------------------------

AMOUNT OF DAYLIGHT TODAY (HOUR:MIN)......... 10 HOURS 00 MINUTES
GAIN/LOSS SINCE YESTERDAY (HOUR:MIN:SEC).... -0:04:22

$$
