000
CDUS43 KIND 180533
CLILAF


CLIMATE REPORT
NATIONAL WEATHER SERVICE INDIANAPOLIS IN
132 AM EDT FRI OCT 18 2019


...................................

...THE LAFAYETTE IN CLIMATE SUMMARY FOR OCTOBER 17 2019...

CLIMATE NORMAL PERIOD 1981 TO 2010
CLIMATE RECORD PERIOD 9999 TO 9999


WEATHER ITEM   OBSERVED TIME   NORMAL DEPARTURE LAST
                VALUE   (LST)  VALUE  FROM      YEAR
                                      NORMAL
......................................................
TEMPERATURE (F)
 YESTERDAY
  MAXIMUM         58    408 PM  65     -7       52
  MINIMUM         35    704 AM  43     -8       33
  AVERAGE         47            54     -7       43

PRECIPITATION (IN)
  YESTERDAY        0.00          0.08  -0.08     0.00
  MONTH TO DATE    0.34          1.59  -1.25     4.04
  SINCE SEP 1      2.64          4.25  -1.61     6.94
  SINCE JAN 1     33.00         29.80   3.20    36.15

DEGREE DAYS
 HEATING
  YESTERDAY       18            11      7       22
  MONTH TO DATE  149           156     -7      143
  SINCE SEP 1    156           235    -79      193
  SINCE JUL 1    156           241    -85      195

 COOLING
  YESTERDAY        0             0      0        0
  MONTH TO DATE   25            13     12       54
  SINCE SEP 1    211           126     85      247
  SINCE JAN 1   1052           978     74     1187
......................................................


WIND (MPH)
  HIGHEST WIND SPEED    13   HIGHEST WIND DIRECTION    NW (330)
  HIGHEST GUST SPEED    20   HIGHEST GUST DIRECTION     N (350)
  AVERAGE WIND SPEED     5.3


SKY COVER
  AVERAGE SKY COVER 0.2


WEATHER CONDITIONS
 THE FOLLOWING WEATHER WAS RECORDED YESTERDAY.
  NO SIGNIFICANT WEATHER WAS OBSERVED.


RELATIVE HUMIDITY (PERCENT)
 HIGHEST   100           400 AM
 LOWEST     43           300 PM
 AVERAGE    72

..........................................................


THE LAFAYETTE IN CLIMATE NORMALS FOR TODAY
                         NORMAL
 MAXIMUM TEMPERATURE (F)   64
 MINIMUM TEMPERATURE (F)   43


SUNRISE AND SUNSET
OCTOBER 18 2019.......SUNRISE   802 AM EDT   SUNSET   704 PM EDT
OCTOBER 19 2019.......SUNRISE   803 AM EDT   SUNSET   702 PM EDT


-  INDICATES NEGATIVE NUMBERS.
R  INDICATES RECORD WAS SET OR TIED.
MM INDICATES DATA IS MISSING.
T  INDICATES TRACE AMOUNT.




$$
