000
CDUS43 KIND 250631
CLILAF

CLIMATE REPORT
NATIONAL WEATHER SERVICE INDIANAPOLIS IN
131 AM EST TUE FEB 25 2020

...................................

...THE LAFAYETTE IN CLIMATE SUMMARY FOR FEBRUARY 24 2020...

CLIMATE NORMAL PERIOD 1981 TO 2010
CLIMATE RECORD PERIOD 9999 TO 9999


WEATHER ITEM   OBSERVED TIME   NORMAL DEPARTURE LAST
                VALUE   (LST)  VALUE  FROM      YEAR
                                      NORMAL
.......................................................
TEMPERATURE (F)
 YESTERDAY
  MAXIMUM         45    408 PM  42      3       56
  MINIMUM         36   1218 AM  25     11       20
  AVERAGE         41            33      8       38

PRECIPITATION (IN)
  YESTERDAY        0.19          0.08   0.11     0.04
  MONTH TO DATE    1.74          1.46   0.28     1.62
  SINCE DEC 1      7.96          5.83   2.13     7.19
  SINCE JAN 1      5.59          3.32   2.27     4.08

DEGREE DAYS
 HEATING
  YESTERDAY       24            32     -8       27
  MONTH TO DATE  797           841    -44      810
  SINCE DEC 1   2682          3108   -426     3030
  SINCE JUL 1   3895          4209   -314     4367

 COOLING
  YESTERDAY        0             0      0        0
  MONTH TO DATE    0             0      0        0
  SINCE DEC 1      0             0      0        0
  SINCE JAN 1      0             0      0        0
.......................................................


WIND (MPH)
  HIGHEST WIND SPEED    16   HIGHEST WIND DIRECTION    NE (50)
  HIGHEST GUST SPEED    22   HIGHEST GUST DIRECTION    NE (50)
  AVERAGE WIND SPEED     6.5


SKY COVER
  AVERAGE SKY COVER 0.7


WEATHER CONDITIONS
THE FOLLOWING WEATHER WAS RECORDED YESTERDAY.
  RAIN
  LIGHT RAIN
  FOG


RELATIVE HUMIDITY (PERCENT)
 HIGHEST   100           600 AM
 LOWEST     82           300 AM
 AVERAGE    91

..........................................................


THE LAFAYETTE IN CLIMATE NORMALS FOR TODAY
                         NORMAL    RECORD    YEAR
 MAXIMUM TEMPERATURE (F)   42        MM        MM
 MINIMUM TEMPERATURE (F)   25        MM        MM


SUNRISE AND SUNSET
FEBRUARY 25 2020......SUNRISE   728 AM EST   SUNSET   634 PM EST
FEBRUARY 26 2020......SUNRISE   727 AM EST   SUNSET   635 PM EST


-  INDICATES NEGATIVE NUMBERS.
R  INDICATES RECORD WAS SET OR TIED.
MM INDICATES DATA IS MISSING.
T  INDICATES TRACE AMOUNT.




$$
