000
CDUS43 KIND 210532
CLILAF


CLIMATE REPORT
NATIONAL WEATHER SERVICE INDIANAPOLIS IN
132 AM EDT FRI SEP 21 2018


...................................

...THE LAFAYETTE IN CLIMATE SUMMARY FOR SEPTEMBER 20 2018...

CLIMATE NORMAL PERIOD 1981 TO 2010
CLIMATE RECORD PERIOD 9999 TO 9999


WEATHER ITEM   OBSERVED TIME   NORMAL DEPARTURE LAST
                VALUE   (LST)  VALUE  FROM      YEAR
                                      NORMAL
......................................................
TEMPERATURE (F)
 YESTERDAY
  MAXIMUM         92    216 PM  76     16       89
  MINIMUM         67    429 AM  53     14       62
  AVERAGE         80            64     16       76

PRECIPITATION (IN)
  YESTERDAY        0.00          0.08  -0.08     0.00
  MONTH TO DATE    2.13          1.77   0.36     1.46
  SINCE SEP 1      2.13          1.77   0.36     1.46
  SINCE JAN 1     31.34         27.32   4.02    37.85

DEGREE DAYS
 HEATING
  YESTERDAY        0             3     -3        0
  MONTH TO DATE    9            30    -21       54
  SINCE SEP 1      9            30    -21       54
  SINCE JUL 1     11            36    -25       63

 COOLING
  YESTERDAY       15             3     12       11
  MONTH TO DATE  175            93     82       60
  SINCE SEP 1    175            93     82       60
  SINCE JAN 1   1115           945    170      733
......................................................


WIND (MPH)
  HIGHEST WIND SPEED    15   HIGHEST WIND DIRECTION     S (190)
  HIGHEST GUST SPEED    23   HIGHEST GUST DIRECTION     S (190)
  AVERAGE WIND SPEED     5.8


SKY COVER
  AVERAGE SKY COVER 0.1


WEATHER CONDITIONS
 THE FOLLOWING WEATHER WAS RECORDED YESTERDAY.
  FOG


RELATIVE HUMIDITY (PERCENT)
 HIGHEST    97           200 AM
 LOWEST     47           600 PM
 AVERAGE    72

..........................................................


THE LAFAYETTE IN CLIMATE NORMALS FOR TODAY
                         NORMAL
 MAXIMUM TEMPERATURE (F)   76
 MINIMUM TEMPERATURE (F)   52


SUNRISE AND SUNSET
SEPTEMBER 21 2018.....SUNRISE   734 AM EDT   SUNSET   746 PM EDT
SEPTEMBER 22 2018.....SUNRISE   735 AM EDT   SUNSET   745 PM EDT


-  INDICATES NEGATIVE NUMBERS.
R  INDICATES RECORD WAS SET OR TIED.
MM INDICATES DATA IS MISSING.
T  INDICATES TRACE AMOUNT.




$$
