000
CDUS43 KIND 210543
CLILAF

CLIMATE REPORT
NATIONAL WEATHER SERVICE INDIANAPOLIS IN
143 AM EDT WED OCT 21 2020

...................................

...THE LAFAYETTE IN CLIMATE SUMMARY FOR OCTOBER 20 2020...

CLIMATE NORMAL PERIOD 1981 TO 2010
CLIMATE RECORD PERIOD 9999 TO 9999


WEATHER ITEM   OBSERVED TIME   NORMAL DEPARTURE LAST
                VALUE   (LST)  VALUE  FROM      YEAR
                                      NORMAL
.......................................................
TEMPERATURE (F)
 YESTERDAY
  MAXIMUM         59   1159 PM  64     -5       69
  MINIMUM         45    802 AM  42      3       50
  AVERAGE         52            53     -1       60

PRECIPITATION (IN)
  YESTERDAY        1.29          0.09   1.20     0.00
  MONTH TO DATE    1.92          1.87   0.05     0.34
  SINCE SEP 1      4.11          4.53  -0.42     2.64
  SINCE JAN 1     26.76         30.08  -3.32    33.00

DEGREE DAYS
 HEATING
  YESTERDAY       13            12      1        5
  MONTH TO DATE  178           192    -14      183
  SINCE SEP 1    225           271    -46      190
  SINCE JUL 1    225           277    -52      190

 COOLING
  YESTERDAY        0             0      0        0
  MONTH TO DATE   18            13      5       25
  SINCE SEP 1    151           126     25      211
  SINCE JAN 1   1264           978    286     1052
.......................................................


WIND (MPH)
  HIGHEST WIND SPEED    21   HIGHEST WIND DIRECTION     E (110)
  HIGHEST GUST SPEED    31   HIGHEST GUST DIRECTION     E (110)
  AVERAGE WIND SPEED     9.2


SKY COVER
  AVERAGE SKY COVER 0.9


WEATHER CONDITIONS
THE FOLLOWING WEATHER WAS RECORDED YESTERDAY.
  THUNDERSTORM
  HEAVY RAIN
  RAIN
  LIGHT RAIN
  FOG


RELATIVE HUMIDITY (PERCENT)
 HIGHEST   100          1100 PM
 LOWEST     69           100 PM
 AVERAGE    85

..........................................................


THE LAFAYETTE IN CLIMATE NORMALS FOR TODAY
                         NORMAL    RECORD    YEAR
 MAXIMUM TEMPERATURE (F)   63        MM        MM
 MINIMUM TEMPERATURE (F)   42        MM        MM


SUNRISE AND SUNSET
OCTOBER 21 2020.......SUNRISE   806 AM EDT   SUNSET   658 PM EDT
OCTOBER 22 2020.......SUNRISE   807 AM EDT   SUNSET   657 PM EDT


-  INDICATES NEGATIVE NUMBERS.
R  INDICATES RECORD WAS SET OR TIED.
MM INDICATES DATA IS MISSING.
T  INDICATES TRACE AMOUNT.




$$
