000
CDUS43 KGRR 210540
CLILAN


CLIMATE REPORT
NATIONAL WEATHER SERVICE GRAND RAPIDS, MI
139 AM EDT MON OCT 21 2019


...................................

...THE LANSING MI CLIMATE SUMMARY FOR OCTOBER 20 2019...

CLIMATE NORMAL PERIOD 1981 TO 2010
CLIMATE RECORD PERIOD 1864 TO 2019


WEATHER ITEM   OBSERVED TIME   RECORD YEAR NORMAL DEPARTURE LAST
                VALUE   (LST)  VALUE       VALUE  FROM      YEAR
                                                  NORMAL
..................................................................
TEMPERATURE (F)
 YESTERDAY
  MAXIMUM         68    343 PM  82    1953  58     10       55
                                      1920
  MINIMUM         47   1054 PM  17    1972  40      7       35
  AVERAGE         58                        49      9       45

PRECIPITATION (IN)
  YESTERDAY        T             2.61 1877   0.08  -0.08     0.08
  MONTH TO DATE    3.66                      1.66   2.00     4.60
  SINCE SEP 1      7.09                      5.16   1.93     8.51
  SINCE JAN 1     31.35                     26.25   5.10    32.56

SNOWFALL (IN)
  YESTERDAY        0.0           1.2  1992   0.0    0.0      0.0
  MONTH TO DATE    0.0                       0.2   -0.2      0.0
  SINCE SEP 1      0.0                       0.2   -0.2      0.0
  SINCE JUL 1      0.0                       0.2   -0.2      0.0
  SNOW DEPTH       0

DEGREE DAYS
 HEATING
  YESTERDAY        7                        16     -9       20
  MONTH TO DATE  250                       263    -13      250
  SINCE SEP 1    290                       416   -126      363
  SINCE JUL 1    302                       451   -149      365

 COOLING
  YESTERDAY        0                         0      0        0
  MONTH TO DATE    9                         4      5       23
  SINCE SEP 1     78                        65     13      152
  SINCE JAN 1    653                       622     31      922
..................................................................


WIND (MPH)
  RESULTANT WIND SPEED   1   RESULTANT WIND DIRECTION   W (260)
  HIGHEST WIND SPEED    10   HIGHEST WIND DIRECTION    NW (310)
  HIGHEST GUST SPEED    14   HIGHEST GUST DIRECTION     W (270)
  AVERAGE WIND SPEED     2.9


SKY COVER
  AVERAGE SKY COVER 0.4


WEATHER CONDITIONS
 THE FOLLOWING WEATHER WAS RECORDED YESTERDAY.
  FOG


RELATIVE HUMIDITY (PERCENT)
 HIGHEST    93           900 PM
 LOWEST     52           300 PM
 AVERAGE    73

..........................................................


THE LANSING MI CLIMATE NORMALS FOR TODAY
                         NORMAL    RECORD    YEAR
 MAXIMUM TEMPERATURE (F)   58        82      1953
                                             1920
 MINIMUM TEMPERATURE (F)   39        10      1895


SUNRISE AND SUNSET
OCTOBER 21 2019.......SUNRISE   759 AM EDT   SUNSET   647 PM EDT
OCTOBER 22 2019.......SUNRISE   800 AM EDT   SUNSET   645 PM EDT


-  INDICATES NEGATIVE NUMBERS.
R  INDICATES RECORD WAS SET OR TIED.
MM INDICATES DATA IS MISSING.
T  INDICATES TRACE AMOUNT.




$$
