000
CDUS43 KGRR 172129
CLILAN


CLIMATE REPORT
NATIONAL WEATHER SERVICE GRAND RAPIDS, MI
529 PM EDT TUE JUL 17 2018


...................................

...THE LANSING MI CLIMATE SUMMARY FOR JULY 17 2018...
VALID TODAY AS OF 0500 PM LOCAL TIME.

CLIMATE NORMAL PERIOD 1981 TO 2010
CLIMATE RECORD PERIOD 1864 TO 2018


WEATHER ITEM   OBSERVED TIME   RECORD YEAR NORMAL DEPARTURE LAST
                VALUE   (LST)  VALUE       VALUE  FROM      YEAR
                                                  NORMAL
..................................................................
TEMPERATURE (F)
 TODAY
  MAXIMUM         83    353 PM 101    1868  83      0       83
  MINIMUM         59    522 AM  41    1863  61     -2       58
  AVERAGE         71                        72     -1       71

PRECIPITATION (IN)
  TODAY            0.00          1.55 1903   0.09  -0.09     0.00
  MONTH TO DATE    0.50                      1.55  -1.05     2.65
  SINCE JUN 1      2.36                      5.00  -2.64     6.40
  SINCE JAN 1     18.30                     16.57   1.73    23.46

SNOWFALL (IN)
  TODAY            0.0           0.0    MM   0.0    0.0      0.0
  MONTH TO DATE    0.0                       0.0    0.0      0.0
  SINCE JUN 1      0.0                       0.0    0.0      0.0
  SINCE JUL 1      0.0                       0.0    0.0      0.0
  SNOW DEPTH       0

DEGREE DAYS
 HEATING
  TODAY            0                         0      0        0
  MONTH TO DATE    0                         2     -2        0
  SINCE JUN 1     21                        57    -36       13
  SINCE JUL 1      0                         2     -2        0

 COOLING
  TODAY            6                         7     -1        6
  MONTH TO DATE  185                       119     66      156
  SINCE JUN 1    324                       251     73      361
  SINCE JAN 1    434                       292    142      396
..................................................................


WIND (MPH)
  RESULTANT WIND SPEED   6   RESULTANT WIND DIRECTION  NW (330)
  HIGHEST WIND SPEED    17   HIGHEST WIND DIRECTION    NW (310)
  HIGHEST GUST SPEED    24   HIGHEST GUST DIRECTION    NW (320)
  AVERAGE WIND SPEED     6.6


SKY COVER
  AVERAGE SKY COVER 0.1


WEATHER CONDITIONS
 THE FOLLOWING WEATHER WAS RECORDED TODAY.
  NO SIGNIFICANT WEATHER WAS OBSERVED.


RELATIVE HUMIDITY (PERCENT)
 HIGHEST    87           500 AM
 LOWEST     33           400 PM
 AVERAGE    60

..........................................................


THE LANSING MI CLIMATE NORMALS FOR TOMORROW
                         NORMAL    RECORD    YEAR
 MAXIMUM TEMPERATURE (F)   83       100      1894
 MINIMUM TEMPERATURE (F)   61        42      1971


SUNRISE AND SUNSET
JULY 17 2018..........SUNRISE   615 AM EDT   SUNSET   913 PM EDT
JULY 18 2018..........SUNRISE   616 AM EDT   SUNSET   913 PM EDT


-  INDICATES NEGATIVE NUMBERS.
R  INDICATES RECORD WAS SET OR TIED.
MM INDICATES DATA IS MISSING.
T  INDICATES TRACE AMOUNT.




$$
