000
CDUS43 KGRR 190519
CLILAN


CLIMATE REPORT
NATIONAL WEATHER SERVICE GRAND RAPIDS, MI
1219 AM EST SAT JAN 19 2019


...................................

...THE LANSING MI CLIMATE SUMMARY FOR JANUARY 18 2019...

CLIMATE NORMAL PERIOD 1981 TO 2010
CLIMATE RECORD PERIOD 1864 TO 2019


WEATHER ITEM   OBSERVED TIME   RECORD YEAR NORMAL DEPARTURE LAST
                VALUE   (LST)  VALUE       VALUE  FROM      YEAR
                                                  NORMAL
..................................................................
TEMPERATURE (F)
 YESTERDAY
  MAXIMUM         30    428 AM  60    1996  30      0       31
  MINIMUM         22   1159 PM -25    1976  16      6       15
  AVERAGE         26                        23      3       23

PRECIPITATION (IN)
  YESTERDAY        0.01          1.58 1949   0.05  -0.04     0.00
  MONTH TO DATE    0.35                      1.04  -0.69     0.97
  SINCE DEC 1      2.69                      2.91  -0.22     2.29
  SINCE JAN 1      0.35                      1.04  -0.69     0.97

SNOWFALL (IN)
  YESTERDAY       MM             5.5  1913   0.5   MM        0.0
  MONTH TO DATE    0.2                       8.2   -8.0      7.2
  SINCE DEC 1      1.5                      21.2  -19.7     24.6
  SINCE JUL 1     13.4                      25.0  -11.6     25.0
  SNOW DEPTH       T

DEGREE DAYS
 HEATING
  YESTERDAY       39                        42     -3       42
  MONTH TO DATE  643                       747   -104      844
  SINCE DEC 1   1668                      1885   -217     2107
  SINCE JUL 1   3208                      3299    -91     3363

 COOLING
  YESTERDAY        0                         0      0        0
  MONTH TO DATE    0                         0      0        0
  SINCE DEC 1      0                         0      0        0
  SINCE JAN 1      0                         0      0        0
..................................................................


WIND (MPH)
  RESULTANT WIND SPEED   5   RESULTANT WIND DIRECTION  NW (320)
  HIGHEST WIND SPEED    15   HIGHEST WIND DIRECTION    NE (60)
  HIGHEST GUST SPEED    18   HIGHEST GUST DIRECTION    NE (60)
  AVERAGE WIND SPEED     6.9


SKY COVER
  AVERAGE SKY COVER 1.0


WEATHER CONDITIONS
 THE FOLLOWING WEATHER WAS RECORDED YESTERDAY.
  LIGHT SNOW
  FOG


RELATIVE HUMIDITY (PERCENT)
 HIGHEST   100          1200 AM
 LOWEST     63           400 PM
 AVERAGE    82

..........................................................


THE LANSING MI CLIMATE NORMALS FOR TODAY
                         NORMAL    RECORD    YEAR
 MAXIMUM TEMPERATURE (F)   30        53      1949
 MINIMUM TEMPERATURE (F)   16       -20      1892


SUNRISE AND SUNSET
JANUARY 19 2019.......SUNRISE   804 AM EST   SUNSET   534 PM EST
JANUARY 20 2019.......SUNRISE   803 AM EST   SUNSET   536 PM EST


-  INDICATES NEGATIVE NUMBERS.
R  INDICATES RECORD WAS SET OR TIED.
MM INDICATES DATA IS MISSING.
T  INDICATES TRACE AMOUNT.




$$
