000
CDUS43 KGRR 220520
CLILAN


CLIMATE REPORT
NATIONAL WEATHER SERVICE GRAND RAPIDS, MI
119 AM EDT THU OCT 22 2020


...................................

...THE LANSING MI CLIMATE SUMMARY FOR OCTOBER 21 2020...

CLIMATE NORMAL PERIOD 1981 TO 2010
CLIMATE RECORD PERIOD 1864 TO 2020


WEATHER ITEM   OBSERVED TIME   RECORD YEAR NORMAL DEPARTURE LAST
                VALUE   (LST)  VALUE       VALUE  FROM      YEAR
                                                  NORMAL
..................................................................
TEMPERATURE (F)
 YESTERDAY
  MAXIMUM         56    414 PM  82    1953  58     -2       62
                                      1920
  MINIMUM         45    808 PM  10    1895  39      6       50
  AVERAGE         51                        49      2       56

PRECIPITATION (IN)
  YESTERDAY        0.17          2.08 1933   0.08   0.09     0.24
  MONTH TO DATE    1.43                      1.74  -0.31     3.90
  SINCE SEP 1      5.76                      5.24   0.52     7.33
  SINCE JAN 1     30.91                     26.33   4.58    31.59

SNOWFALL (IN)
  YESTERDAY        0.0           2.0  1873   0.0    0.0      0.0
  MONTH TO DATE    0.0                       0.2   -0.2      0.0
  SINCE SEP 1      0.0                       0.2   -0.2      0.0
  SINCE JUL 1      0.0                       0.2   -0.2      0.0
  SNOW DEPTH       0

DEGREE DAYS
 HEATING
  YESTERDAY       14                        16     -2        9
  MONTH TO DATE  308                       279     29      259
  SINCE SEP 1    448                       432     16      299
  SINCE JUL 1    455                       467    -12      311

 COOLING
  YESTERDAY        0                         0      0        0
  MONTH TO DATE    0                         4     -4        9
  SINCE SEP 1     34                        65    -31       78
  SINCE JAN 1    825                       622    203      653
..................................................................


WIND (MPH)
  RESULTANT WIND SPEED   9   RESULTANT WIND DIRECTION   W (250)
  HIGHEST WIND SPEED    22   HIGHEST WIND DIRECTION     W (250)
  HIGHEST GUST SPEED    30   HIGHEST GUST DIRECTION     W (250)
  AVERAGE WIND SPEED    10.1


SKY COVER
  AVERAGE SKY COVER 0.7


WEATHER CONDITIONS
 THE FOLLOWING WEATHER WAS RECORDED YESTERDAY.
  THUNDERSTORM
  RAIN
  LIGHT RAIN
  FOG


RELATIVE HUMIDITY (PERCENT)
 HIGHEST    93           100 AM
 LOWEST     59           400 PM
 AVERAGE    76

..........................................................


THE LANSING MI CLIMATE NORMALS FOR TODAY
                         NORMAL    RECORD    YEAR
 MAXIMUM TEMPERATURE (F)   58        82      1963
                                             1920
 MINIMUM TEMPERATURE (F)   39        10      1868


SUNRISE AND SUNSET
OCTOBER 22 2020.......SUNRISE   801 AM EDT   SUNSET   644 PM EDT
OCTOBER 23 2020.......SUNRISE   802 AM EDT   SUNSET   643 PM EDT


-  INDICATES NEGATIVE NUMBERS.
R  INDICATES RECORD WAS SET OR TIED.
MM INDICATES DATA IS MISSING.
T  INDICATES TRACE AMOUNT.




$$
