723
CDUS45 KCYS 150328
CLILAR

CLIMATE REPORT
NATIONAL WEATHER SERVICE CHEYENNE WY
928 PM MDT MON JUN 14 2021

...................................

...THE LARAMIE WYOMING AIRPORT CLIMATE SUMMARY FOR JUNE 14 2021...
VALID TODAY AS OF 0900 PM LOCAL TIME.

CLIMATE NORMAL PERIOD 1991 TO 2020
CLIMATE RECORD PERIOD 1948 TO 2021


WEATHER ITEM   OBSERVED TIME   RECORD YEAR NORMAL DEPARTURE LAST
                VALUE   (LST)  VALUE       VALUE  FROM      YEAR
                                                  NORMAL
...................................................................
TEMPERATURE (F)
 TODAY
  MAXIMUM         92R   313 PM  88    1952  74     18       78
                                      2006
  MINIMUM         53    431 AM  27    1976  42     11       46
  AVERAGE         73                        58     15       62

PRECIPITATION (IN)
  TODAY            0.00          0.38 1967   0.05  -0.05     0.00
  MONTH TO DATE    0.03                      0.81  -0.78     1.04
  SINCE JUN 1      0.03                      0.81  -0.78     1.04
  SINCE JAN 1      3.43                      4.68  -1.25     4.00

DEGREE DAYS
 HEATING
  TODAY            0                         8     -8        3
  MONTH TO DATE   46                       134    -88       20
  SINCE JUN 1     46                       134    -88       20
  SINCE JUL 1   8514                      8589    -75     8413

 COOLING
  TODAY            8                         0      8        0
  MONTH TO DATE   19                         0     19        9
  SINCE JUN 1     19                         0     19        9
  SINCE JAN 1     19                         0     19        9
...................................................................


WIND (MPH)
  HIGHEST WIND SPEED    21   HIGHEST WIND DIRECTION    SE (150)
  HIGHEST GUST SPEED    27   HIGHEST GUST DIRECTION     S (160)
  AVERAGE WIND SPEED    10.6


SKY COVER
  POSSIBLE SUNSHINE  MM
  AVERAGE SKY COVER 0.0


WEATHER CONDITIONS
THE FOLLOWING WEATHER WAS RECORDED TODAY.
  NO SIGNIFICANT WEATHER WAS OBSERVED.


RELATIVE HUMIDITY (PERCENT)
 HIGHEST    74           500 AM
 LOWEST      4          1100 AM
 AVERAGE    39

..........................................................


THE LARAMIE WYOMING AIRPORT CLIMATE NORMALS FOR TOMORROW
                         NORMAL    RECORD    YEAR
 MAXIMUM TEMPERATURE (F)   74        86      2018
 MINIMUM TEMPERATURE (F)   42        29      1981


SUNRISE AND SUNSET
JUNE 14 2021..........SUNRISE   529 AM MDT   SUNSET   837 PM MDT
JUNE 15 2021..........SUNRISE   529 AM MDT   SUNSET   838 PM MDT


-  INDICATES NEGATIVE NUMBERS.
R  INDICATES RECORD WAS SET OR TIED.
MM INDICATES DATA IS MISSING.
T  INDICATES TRACE AMOUNT.




$$
