000
CDUS45 KVEF 230829
CLILAS


CLIMATE REPORT
NATIONAL WEATHER SERVICE LAS VEGAS, NV
128 AM PDT TUE OCT 23 2018


...................................

...THE LAS VEGAS NV CLIMATE SUMMARY FOR OCTOBER 22 2018...

CLIMATE NORMAL PERIOD 1981 TO 2010
CLIMATE RECORD PERIOD 1937 TO 2018


WEATHER ITEM   OBSERVED TIME   RECORD YEAR NORMAL DEPARTURE LAST
                VALUE   (LST)  VALUE       VALUE  FROM      YEAR
                                                  NORMAL
..................................................................
TEMPERATURE (F)
 YESTERDAY
  MAXIMUM         77    313 PM  92    2003  78     -1       83
  MINIMUM         62   1155 PM  38    1996  56      6       55
  AVERAGE         70                        67      3       69

PRECIPITATION (IN)
  YESTERDAY        0.00          0.11 1953   0.01  -0.01     0.00
  MONTH TO DATE    0.14                      0.17  -0.03     0.00
  SINCE OCT 1      0.14                      0.17  -0.03     0.00
  SINCE JAN 1      2.99                      3.23  -0.24     2.38

SNOWFALL (IN)
  YESTERDAY        0.0           0.0    MM   0.0    0.0      0.0
  MONTH TO DATE    0.0                       0.0    0.0      0.0
  SINCE SEP 1      0.0                       0.0    0.0      0.0
  SINCE JUL 1      0.0                       0.0    0.0      0.0
  SNOW DEPTH       0

DEGREE DAYS
 HEATING
  YESTERDAY        0                         2     -2        0
  MONTH TO DATE   10                        13     -3        0
  SINCE SEP 1     10                        14     -4        0
  SINCE JUL 1     10                        14     -4        0

 COOLING
  YESTERDAY        5                         4      1        4
  MONTH TO DATE  125                       155    -30      137
  SINCE SEP 1    824                       683    141      653
  SINCE JAN 1   4197                      3532    665     3945
..................................................................


WIND (MPH)
  RESULTANT WIND SPEED   3   RESULTANT WIND DIRECTION  NE (40)
  HIGHEST WIND SPEED    17   HIGHEST WIND DIRECTION     N (10)
  HIGHEST GUST SPEED    21   HIGHEST GUST DIRECTION     N (360)
  AVERAGE WIND SPEED     5.7


SKY COVER
  POSSIBLE SUNSHINE  MM
  AVERAGE SKY COVER 0.4


WEATHER CONDITIONS
 THE FOLLOWING WEATHER WAS RECORDED YESTERDAY.
  THUNDERSTORM


RELATIVE HUMIDITY (PERCENT)
 HIGHEST    67           100 AM
 LOWEST     38           300 PM
 AVERAGE    53

..........................................................


THE LAS VEGAS NV CLIMATE NORMALS FOR TODAY
                         NORMAL    RECORD    YEAR
 MAXIMUM TEMPERATURE (F)   78        94      1959
 MINIMUM TEMPERATURE (F)   56        37      1953
                                             1949
                                             1938


SUNRISE AND SUNSET
OCTOBER 23 2018.......SUNRISE   655 AM PDT   SUNSET   555 PM PDT
OCTOBER 24 2018.......SUNRISE   656 AM PDT   SUNSET   553 PM PDT


-  INDICATES NEGATIVE NUMBERS.
R  INDICATES RECORD WAS SET OR TIED.
MM INDICATES DATA IS MISSING.
T  INDICATES TRACE AMOUNT.




$$
