538
CDUS45 KVEF 150030
CLILAS


CLIMATE REPORT
NATIONAL WEATHER SERVICE LAS VEGAS, NV
530 PM PDT MON OCT 14 2019


...................................

...THE LAS VEGAS NV CLIMATE SUMMARY FOR OCTOBER 14 2019...
VALID TODAY AS OF 0500 PM LOCAL TIME.

CLIMATE NORMAL PERIOD 1981 TO 2010
CLIMATE RECORD PERIOD 1937 TO 2019


WEATHER ITEM   OBSERVED TIME   RECORD YEAR NORMAL DEPARTURE LAST
                VALUE   (LST)  VALUE       VALUE  FROM      YEAR
                                                  NORMAL
..................................................................
TEMPERATURE (F)
 TODAY
  MAXIMUM         81    351 PM  96    1950  82     -1       73
  MINIMUM         56    557 AM  42    1981  59     -3       56
  AVERAGE         69                        70     -1       65

PRECIPITATION (IN)
  TODAY            0.00          0.65 1972   0.01  -0.01     0.00
  MONTH TO DATE    0.00                      0.10  -0.10     0.02
  SINCE OCT 1      0.00                      0.10  -0.10     0.02
  SINCE JAN 1      4.88                      3.16   1.72     2.87

SNOWFALL (IN)
  TODAY            0.0           0.0    MM   0.0    0.0      0.0
  MONTH TO DATE    0.0                       0.0    0.0      0.0
  SINCE SEP 1      0.0                       0.0    0.0      0.0
  SINCE JUL 1      0.0                       0.0    0.0      0.0
  SNOW DEPTH       0

DEGREE DAYS
 HEATING
  TODAY            0                         1     -1        0
  MONTH TO DATE    9                         4      5        0
  SINCE SEP 1      9                         5      4        0
  SINCE JUL 1      9                         5      4        0

 COOLING
  TODAY            4                         6     -2        0
  MONTH TO DATE   79                       118    -39      104
  SINCE SEP 1    650                       646      4      803
  SINCE JAN 1   3590                      3495     95     4176
..................................................................


WIND (MPH)
  RESULTANT WIND SPEED   1   RESULTANT WIND DIRECTION   S (160)
  HIGHEST WIND SPEED     8   HIGHEST WIND DIRECTION    NE (60)
  HIGHEST GUST SPEED    11   HIGHEST GUST DIRECTION     E (70)
  AVERAGE WIND SPEED     2.9


SKY COVER
  POSSIBLE SUNSHINE  MM
  AVERAGE SKY COVER 0.1


WEATHER CONDITIONS
 THE FOLLOWING WEATHER WAS RECORDED TODAY.
  NO SIGNIFICANT WEATHER WAS OBSERVED.


RELATIVE HUMIDITY (PERCENT)
 HIGHEST    22           400 AM
 LOWEST     11          1000 AM
 AVERAGE    17

..........................................................


THE LAS VEGAS NV CLIMATE NORMALS FOR TOMORROW
                         NORMAL    RECORD    YEAR
 MAXIMUM TEMPERATURE (F)   81        94      1958
 MINIMUM TEMPERATURE (F)   59        43      1966
                                             1941


SUNRISE AND SUNSET
OCTOBER 14 2019.......SUNRISE   647 AM PDT   SUNSET   606 PM PDT
OCTOBER 15 2019.......SUNRISE   647 AM PDT   SUNSET   605 PM PDT


-  INDICATES NEGATIVE NUMBERS.
R  INDICATES RECORD WAS SET OR TIED.
MM INDICATES DATA IS MISSING.
T  INDICATES TRACE AMOUNT.




$$
