000
CDUS45 KVEF 240829
CLILAS


CLIMATE REPORT
NATIONAL WEATHER SERVICE LAS VEGAS, NV
1228 AM PST SAT FEB 24 2018


...................................

...THE LAS VEGAS NV CLIMATE SUMMARY FOR FEBRUARY 23 2018...

CLIMATE NORMAL PERIOD 1981 TO 2010
CLIMATE RECORD PERIOD 1937 TO 2018


WEATHER ITEM   OBSERVED TIME   RECORD YEAR NORMAL DEPARTURE LAST
                VALUE   (LST)  VALUE       VALUE  FROM      YEAR
                                                  NORMAL
..................................................................
TEMPERATURE (F)
 YESTERDAY
  MAXIMUM         50   1209 PM  79    2002  65    -15       56
  MINIMUM         40    142 PM  25    1953  45     -5       44
  AVERAGE         45                        55    -10       50

PRECIPITATION (IN)
  YESTERDAY        0.00          0.37 2015   0.03  -0.03     0.00
  MONTH TO DATE    0.01                      0.62  -0.61     0.56
  SINCE OCT 1      1.48                      2.29  -0.81     2.52
  SINCE JAN 1      1.48                      1.16   0.32     1.46

SNOWFALL (IN)
  YESTERDAY        0.0           T    1960   0.0    0.0      0.0
  MONTH TO DATE    0.0                       0.1   -0.1      0.0
  SINCE DEC 1      0.0                       0.3   -0.3      0.0
  SINCE JUL 1      0.0                       0.3   -0.3      0.0
  SNOW DEPTH       0

DEGREE DAYS
 HEATING
  YESTERDAY       20                        10     10       15
  MONTH TO DATE  212                       291    -79      135
  SINCE DEC 1    948                      1334   -386     1127
  SINCE JUL 1   1033                      1643   -610     1294

 COOLING
  YESTERDAY        0                         0      0        0
  MONTH TO DATE    0                         0      0        3
  SINCE DEC 1      0                         0      0        3
  SINCE JAN 1      0                         0      0        3
..................................................................


WIND (MPH)
  RESULTANT WIND SPEED   5   RESULTANT WIND DIRECTION   W (290)
  HIGHEST WIND SPEED    24   HIGHEST WIND DIRECTION     W (250)
  HIGHEST GUST SPEED    31   HIGHEST GUST DIRECTION    SW (240)
  AVERAGE WIND SPEED    11.3


SKY COVER
  POSSIBLE SUNSHINE  MM
  AVERAGE SKY COVER 0.4


WEATHER CONDITIONS
 THE FOLLOWING WEATHER WAS RECORDED YESTERDAY.
  NO SIGNIFICANT WEATHER WAS OBSERVED.


RELATIVE HUMIDITY (PERCENT)
 HIGHEST    53           300 PM
 LOWEST     22          1200 AM
 AVERAGE    38

..........................................................


THE LAS VEGAS NV CLIMATE NORMALS FOR TODAY
                         NORMAL    RECORD    YEAR
 MAXIMUM TEMPERATURE (F)   65        82      1989
                                             1986
 MINIMUM TEMPERATURE (F)   46        24      1955


SUNRISE AND SUNSET
FEBRUARY 24 2018......SUNRISE   617 AM PST   SUNSET   531 PM PST
FEBRUARY 25 2018......SUNRISE   616 AM PST   SUNSET   532 PM PST


-  INDICATES NEGATIVE NUMBERS.
R  INDICATES RECORD WAS SET OR TIED.
MM INDICATES DATA IS MISSING.
T  INDICATES TRACE AMOUNT.




$$
