000
CDUS45 KVEF 250023
CLILAS

CLIMATE REPORT
NATIONAL WEATHER SERVICE LAS VEGAS, NV
523 PM PDT SUN MAY 24 2020

...................................

...THE LAS VEGAS NV CLIMATE SUMMARY FOR MAY 24 2020...
VALID TODAY AS OF 0500 PM LOCAL TIME.

CLIMATE NORMAL PERIOD: 1981 TO 2010
CLIMATE RECORD PERIOD: 1937 TO 2020


WEATHER ITEM   OBSERVED TIME   RECORD YEAR NORMAL DEPARTURE LAST
                VALUE   (LST)  VALUE       VALUE  FROM      YEAR
                                                  NORMAL
...................................................................
TEMPERATURE (F)
 TODAY
  MAXIMUM         86   3:40 PM 105    2001  92     -6       78
  MINIMUM         65   5:43 AM  46    1939  68     -3       60
  AVERAGE         76                        80     -4       69

PRECIPITATION (IN)
  TODAY            0.00          0.31 1965   0.00   0.00     0.00
  MONTH TO DATE    0.00                      0.09  -0.09     0.80
  SINCE OCT 1      4.30                      3.11   1.19     5.14
  SINCE JAN 1      2.31                      1.98   0.33     4.60

SNOWFALL (IN)
  TODAY            0.0           0.0    MM   0.0    0.0      0.0
  MONTH TO DATE    0.0                       0.0    0.0      0.0
  SINCE MAR 1      0.0                       0.0    0.0      0.0
  SINCE JUL 1      0.0                       0.3   -0.3      0.8
  SNOW DEPTH       0

DEGREE DAYS
 HEATING
  TODAY            0                         0      0        0
  MONTH TO DATE    0                         4     -4       10
  SINCE MAR 1    233                       256    -23      178
  SINCE JUL 1   1751                      1947   -196     1794

 COOLING
  TODAY           11                        15     -4        4
  MONTH TO DATE  310                       277     33      157
  SINCE MAR 1    488                       436     52      370
  SINCE JAN 1    488                       437     51      371
...................................................................


WIND (MPH)
  RESULTANT WIND SPEED   5   RESULTANT WIND DIRECTION  NE (60)
  HIGHEST WIND SPEED    16   HIGHEST WIND DIRECTION    NE (50)
  HIGHEST GUST SPEED    23   HIGHEST GUST DIRECTION    NE (30)
  AVERAGE WIND SPEED     5.8


SKY COVER
  AVERAGE SKY COVER 0.2


WEATHER CONDITIONS
THE FOLLOWING WEATHER WAS RECORDED TODAY.
  NO SIGNIFICANT WEATHER WAS OBSERVED.


RELATIVE HUMIDITY (PERCENT)
 HIGHEST    18           6:00 AM
 LOWEST      9           4:00 PM
 AVERAGE    14

..........................................................


THE LAS VEGAS NV CLIMATE NORMALS FOR TOMORROW
                         NORMAL    RECORD    YEAR
 MAXIMUM TEMPERATURE (F)   92       105      1951
                                             2001
 MINIMUM TEMPERATURE (F)   68        47      1965
                                             1977


SUNRISE AND SUNSET
MAY 24 2020...........SUNRISE   5:28 AM PDT   SUNSET   7:47 PM PDT
MAY 25 2020...........SUNRISE   5:28 AM PDT   SUNSET   7:48 PM PDT


-  INDICATES NEGATIVE NUMBERS.
R  INDICATES RECORD WAS SET OR TIED.
MM INDICATES DATA IS MISSING.
T  INDICATES TRACE AMOUNT.




$$
