000
CDUS45 KVEF 300826
CLILAS

CLIMATE REPORT
NATIONAL WEATHER SERVICE LAS VEGAS, NV
126 AM PDT FRI OCT 30 2020

...................................

...THE LAS VEGAS NV CLIMATE SUMMARY FOR OCTOBER 29 2020...

CLIMATE NORMAL PERIOD: 1981 TO 2010
CLIMATE RECORD PERIOD: 1937 TO 2020


WEATHER ITEM   OBSERVED TIME   RECORD YEAR NORMAL DEPARTURE LAST
                VALUE   (LST)  VALUE       VALUE  FROM      YEAR
                                                  NORMAL
...................................................................
TEMPERATURE (F)
 YESTERDAY
  MAXIMUM         79   3:02 PM  90    1937  75      4       65
                                      1950
  MINIMUM         53   6:14 AM  30    1971  54     -1       41
  AVERAGE         66                        64      2       53

PRECIPITATION (IN)
  YESTERDAY        0.00          0.09 1942   0.01  -0.01     0.00
  MONTH TO DATE    0.00                      0.25  -0.25     0.00
  SINCE OCT 1      0.00                      0.25  -0.25     0.00
  SINCE JAN 1      2.31                      3.31  -1.00     4.88

SNOWFALL (IN)
  YESTERDAY        0.0           0.0    MM   0.0    0.0      0.0
  MONTH TO DATE    0.0                       0.0    0.0      0.0
  SINCE SEP 1      0.0                       0.0    0.0      0.0
  SINCE JUL 1      0.0                       0.0    0.0      0.0
  SNOW DEPTH       0

DEGREE DAYS
 HEATING
  YESTERDAY        0                         3     -3       12
  MONTH TO DATE   28                        30     -2       37
  SINCE SEP 1     28                        31     -3       37
  SINCE JUL 1     28                        31     -3       37

 COOLING
  YESTERDAY        1                         2     -1        0
  MONTH TO DATE  328                       174    154      130
  SINCE SEP 1    974                       702    272      701
  SINCE JAN 1   4175                      3551    624     3641
...................................................................


WIND (MPH)
  RESULTANT WIND SPEED   2   RESULTANT WIND DIRECTION  SW (230)
  HIGHEST WIND SPEED     9   HIGHEST WIND DIRECTION     N (350)
  HIGHEST GUST SPEED    13   HIGHEST GUST DIRECTION     N (360)
  AVERAGE WIND SPEED     3.1


SKY COVER
  AVERAGE SKY COVER 0.0


WEATHER CONDITIONS
THE FOLLOWING WEATHER WAS RECORDED YESTERDAY.
  NO SIGNIFICANT WEATHER WAS OBSERVED.


RELATIVE HUMIDITY (PERCENT)
 HIGHEST    27           2:00 AM
 LOWEST     11           3:00 PM
 AVERAGE    19

..........................................................


THE LAS VEGAS NV CLIMATE NORMALS FOR TODAY
                         NORMAL    RECORD    YEAR
 MAXIMUM TEMPERATURE (F)   74        87      1937
 MINIMUM TEMPERATURE (F)   53        26      1971


SUNRISE AND SUNSET
OCTOBER 30 2020.......SUNRISE   7:02 AM PDT   SUNSET   5:46 PM PDT
OCTOBER 31 2020.......SUNRISE   7:03 AM PDT   SUNSET   5:45 PM PDT


-  INDICATES NEGATIVE NUMBERS.
R  INDICATES RECORD WAS SET OR TIED.
MM INDICATES DATA IS MISSING.
T  INDICATES TRACE AMOUNT.




$$
