000
CDUS45 KVEF 180839
CLILAS


CLIMATE REPORT
NATIONAL WEATHER SERVICE LAS VEGAS, NV
1232 AM PST MON FEB 18 2019


...................................

...THE LAS VEGAS NV CLIMATE SUMMARY FOR FEBRUARY 17 2019...

CLIMATE NORMAL PERIOD 1981 TO 2010
CLIMATE RECORD PERIOD 1937 TO 2019


WEATHER ITEM   OBSERVED TIME   RECORD YEAR NORMAL DEPARTURE LAST
                VALUE   (LST)  VALUE       VALUE  FROM      YEAR
                                                  NORMAL
..................................................................
TEMPERATURE (F)
 YESTERDAY
  MAXIMUM         51    157 PM  81    2016  63    -12       65
                                      1996
  MINIMUM         34   1020 PM  21    1956  44    -10       40
  AVERAGE         43                        53    -10       53

PRECIPITATION (IN)
  YESTERDAY        0.13          0.62 1998   0.03   0.10     0.00
  MONTH TO DATE    1.56                      0.43   1.13     0.01
  SINCE OCT 1      3.14                      2.10   1.04     1.48
  SINCE JAN 1      2.60                      0.97   1.63     1.48

SNOWFALL (IN)
  YESTERDAY        T   R         T    2008   0.1   -0.1      0.0
  MONTH TO DATE    T                         0.1   -0.1      0.0
  SINCE DEC 1      T                         0.3   -0.3      0.0
  SINCE JUL 1      T                         0.3   -0.3      0.0
  SNOW DEPTH       0

DEGREE DAYS
 HEATING
  YESTERDAY       22                        12     10       12
  MONTH TO DATE  291                       227     64      106
  SINCE DEC 1   1188                      1270    -82      842
  SINCE JUL 1   1426                      1579   -153      927

 COOLING
  YESTERDAY        0                         0      0        0
  MONTH TO DATE    0                         0      0        0
  SINCE DEC 1      0                         0      0        0
  SINCE JAN 1      0                         0      0        0
..................................................................


WIND (MPH)
  RESULTANT WIND SPEED   5   RESULTANT WIND DIRECTION  SW (210)
  HIGHEST WIND SPEED    22   HIGHEST WIND DIRECTION    SW (230)
  HIGHEST GUST SPEED    30   HIGHEST GUST DIRECTION    SW (220)
  AVERAGE WIND SPEED     6.9


SKY COVER
  POSSIBLE SUNSHINE  MM
  AVERAGE SKY COVER 0.6


WEATHER CONDITIONS
 THE FOLLOWING WEATHER WAS RECORDED YESTERDAY.
  RAIN
  LIGHT RAIN
  SNOW
  LIGHT SNOW
  FOG


RELATIVE HUMIDITY (PERCENT)
 HIGHEST    85          1000 PM
 LOWEST     35           200 PM
 AVERAGE    60

..........................................................


THE LAS VEGAS NV CLIMATE NORMALS FOR TODAY
                         NORMAL    RECORD    YEAR
 MAXIMUM TEMPERATURE (F)   63        81      1977
 MINIMUM TEMPERATURE (F)   44        17      1938


SUNRISE AND SUNSET
FEBRUARY 18 2019......SUNRISE   625 AM PST   SUNSET   525 PM PST
FEBRUARY 19 2019......SUNRISE   624 AM PST   SUNSET   526 PM PST


-  INDICATES NEGATIVE NUMBERS.
R  INDICATES RECORD WAS SET OR TIED.
MM INDICATES DATA IS MISSING.
T  INDICATES TRACE AMOUNT.




$$
