000
CDUS45 KVEF 210027
CLILAS


CLIMATE REPORT
NATIONAL WEATHER SERVICE LAS VEGAS, NV
527 PM PDT FRI JUL 20 2018


...................................

...THE LAS VEGAS NV CLIMATE SUMMARY FOR JULY 20 2018...
VALID TODAY AS OF 0500 PM LOCAL TIME.

CLIMATE NORMAL PERIOD 1981 TO 2010
CLIMATE RECORD PERIOD 1937 TO 2018


WEATHER ITEM   OBSERVED TIME   RECORD YEAR NORMAL DEPARTURE LAST
                VALUE   (LST)  VALUE       VALUE  FROM      YEAR
                                                  NORMAL
..................................................................
TEMPERATURE (F)
 TODAY
  MAXIMUM        102    357 PM 113    1959 105     -3       99
                                      1938
  MINIMUM         83    616 AM  58    1940  82      1       83
  AVERAGE         93                        93      0       91

PRECIPITATION (IN)
  TODAY            0.00          0.71 1979   0.01  -0.01     0.00
  MONTH TO DATE    0.78                      0.22   0.56     0.09
  SINCE OCT 1      2.76                      3.43  -0.67     2.74
  SINCE JAN 1      2.76                      2.30   0.46     1.68

SNOWFALL (IN)
  TODAY            0.0           0.0    MM   0.0    0.0      0.0
  MONTH TO DATE    0.0                       0.0    0.0      0.0
  SINCE JUN 1      0.0                       0.0    0.0      0.0
  SINCE JUL 1      0.0                       0.0    0.0      0.0
  SNOW DEPTH       0

DEGREE DAYS
 HEATING
  TODAY            0                         0      0        0
  MONTH TO DATE    0                         0      0        0
  SINCE JUN 1      0                         1     -1        0
  SINCE JUL 1      0                         0      0        0

 COOLING
  TODAY           28                        28      0       26
  MONTH TO DATE  585                       547     38      641
  SINCE JUN 1   1369                      1197    172     1453
  SINCE JAN 1   2077                      1747    330     2130
..................................................................


WIND (MPH)
  RESULTANT WIND SPEED   3   RESULTANT WIND DIRECTION  SE (120)
  HIGHEST WIND SPEED    14   HIGHEST WIND DIRECTION     E (80)
  HIGHEST GUST SPEED    16   HIGHEST GUST DIRECTION    NE (60)
  AVERAGE WIND SPEED     6.1


SKY COVER
  POSSIBLE SUNSHINE  MM
  AVERAGE SKY COVER 0.6


WEATHER CONDITIONS
 THE FOLLOWING WEATHER WAS RECORDED TODAY.
  THUNDERSTORM


RELATIVE HUMIDITY (PERCENT)
 HIGHEST    51           100 AM
 LOWEST     29          1200 PM
 AVERAGE    40

..........................................................


THE LAS VEGAS NV CLIMATE NORMALS FOR TOMORROW
                         NORMAL    RECORD    YEAR
 MAXIMUM TEMPERATURE (F)  105       113      1942
                                             1941
                                             1939
 MINIMUM TEMPERATURE (F)   82        56      1940


SUNRISE AND SUNSET
JULY 20 2018..........SUNRISE   539 AM PDT   SUNSET   755 PM PDT
JULY 21 2018..........SUNRISE   540 AM PDT   SUNSET   754 PM PDT


-  INDICATES NEGATIVE NUMBERS.
R  INDICATES RECORD WAS SET OR TIED.
MM INDICATES DATA IS MISSING.
T  INDICATES TRACE AMOUNT.




$$
