000
CDUS45 KVEF 250826
CLILAS


CLIMATE REPORT
NATIONAL WEATHER SERVICE LAS VEGAS, NV
126 AM PDT WED APR 25 2018


...................................

...THE LAS VEGAS NV CLIMATE SUMMARY FOR APRIL 24 2018...

CLIMATE NORMAL PERIOD 1981 TO 2010
CLIMATE RECORD PERIOD 1937 TO 2018


WEATHER ITEM   OBSERVED TIME   RECORD YEAR NORMAL DEPARTURE LAST
                VALUE   (LST)  VALUE       VALUE  FROM      YEAR
                                                  NORMAL
..................................................................
TEMPERATURE (F)
 YESTERDAY
  MAXIMUM         91    311 PM  99    1946  81     10       85
  MINIMUM         67    522 AM  38    1937  59      8       64
  AVERAGE         79                        70      9       75

PRECIPITATION (IN)
  YESTERDAY        0.00          0.15 1999   0.00   0.00     0.00
  MONTH TO DATE    0.00                      0.13  -0.13     0.04
  SINCE OCT 1      1.74                      3.00  -1.26     2.57
  SINCE JAN 1      1.74                      1.87  -0.13     1.51

SNOWFALL (IN)
  YESTERDAY        0.0           T    1964   0.0    0.0      0.0
  MONTH TO DATE    0.0                       0.0    0.0      0.0
  SINCE MAR 1      0.0                       0.0    0.0      0.0
  SINCE JUL 1      0.0                       0.3   -0.3      0.0
  SNOW DEPTH       0

DEGREE DAYS
 HEATING
  YESTERDAY        0                         1     -1        0
  MONTH TO DATE   11                        58    -47        9
  SINCE MAR 1    182                       247    -65       91
  SINCE JUL 1   1301                      1938   -637     1463

 COOLING
  YESTERDAY       14                         6      8       10
  MONTH TO DATE  165                        87     78      129
  SINCE MAR 1    184                       117     67      237
  SINCE JAN 1    184                       118     66      240
..................................................................


WIND (MPH)
  RESULTANT WIND SPEED   1   RESULTANT WIND DIRECTION   E (80)
  HIGHEST WIND SPEED    16   HIGHEST WIND DIRECTION     N (10)
  HIGHEST GUST SPEED    19   HIGHEST GUST DIRECTION     N (10)
  AVERAGE WIND SPEED     5.0


SKY COVER
  POSSIBLE SUNSHINE  MM
  AVERAGE SKY COVER 0.6


WEATHER CONDITIONS
 THE FOLLOWING WEATHER WAS RECORDED YESTERDAY.
  NO SIGNIFICANT WEATHER WAS OBSERVED.


RELATIVE HUMIDITY (PERCENT)
 HIGHEST    20           500 AM
 LOWEST      9           200 PM
 AVERAGE    15

..........................................................


THE LAS VEGAS NV CLIMATE NORMALS FOR TODAY
                         NORMAL    RECORD    YEAR
 MAXIMUM TEMPERATURE (F)   81        96      1946
 MINIMUM TEMPERATURE (F)   59        37      1960


SUNRISE AND SUNSET
APRIL 25 2018.........SUNRISE   555 AM PDT   SUNSET   723 PM PDT
APRIL 26 2018.........SUNRISE   554 AM PDT   SUNSET   724 PM PDT


-  INDICATES NEGATIVE NUMBERS.
R  INDICATES RECORD WAS SET OR TIED.
MM INDICATES DATA IS MISSING.
T  INDICATES TRACE AMOUNT.




$$
