000
CDUS44 KOUN 260631 RRA
CLILAW

CLIMATE REPORT
NATIONAL WEATHER SERVICE NORMAN OK
128 AM CDT SAT MAY 26 2018


...................................

...THE LAWTON CLIMATE SUMMARY FOR MAY 25 2018...

CLIMATE NORMAL PERIOD 1981 TO 2010
CLIMATE RECORD PERIOD 1912 TO 2018


WEATHER ITEM   OBSERVED TIME   RECORD YEAR NORMAL DEPARTURE LAST
                VALUE   (LST)  VALUE       VALUE  FROM      YEAR
                                                  NORMAL
..................................................................
TEMPERATURE (F)
 YESTERDAY
  MAXIMUM         90    342 PM 100    2006  86      4       93
  MINIMUM         69    555 AM  46    1947  63      6       57
                                      1924
  AVERAGE         80                        74      6       75

PRECIPITATION (IN)
  YESTERDAY        T             3.80 1957   0.10  -0.10     0.00
  MONTH TO DATE    3.10                      3.58  -0.48     3.34
  SINCE MAR 1      5.66                      8.70  -3.04    10.66
  SINCE JAN 1      7.34                     11.19  -3.85    15.07

SNOWFALL (IN)
  YESTERDAY        0.0

DEGREE DAYS
 HEATING
  YESTERDAY        0                         0      0        0
  MONTH TO DATE    0                        22    -22       26
  SINCE MAR 1    535                       531      4      371
  SINCE JUL 1   3152                      3149      3     2462

 COOLING
  YESTERDAY       15                         9      6       10
  MONTH TO DATE  258                       153    105       95
  SINCE MAR 1    303                       228     75      209
  SINCE JAN 1    314                       229     85      213
..................................................................


WIND (MPH)
  HIGHEST WIND SPEED    26   HIGHEST WIND DIRECTION    NE (50)
  HIGHEST GUST SPEED    33   HIGHEST GUST DIRECTION    NE (50)
  AVERAGE WIND SPEED     9.8


SKY COVER
  AVERAGE SKY COVER 0.0


WEATHER CONDITIONS
 THE FOLLOWING WEATHER WAS RECORDED YESTERDAY.
  LIGHT RAIN


RELATIVE HUMIDITY (PERCENT)
 HIGHEST    90
 LOWEST     52
 AVERAGE    71

..........................................................


THE LAWTON CLIMATE NORMALS FOR TODAY
                         NORMAL    RECORD    YEAR
 MAXIMUM TEMPERATURE (F)   86       100      1990
                                             1963
 MINIMUM TEMPERATURE (F)   63        48      1992


SUNRISE AND SUNSET
MAY 26 2018...........SUNRISE   624 AM CDT   SUNSET   837 PM CDT
MAY 27 2018...........SUNRISE   624 AM CDT   SUNSET   838 PM CDT


-  INDICATES NEGATIVE NUMBERS.
R  INDICATES RECORD WAS SET OR TIED.
MM INDICATES DATA IS MISSING.
T  INDICATES TRACE AMOUNT.




$$
