000
CDUS44 KOUN 220625
CLILAW

CLIMATE REPORT
NATIONAL WEATHER SERVICE NORMAN OK
125 AM CDT THU OCT 22 2020

...................................

...THE LAWTON CLIMATE SUMMARY FOR OCTOBER 21 2020...

CLIMATE NORMAL PERIOD 1981 TO 2010
CLIMATE RECORD PERIOD 1912 TO 2020


WEATHER ITEM   OBSERVED TIME   RECORD YEAR NORMAL DEPARTURE LAST
                VALUE   (LST)  VALUE       VALUE  FROM      YEAR
                                                  NORMAL
...................................................................
TEMPERATURE (F)
 YESTERDAY
  MAXIMUM         89    130 PM  94    1979  75     14       72
                                      2003
  MINIMUM         57    548 AM  27    1917  49      8       39
  AVERAGE         73                        62     11       56

PRECIPITATION (IN)
  YESTERDAY        0.00          3.65 1986   0.14  -0.14     0.00
  MONTH TO DATE    0.00                      2.61  -2.61     0.06
  SINCE SEP 1      3.69                      5.92  -2.23     2.21
  SINCE JAN 1     28.55                     26.60   1.95    25.12

SNOWFALL (IN)
  YESTERDAY        0.0

DEGREE DAYS
 HEATING
  YESTERDAY        0                         5     -5        9
  MONTH TO DATE   41                        62    -21       77
  SINCE SEP 1     66                        73     -7       77
  SINCE JUL 1     66                        73     -7       77

 COOLING
  YESTERDAY        8                         2      6        0
  MONTH TO DATE   67                        73     -6       94
  SINCE SEP 1    289                       386    -97      607
  SINCE JAN 1   2202                      2302   -100     2582
...................................................................


WIND (MPH)
  HIGHEST WIND SPEED    23   HIGHEST WIND DIRECTION     S (170)
  HIGHEST GUST SPEED    29   HIGHEST GUST DIRECTION     S (170)
  AVERAGE WIND SPEED    10.0


SKY COVER
  AVERAGE SKY COVER 0.2


WEATHER CONDITIONS
THE FOLLOWING WEATHER WAS RECORDED YESTERDAY.
  NO SIGNIFICANT WEATHER WAS OBSERVED.


RELATIVE HUMIDITY (PERCENT)
 HIGHEST    87
 LOWEST     38
 AVERAGE    63

..........................................................


THE LAWTON CLIMATE NORMALS FOR TODAY
                         NORMAL    RECORD    YEAR
 MAXIMUM TEMPERATURE (F)   74        96      1979
 MINIMUM TEMPERATURE (F)   49        28      1917


SUNRISE AND SUNSET
OCTOBER 22 2020.......SUNRISE   746 AM CDT   SUNSET   650 PM CDT
OCTOBER 23 2020.......SUNRISE   746 AM CDT   SUNSET   649 PM CDT


-  INDICATES NEGATIVE NUMBERS.
R  INDICATES RECORD WAS SET OR TIED.
MM INDICATES DATA IS MISSING.
T  INDICATES TRACE AMOUNT.




$$
