000
CDUS44 KOUN 240633
CLILAW

CLIMATE REPORT
NATIONAL WEATHER SERVICE NORMAN OK
1230 AM CST SAT FEB 24 2018


...................................

...THE LAWTON REGIONAL CLIMATE SUMMARY FOR FEBRUARY 23 2018...

CLIMATE NORMAL PERIOD 1981 TO 2010
CLIMATE RECORD PERIOD 1912 TO 2018


WEATHER ITEM   OBSERVED TIME   RECORD YEAR NORMAL DEPARTURE LAST
                VALUE   (LST)  VALUE       VALUE  FROM      YEAR
                                                  NORMAL
..................................................................
TEMPERATURE (F)
 YESTERDAY
  MAXIMUM         40    511 PM  93    1918  60    -20       88
  MINIMUM         33    759 AM   6    1914  35     -2       42
  AVERAGE         37                        47    -10       65

PRECIPITATION (IN)
  YESTERDAY        0.25          1.83 1985   0.04   0.21     0.00
  MONTH TO DATE    1.19                      1.13   0.06     2.85
  SINCE DEC 1      1.81                      4.02  -2.21     5.22
  SINCE JAN 1      1.23                      2.28  -1.05     4.41

SNOWFALL (IN)
  YESTERDAY        0.0

DEGREE DAYS
 HEATING
  YESTERDAY       28                        18     10        0
  MONTH TO DATE  552                       471     81      294
  SINCE DEC 1   2068                      1969     99     1721
  SINCE JUL 1   2548                      2532     16     2026

 COOLING
  YESTERDAY        0                         0      0        0
  MONTH TO DATE   11                         0     11        4
  SINCE DEC 1     11                         0     11        4
  SINCE JAN 1     11                         0     11        4
..................................................................


WIND (MPH)
  HIGHEST WIND SPEED    15   HIGHEST WIND DIRECTION     E (70)
  HIGHEST GUST SPEED    18   HIGHEST GUST DIRECTION     E (70)
  AVERAGE WIND SPEED     7.7


SKY COVER
  AVERAGE SKY COVER 1.0


WEATHER CONDITIONS
 THE FOLLOWING WEATHER WAS RECORDED YESTERDAY.
  THUNDERSTORM
  HEAVY RAIN
  LIGHT RAIN
  FOG
  FOG W/VISIBILITY <= 1/4 MILE


RELATIVE HUMIDITY (PERCENT)
 HIGHEST   100
 LOWEST     92
 AVERAGE    96

..........................................................


THE LAWTON-FORT SILL REGIONAL CLIMATE NORMALS FOR TODAY
                         NORMAL    RECORD    YEAR
 MAXIMUM TEMPERATURE (F)   60        95      1918
 MINIMUM TEMPERATURE (F)   35         4      1914


SUNRISE AND SUNSET
FEBRUARY 24 2018......SUNRISE   709 AM CST   SUNSET   625 PM CST
FEBRUARY 25 2018......SUNRISE   708 AM CST   SUNSET   626 PM CST


-  INDICATES NEGATIVE NUMBERS.
R  INDICATES RECORD WAS SET OR TIED.
MM INDICATES DATA IS MISSING.
T  INDICATES TRACE AMOUNT.




$$
