000
CDUS44 KOUN 182222
CLILAW

CLIMATE REPORT
NATIONAL WEATHER SERVICE NORMAN OK
520 PM CDT FRI OCT 18 2019


...................................

...THE LAWTON CLIMATE SUMMARY FOR OCTOBER 18 2019...
VALID TODAY AS OF 0500 PM LOCAL TIME.

CLIMATE NORMAL PERIOD 1981 TO 2010
CLIMATE RECORD PERIOD 1912 TO 2019


WEATHER ITEM   OBSERVED TIME   RECORD YEAR NORMAL DEPARTURE LAST
                VALUE   (LST)  VALUE       VALUE  FROM      YEAR
                                                  NORMAL
..................................................................
TEMPERATURE (F)
 TODAY
  MAXIMUM         81    301 PM  97    1972  76      5       59
  MINIMUM         42    429 AM  26    1948  50     -8       54
  AVERAGE         62                        63     -1       57

PRECIPITATION (IN)
  TODAY            0.00          4.25 1960   0.14  -0.14     0.18
  MONTH TO DATE    0.02                      2.19  -2.17     2.89
  SINCE SEP 1      2.17                      5.50  -3.33     7.04
  SINCE JAN 1     25.08                     26.18  -1.10    19.90

SNOWFALL (IN)
  TODAY            0.0

DEGREE DAYS
 HEATING
  TODAY            3                         4     -1        8
  MONTH TO DATE   66                        48     18       93
  SINCE SEP 1     66                        59      7      104
  SINCE JUL 1     66                        59      7      104

 COOLING
  TODAY            0                         2     -2        0
  MONTH TO DATE   94                        67     27       86
  SINCE SEP 1    607                       380    227      424
  SINCE JAN 1   2582                      2296    286     2672
..................................................................


WIND (MPH)
  HIGHEST WIND SPEED    25   HIGHEST WIND DIRECTION    SE (140)
  HIGHEST GUST SPEED    33   HIGHEST GUST DIRECTION    SE (140)
  AVERAGE WIND SPEED    10.5


SKY COVER
  AVERAGE SKY COVER 0.0


WEATHER CONDITIONS
 THE FOLLOWING WEATHER WAS RECORDED TODAY.
  NO SIGNIFICANT WEATHER WAS OBSERVED.


RELATIVE HUMIDITY (PERCENT)
 HIGHEST    92
 LOWEST     21
 AVERAGE    57

..........................................................


THE LAWTON CLIMATE NORMALS FOR TOMORROW
                         NORMAL    RECORD    YEAR
 MAXIMUM TEMPERATURE (F)   75        96      1940
 MINIMUM TEMPERATURE (F)   50        26      1917


SUNRISE AND SUNSET
OCTOBER 18 2019.......SUNRISE   742 AM CDT   SUNSET   656 PM CDT
OCTOBER 19 2019.......SUNRISE   742 AM CDT   SUNSET   654 PM CDT


-  INDICATES NEGATIVE NUMBERS.
R  INDICATES RECORD WAS SET OR TIED.
MM INDICATES DATA IS MISSING.
T  INDICATES TRACE AMOUNT.




$$
