000
CDUS44 KOUN 252212
CLILAW

CLIMATE REPORT
NATIONAL WEATHER SERVICE NORMAN OK
511 PM CDT MON MAY 25 2020


...................................

...THE LAWTON CLIMATE SUMMARY FOR MAY 25 2020...
VALID TODAY AS OF 0500 PM LOCAL TIME.

CLIMATE NORMAL PERIOD 1981 TO 2010
CLIMATE RECORD PERIOD 1912 TO 2020


WEATHER ITEM   OBSERVED TIME   RECORD YEAR NORMAL DEPARTURE LAST
                VALUE   (LST)  VALUE       VALUE  FROM      YEAR
                                                  NORMAL
..................................................................
TEMPERATURE (F)
 TODAY
  MAXIMUM         70    359 PM 100    2006  86    -16       87
  MINIMUM         61    326 AM  46    1947  63     -2       66
                                      1924
  AVERAGE         66                        74     -8       77

PRECIPITATION (IN)
  TODAY            0.01          3.80 1957   0.10  -0.09     0.01
  MONTH TO DATE    2.73                      3.58  -0.85     7.09
  SINCE MAR 1      9.73                      8.70   1.03    14.15
  SINCE JAN 1     13.33                     11.19   2.14    15.99

SNOWFALL (IN)
  TODAY            0.0

DEGREE DAYS
 HEATING
  TODAY            0                         0      0        0
  MONTH TO DATE   28                        22      6       30
  SINCE MAR 1    460                       531    -71      562
  SINCE JUL 1   3078                      3149    -71     3299

 COOLING
  TODAY            1                         9     -8       12
  MONTH TO DATE  166                       153     13      144
  SINCE MAR 1    236                       228      8      218
  SINCE JAN 1    236                       229      7      219
..................................................................


WIND (MPH)
  HIGHEST WIND SPEED    13   HIGHEST WIND DIRECTION     N (360)
  HIGHEST GUST SPEED    15   HIGHEST GUST DIRECTION     N (360)
  AVERAGE WIND SPEED     5.0


SKY COVER
  AVERAGE SKY COVER 0.6


WEATHER CONDITIONS
 THE FOLLOWING WEATHER WAS RECORDED TODAY.
  LIGHT RAIN


RELATIVE HUMIDITY (PERCENT)
 HIGHEST    90
 LOWEST     76
 AVERAGE    83

..........................................................


THE LAWTON CLIMATE NORMALS FOR TOMORROW
                         NORMAL    RECORD    YEAR
 MAXIMUM TEMPERATURE (F)   86       100      1990
                                             1963
 MINIMUM TEMPERATURE (F)   63        48      1992


SUNRISE AND SUNSET
MAY 25 2020...........SUNRISE   625 AM CDT   SUNSET   837 PM CDT
MAY 26 2020...........SUNRISE   624 AM CDT   SUNSET   838 PM CDT


-  INDICATES NEGATIVE NUMBERS.
R  INDICATES RECORD WAS SET OR TIED.
MM INDICATES DATA IS MISSING.
T  INDICATES TRACE AMOUNT.




$$
