000
CDUS44 KOUN 200648 RRB
CLILAW

CLIMATE REPORT
NATIONAL WEATHER SERVICE NORMAN OK
147 AM CDT SAT OCT 20 2018


...................................

...THE LAWTON CLIMATE SUMMARY FOR OCTOBER 19 2018...

CLIMATE NORMAL PERIOD 1981 TO 2010
CLIMATE RECORD PERIOD 1912 TO 2018


WEATHER ITEM   OBSERVED TIME   RECORD YEAR NORMAL DEPARTURE LAST
                VALUE   (LST)  VALUE       VALUE  FROM      YEAR
                                                  NORMAL
..................................................................
TEMPERATURE (F)
 YESTERDAY
  MAXIMUM         63    426 PM  96    1979  75    -12       82
                                      1940
  MINIMUM         51   1154 PM  26    1917  50      1       49
  AVERAGE         57                        63     -6       66

PRECIPITATION (IN)
  YESTERDAY        0.90          2.60 1920   0.13   0.77     0.00
  MONTH TO DATE    3.79                      2.32   1.47     0.68
  SINCE SEP 1      7.94                      5.63   2.31     7.40
  SINCE JAN 1     20.80                     26.31  -5.51    40.54

SNOWFALL (IN)
  YESTERDAY        0.0

DEGREE DAYS
 HEATING
  YESTERDAY        8                         4      4        0
  MONTH TO DATE  101                        52     49       40
  SINCE SEP 1    112                        63     49       42
  SINCE JUL 1    112                        63     49       42

 COOLING
  YESTERDAY        0                         2     -2        1
  MONTH TO DATE   86                        69     17      104
  SINCE SEP 1    424                       382     42      398
  SINCE JAN 1   2672                      2298    374     2140
..................................................................


WIND (MPH)
  HIGHEST WIND SPEED     9   HIGHEST WIND DIRECTION    SW (210)
  HIGHEST GUST SPEED    12   HIGHEST GUST DIRECTION    SW (210)
  AVERAGE WIND SPEED     3.8


SKY COVER
  AVERAGE SKY COVER 0.8


WEATHER CONDITIONS
 THE FOLLOWING WEATHER WAS RECORDED YESTERDAY.
  HEAVY RAIN
  RAIN
  LIGHT RAIN
  FOG
  FOG W/VISIBILITY <= 1/4 MILE


RELATIVE HUMIDITY (PERCENT)
 HIGHEST   100
 LOWEST     84
 AVERAGE    92

..........................................................


THE LAWTON CLIMATE NORMALS FOR TODAY
                         NORMAL    RECORD    YEAR
 MAXIMUM TEMPERATURE (F)   75        94      1979
 MINIMUM TEMPERATURE (F)   50        26      1917


SUNRISE AND SUNSET
OCTOBER 20 2018.......SUNRISE   743 AM CDT   SUNSET   653 PM CDT
OCTOBER 21 2018.......SUNRISE   744 AM CDT   SUNSET   652 PM CDT


-  INDICATES NEGATIVE NUMBERS.
R  INDICATES RECORD WAS SET OR TIED.
MM INDICATES DATA IS MISSING.
T  INDICATES TRACE AMOUNT.




$$
