715
CDUS44 KOUN 142216 RRB
CLILAW

CLIMATE REPORT
NATIONAL WEATHER SERVICE NORMAN OK
515 PM CDT TUE AUG 14 2018


...................................

...THE LAWTON CLIMATE SUMMARY FOR AUGUST 14 2018...
VALID TODAY AS OF 0500 PM LOCAL TIME.

CLIMATE NORMAL PERIOD 1981 TO 2010
CLIMATE RECORD PERIOD 1912 TO 2018


WEATHER ITEM   OBSERVED TIME   RECORD YEAR NORMAL DEPARTURE LAST
                VALUE   (LST)  VALUE       VALUE  FROM      YEAR
                                                  NORMAL
..................................................................
TEMPERATURE (F)
 TODAY
  MAXIMUM         95    341 PM 108    1956  98     -3       89
                                      1934
                                      1930
  MINIMUM         68    132 AM  58    1920  72     -4       70
  AVERAGE         82                        85     -3       80

PRECIPITATION (IN)
  TODAY            0.01          2.71 1971   0.08  -0.07     0.49
  MONTH TO DATE    1.00                      1.06  -0.06     4.06
  SINCE JUN 1      4.72                      7.21  -2.49    13.10
  SINCE JAN 1     12.14                     19.01  -6.87    28.17

SNOWFALL (IN)
  TODAY            0.0

DEGREE DAYS
 HEATING
  TODAY            0                         0      0        0
  MONTH TO DATE    0                         0      0        0
  SINCE JUN 1      0                         0      0        0
  SINCE JUL 1      0                         0      0        0

 COOLING
  TODAY           17                        20     -3       15
  MONTH TO DATE  245                       286    -41      213
  SINCE JUN 1   1480                      1320    160     1237
  SINCE JAN 1   1903                      1613    290     1515
..................................................................


WIND (MPH)
  HIGHEST WIND SPEED    20   HIGHEST WIND DIRECTION    SE (150)
  HIGHEST GUST SPEED    25   HIGHEST GUST DIRECTION     S (160)
  AVERAGE WIND SPEED     5.0


SKY COVER
  AVERAGE SKY COVER 0.4


WEATHER CONDITIONS
 THE FOLLOWING WEATHER WAS RECORDED TODAY.
  FOG


RELATIVE HUMIDITY (PERCENT)
 HIGHEST   100
 LOWEST     49
 AVERAGE    75

..........................................................


THE LAWTON CLIMATE NORMALS FOR TOMORROW
                         NORMAL    RECORD    YEAR
 MAXIMUM TEMPERATURE (F)   98       110      1956
 MINIMUM TEMPERATURE (F)   72        58      1992
                                             1929
                                             1920


SUNRISE AND SUNSET
AUGUST 14 2018........SUNRISE   654 AM CDT   SUNSET   822 PM CDT
AUGUST 15 2018........SUNRISE   654 AM CDT   SUNSET   821 PM CDT


-  INDICATES NEGATIVE NUMBERS.
R  INDICATES RECORD WAS SET OR TIED.
MM INDICATES DATA IS MISSING.
T  INDICATES TRACE AMOUNT.

$$
