000
CDUS44 KOUN 202312
CLILAW

CLIMATE REPORT
NATIONAL WEATHER SERVICE NORMAN OK
510 PM CST SUN JAN 20 2019


...................................

...THE LAWTON CLIMATE SUMMARY FOR JANUARY 20 2019...
VALID TODAY AS OF 0500 PM LOCAL TIME.

CLIMATE NORMAL PERIOD 1981 TO 2010
CLIMATE RECORD PERIOD 1912 TO 2019


WEATHER ITEM   OBSERVED TIME   RECORD YEAR NORMAL DEPARTURE LAST
                VALUE   (LST)  VALUE       VALUE  FROM      YEAR
                                                  NORMAL
..................................................................
TEMPERATURE (F)
 TODAY
  MAXIMUM         46    404 PM  82    1986  55     -9       72
  MINIMUM         22    743 AM   4    1985  28     -6       40
                                      1984
  AVERAGE         34                        41     -7       56

PRECIPITATION (IN)
  TODAY            0.00          1.00 1980   0.03  -0.03     0.00
  MONTH TO DATE    1.73                      0.67   1.06     0.03
  SINCE DEC 1      6.83                      2.41   4.42     0.61
  SINCE JAN 1      1.73                      0.67   1.06     0.03

SNOWFALL (IN)
  TODAY            0.0

DEGREE DAYS
 HEATING
  TODAY           31                        24      7        9
  MONTH TO DATE  485                       493     -8      592
  SINCE DEC 1   1187                      1241    -54     1310
  SINCE JUL 1   1900                      1804     96     1790

 COOLING
  TODAY            0                         0      0        0
  MONTH TO DATE    0                         0      0        0
  SINCE DEC 1      0                         0      0        0
  SINCE JAN 1      0                         0      0        0
..................................................................


WIND (MPH)
  HIGHEST WIND SPEED    13   HIGHEST WIND DIRECTION     S (180)
  HIGHEST GUST SPEED    16   HIGHEST GUST DIRECTION     S (180)
  AVERAGE WIND SPEED     4.9


SKY COVER
  AVERAGE SKY COVER 0.0


WEATHER CONDITIONS
 THE FOLLOWING WEATHER WAS RECORDED TODAY.
  NO SIGNIFICANT WEATHER WAS OBSERVED.


RELATIVE HUMIDITY (PERCENT)
 HIGHEST   100
 LOWEST     45
 AVERAGE    73

..........................................................


THE LAWTON CLIMATE NORMALS FOR TOMORROW
                         NORMAL    RECORD    YEAR
 MAXIMUM TEMPERATURE (F)   55        75      1967
 MINIMUM TEMPERATURE (F)   28         1      1930


SUNRISE AND SUNSET
JANUARY 20 2019.......SUNRISE   739 AM CST   SUNSET   551 PM CST
JANUARY 21 2019.......SUNRISE   738 AM CST   SUNSET   552 PM CST


-  INDICATES NEGATIVE NUMBERS.
R  INDICATES RECORD WAS SET OR TIED.
MM INDICATES DATA IS MISSING.
T  INDICATES TRACE AMOUNT.




$$
