000
CDUS46 KLOX 180113
CLILAX


CLIMATE REPORT
NATIONAL WEATHER SERVICE LOS ANGELES/OXNARD CA
612 PM PDT WED OCT 17 2018


...................................

...THE LOS ANGELES AIRPORT CLIMATE SUMMARY FOR OCTOBER 17 2018...
VALID TODAY AS OF 0600 PM LOCAL TIME.

CLIMATE NORMAL PERIOD 1981 TO 2010
CLIMATE RECORD PERIOD 1944 TO 2018


WEATHER ITEM   OBSERVED TIME   RECORD YEAR NORMAL DEPARTURE LAST
                VALUE   (LST)  VALUE       VALUE  FROM      YEAR
                                                  NORMAL
..................................................................
TEMPERATURE (F)
 TODAY
  MAXIMUM         81   1113 AM 100    1958  73      8       89
  MINIMUM         59    512 AM  48    1971  59      0       66
                                      1946
  AVERAGE         70                        66      4       78

PRECIPITATION (IN)
  TODAY            0.00          0.49 2004   0.02  -0.02     0.00
  MONTH TO DATE    0.58                      0.24   0.34     0.00
  SINCE OCT 1      0.58                      0.24   0.34     0.00
  SINCE JAN 1      4.26                      9.34  -5.08    12.15

SNOWFALL (IN)
  TODAY            0.0
  MONTH TO DATE    0.0
  SINCE SEP 1      0.0
  SINCE JUL 1      0.0

DEGREE DAYS
 HEATING
  TODAY            0                         1     -1        0
  MONTH TO DATE    0                        14    -14        0
  SINCE SEP 1      0                        19    -19        1
  SINCE JUL 1      0                        23    -23        1

 COOLING
  TODAY            5                         2      3       13
  MONTH TO DATE   76                        41     35       98
  SINCE SEP 1    236                       163     73      302
  SINCE JAN 1    972                       509    463      866
..................................................................


WIND (MPH)
  HIGHEST WIND SPEED    18   HIGHEST WIND DIRECTION     W (250)
  HIGHEST GUST SPEED    21   HIGHEST GUST DIRECTION     W (250)
  AVERAGE WIND SPEED     7.1


SKY COVER
  POSSIBLE SUNSHINE  MM
  AVERAGE SKY COVER 0.0


WEATHER CONDITIONS
 THE FOLLOWING WEATHER WAS RECORDED TODAY.
  NO SIGNIFICANT WEATHER WAS OBSERVED.


RELATIVE HUMIDITY (PERCENT)
 HIGHEST    60          1200 AM
 LOWEST     15          1100 AM
 AVERAGE    38

..........................................................


THE LOS ANGELES AIRPORT CLIMATE NORMALS FOR TOMORROW
                         NORMAL    RECORD    YEAR
 MAXIMUM TEMPERATURE (F)   72        89      1967
 MINIMUM TEMPERATURE (F)   59        49      1946


SUNRISE AND SUNSET
OCTOBER 17 2018.......SUNRISE   700 AM PDT   SUNSET   617 PM PDT
OCTOBER 18 2018.......SUNRISE   701 AM PDT   SUNSET   616 PM PDT


-  INDICATES NEGATIVE NUMBERS.
R  INDICATES RECORD WAS SET OR TIED.
MM INDICATES DATA IS MISSING.
T  INDICATES TRACE AMOUNT.




$$
