000
CDUS46 KLOX 240113
CLILAX


CLIMATE REPORT
NATIONAL WEATHER SERVICE LOS ANGELES/OXNARD CA
512 PM PST FRI FEB 23 2018


...................................

...THE LOS ANGELES AIRPORT CLIMATE SUMMARY FOR FEBRUARY 23 2018...
VALID TODAY AS OF 0500 PM LOCAL TIME.

CLIMATE NORMAL PERIOD 1981 TO 2010
CLIMATE RECORD PERIOD 1944 TO 2018


WEATHER ITEM   OBSERVED TIME   RECORD YEAR NORMAL DEPARTURE LAST
                VALUE   (LST)  VALUE       VALUE  FROM      YEAR
                                                  NORMAL
..................................................................
TEMPERATURE (F)
 TODAY
  MAXIMUM         59    346 PM  90    1954  64     -5       60
  MINIMUM         47    657 AM  42    1975  51     -4       48
                                      1951
                                      1945
  AVERAGE         53                        57     -4       54

PRECIPITATION (IN)
  TODAY            0.00          1.87 1998   0.11  -0.11     0.00
  MONTH TO DATE    T                         2.70  -2.70     3.97
  SINCE OCT 1      1.51                      9.13  -7.62    15.66
  SINCE JAN 1      1.40                      5.41  -4.01    11.41

SNOWFALL (IN)
  TODAY            0.0
  MONTH TO DATE    0.0
  SINCE DEC 1      0.0
  SINCE JUL 1      0.0

DEGREE DAYS
 HEATING
  TODAY           12                         8      4       11
  MONTH TO DATE  123                       184    -61      151
  SINCE DEC 1    358                       706   -348      634
  SINCE JUL 1    389                       888   -499      713

 COOLING
  TODAY            0                         0      0        0
  MONTH TO DATE    3                         0      3        0
  SINCE DEC 1     48                         5     43        2
  SINCE JAN 1     31                         4     27        0
..................................................................


WIND (MPH)
  HIGHEST WIND SPEED    26   HIGHEST WIND DIRECTION    NW (330)
  HIGHEST GUST SPEED    35   HIGHEST GUST DIRECTION     N (340)
  AVERAGE WIND SPEED    12.5


SKY COVER
  POSSIBLE SUNSHINE  MM
  AVERAGE SKY COVER 0.2


WEATHER CONDITIONS
 THE FOLLOWING WEATHER WAS RECORDED TODAY.
  NO SIGNIFICANT WEATHER WAS OBSERVED.


RELATIVE HUMIDITY (PERCENT)
 HIGHEST    66          1200 AM
 LOWEST     21           400 PM
 AVERAGE    44

..........................................................


THE LOS ANGELES AIRPORT CLIMATE NORMALS FOR TOMORROW
                         NORMAL    RECORD    YEAR
 MAXIMUM TEMPERATURE (F)   64        87      1986
 MINIMUM TEMPERATURE (F)   51        40      1987
                                             1960


SUNRISE AND SUNSET
FEBRUARY 23 2018......SUNRISE   629 AM PST   SUNSET   545 PM PST
FEBRUARY 24 2018......SUNRISE   628 AM PST   SUNSET   546 PM PST


-  INDICATES NEGATIVE NUMBERS.
R  INDICATES RECORD WAS SET OR TIED.
MM INDICATES DATA IS MISSING.
T  INDICATES TRACE AMOUNT.




$$
