000
CDUS46 KLOX 160901
CLILAX


CLIMATE REPORT
NATIONAL WEATHER SERVICE LOS ANGELES/OXNARD CA
201 AM PDT MON JUL 16 2018


...................................

...THE LOS ANGELES INTL AIRPORT CA CLIMATE SUMMARY FOR JULY 15 2018...

CLIMATE NORMAL PERIOD 1981 TO 2010
CLIMATE RECORD PERIOD 1944 TO 2018


WEATHER ITEM   OBSERVED TIME   RECORD YEAR NORMAL DEPARTURE LAST
                VALUE   (LST)  VALUE       VALUE  FROM      YEAR
                                                  NORMAL
..................................................................
TEMPERATURE (F)
 YESTERDAY
  MAXIMUM         78   1255 PM  86    2004  74      4       80
                                      1984
  MINIMUM         69   1034 PM  57    1948  64      5       65
  AVERAGE         74                        69      5       73

PRECIPITATION (IN)
  YESTERDAY        0.00          T    1976   0.00   0.00     0.00
                                      1962
                                      1950
  MONTH TO DATE    0.00                      0.01  -0.01     0.00
  SINCE OCT 1      3.79                     12.54  -8.75    16.32
  SINCE JAN 1      3.68                      8.82  -5.14    12.07

SNOWFALL (IN)
  YESTERDAY        0.0
  MONTH TO DATE    0.0
  SINCE JUN 1      0.0
  SINCE JUL 1      0.0

DEGREE DAYS
 HEATING
  YESTERDAY        0                         0      0        0
  MONTH TO DATE    0                         0      0        0
  SINCE JUN 1      1                        25    -24        4
  SINCE JUL 1      0                         0      0        0

 COOLING
  YESTERDAY        9                         4      5        8
  MONTH TO DATE  151                        52     99      102
  SINCE JUN 1    223                        94    129      165
  SINCE JAN 1    276                       134    142      223
..................................................................


WIND (MPH)
  HIGHEST WIND SPEED    16   HIGHEST WIND DIRECTION     W (260)
  HIGHEST GUST SPEED    21   HIGHEST GUST DIRECTION    SW (220)
  AVERAGE WIND SPEED     7.3


SKY COVER
  POSSIBLE SUNSHINE  MM
  AVERAGE SKY COVER 0.3


WEATHER CONDITIONS
 THE FOLLOWING WEATHER WAS RECORDED YESTERDAY.
  NO SIGNIFICANT WEATHER WAS OBSERVED.


RELATIVE HUMIDITY (PERCENT)
 HIGHEST    84          1200 AM
 LOWEST     62           100 PM
 AVERAGE    73

..........................................................


THE LOS ANGELES INTL AIRPORT CA CLIMATE NORMALS FOR TODAY
                         NORMAL    RECORD    YEAR
 MAXIMUM TEMPERATURE (F)   74        88      2006
 MINIMUM TEMPERATURE (F)   64        56      1946


SUNRISE AND SUNSET
JULY 16 2018..........SUNRISE   554 AM PDT   SUNSET   805 PM PDT
JULY 17 2018..........SUNRISE   555 AM PDT   SUNSET   804 PM PDT


-  INDICATES NEGATIVE NUMBERS.
R  INDICATES RECORD WAS SET OR TIED.
MM INDICATES DATA IS MISSING.
T  INDICATES TRACE AMOUNT.




$$
