000
CDUS46 KLOX 200122
CLILAX


CLIMATE REPORT
NATIONAL WEATHER SERVICE LOS ANGELES/OXNARD CA
621 PM PDT MON OCT 19 2020


...................................

...THE LOS ANGELES AIRPORT CLIMATE SUMMARY FOR OCTOBER 19 2020...
VALID TODAY AS OF 0600 PM LOCAL TIME.

CLIMATE NORMAL PERIOD 1981 TO 2010
CLIMATE RECORD PERIOD 1944 TO 2020


WEATHER ITEM   OBSERVED TIME   RECORD YEAR NORMAL DEPARTURE LAST
                VALUE   (LST)  VALUE       VALUE  FROM      YEAR
                                                  NORMAL
..................................................................
TEMPERATURE (F)
 TODAY
  MAXIMUM         74   1054 AM  93    1981  72      2       75
  MINIMUM         64    705 AM  47    1949  59      5       57
  AVERAGE         69                        66      3       66

PRECIPITATION (IN)
  TODAY            0.00          0.32 2004   0.02  -0.02     0.00
  MONTH TO DATE    0.00                      0.28  -0.28     0.00
  SINCE OCT 1      0.00                      0.28  -0.28     0.00
  SINCE JAN 1      7.29                      9.38  -2.09    12.87

SNOWFALL (IN)
  TODAY            0.0
  MONTH TO DATE    0.0
  SINCE SEP 1      0.0
  SINCE JUL 1      0.0

DEGREE DAYS
 HEATING
  TODAY            0                         1     -1        0
  MONTH TO DATE    0                        16    -16        3
  SINCE SEP 1      0                        21    -21        3
  SINCE JUL 1      2                        25    -23        3

 COOLING
  TODAY            4                         2      2        1
  MONTH TO DATE  140                        45     95       72
  SINCE SEP 1    321                       167    154      334
  SINCE JAN 1    845                       513    332      731
..................................................................


WIND (MPH)
  HIGHEST WIND SPEED    15   HIGHEST WIND DIRECTION     W (260)
  HIGHEST GUST SPEED    19   HIGHEST GUST DIRECTION     W (260)
  AVERAGE WIND SPEED     8.1


SKY COVER
  POSSIBLE SUNSHINE  MM
  AVERAGE SKY COVER 0.6


WEATHER CONDITIONS
 THE FOLLOWING WEATHER WAS RECORDED TODAY.
  FOG
  HAZE


RELATIVE HUMIDITY (PERCENT)
 HIGHEST    87          1200 AM
 LOWEST     64          1100 AM
 AVERAGE    76

..........................................................


THE LOS ANGELES AIRPORT CLIMATE NORMALS FOR TOMORROW
                         NORMAL    RECORD    YEAR
 MAXIMUM TEMPERATURE (F)   72        97      2016
 MINIMUM TEMPERATURE (F)   59        45      1949


SUNRISE AND SUNSET
OCTOBER 19 2020.......SUNRISE   702 AM PDT   SUNSET   614 PM PDT
OCTOBER 20 2020.......SUNRISE   703 AM PDT   SUNSET   613 PM PDT


-  INDICATES NEGATIVE NUMBERS.
R  INDICATES RECORD WAS SET OR TIED.
MM INDICATES DATA IS MISSING.
T  INDICATES TRACE AMOUNT.




$$
