000
CDUS46 KLOX 280129
CLILAX


CLIMATE REPORT
NATIONAL WEATHER SERVICE LOS ANGELES/OXNARD CA
628 PM PDT WED MAY 27 2020


...................................

...THE LOS ANGELES AIRPORT CLIMATE SUMMARY FOR MAY 27 2020...
VALID TODAY AS OF 0600 PM LOCAL TIME.

CLIMATE NORMAL PERIOD 1981 TO 2010
CLIMATE RECORD PERIOD 1944 TO 2020


WEATHER ITEM   OBSERVED TIME   RECORD YEAR NORMAL DEPARTURE LAST
                VALUE   (LST)  VALUE       VALUE  FROM      YEAR
                                                  NORMAL
..................................................................
TEMPERATURE (F)
 TODAY
  MAXIMUM         69   1236 PM  83    1968  68      1       66
  MINIMUM         57    435 AM  50    2019  58     -1       50
                                      1953
                                      1946
  AVERAGE         63                        63      0       58

PRECIPITATION (IN)
  TODAY            0.00          0.06 1990   0.00   0.00     0.00
  MONTH TO DATE    0.12                      0.20  -0.08     0.73
  SINCE OCT 1     13.14                     12.43   0.71    16.94
  SINCE JAN 1      7.29                      8.71  -1.42    12.82

SNOWFALL (IN)
  TODAY            0.0
  MONTH TO DATE    0.0
  SINCE MAR 1      0.0
  SINCE JUL 1      0.0

DEGREE DAYS
 HEATING
  TODAY            2                         2      0        7
  MONTH TO DATE   11                        78    -67       74
  SINCE MAR 1    244                       457   -213      321
  SINCE JUL 1    823                      1386   -563     1085

 COOLING
  TODAY            0                         0      0        0
  MONTH TO DATE   53                         4     49        2
  SINCE MAR 1    101                        21     80       27
  SINCE JAN 1    136                        30    106       27
..................................................................


WIND (MPH)
  HIGHEST WIND SPEED    17   HIGHEST WIND DIRECTION     W (270)
  HIGHEST GUST SPEED    25   HIGHEST GUST DIRECTION     S (190)
  AVERAGE WIND SPEED     7.2


SKY COVER
  POSSIBLE SUNSHINE  MM
  AVERAGE SKY COVER 0.8


WEATHER CONDITIONS
 THE FOLLOWING WEATHER WAS RECORDED TODAY.
  FOG
  FOG W/VISIBILITY <= 1/4 MILE
  HAZE


RELATIVE HUMIDITY (PERCENT)
 HIGHEST   100           200 AM
 LOWEST     66          1200 PM
 AVERAGE    83

..........................................................


THE LOS ANGELES AIRPORT CLIMATE NORMALS FOR TOMORROW
                         NORMAL    RECORD    YEAR
 MAXIMUM TEMPERATURE (F)   69        84      1973
 MINIMUM TEMPERATURE (F)   59        50      1946
                                             1945


SUNRISE AND SUNSET
MAY 27 2020...........SUNRISE   545 AM PDT   SUNSET   757 PM PDT
MAY 28 2020...........SUNRISE   545 AM PDT   SUNSET   758 PM PDT


-  INDICATES NEGATIVE NUMBERS.
R  INDICATES RECORD WAS SET OR TIED.
MM INDICATES DATA IS MISSING.
T  INDICATES TRACE AMOUNT.




$$
