000
CDUS46 KLOX 251245
CLILAX


CLIMATE REPORT
NATIONAL WEATHER SERVICE LOS ANGELES/OXNARD CA
545 AM PDT WED APR 25 2018


...................................

...THE LOS ANGELES INTL AIRPORT CA CLIMATE SUMMARY FOR APRIL 24 2018...

CLIMATE NORMAL PERIOD 1981 TO 2010
CLIMATE RECORD PERIOD 1944 TO 2018


WEATHER ITEM   OBSERVED TIME   RECORD YEAR NORMAL DEPARTURE LAST
                VALUE   (LST)  VALUE       VALUE  FROM      YEAR
                                                  NORMAL
..................................................................
TEMPERATURE (F)
 YESTERDAY
  MAXIMUM         64    922 AM  82    1995  67     -3       68
  MINIMUM         53    317 AM  47    1963  55     -2       58
                                      1960
  AVERAGE         59                        61     -2       63

PRECIPITATION (IN)
  YESTERDAY        0.00          0.10 1983   0.01  -0.01     0.00
  MONTH TO DATE    0.05                      0.60  -0.55     0.38
  SINCE OCT 1      3.73                     12.13  -8.40    16.19
  SINCE JAN 1      3.62                      8.41  -4.79    11.94

SNOWFALL (IN)
  YESTERDAY        0.0
  MONTH TO DATE    0.0
  SINCE MAR 1      0.0
  SINCE JUL 1      0.0

DEGREE DAYS
 HEATING
  YESTERDAY        6                         5      1        2
  MONTH TO DATE   76                       133    -57       66
  SINCE MAR 1    265                       354    -89      178
  SINCE JUL 1    714                      1283   -569      951

 COOLING
  YESTERDAY        0                         1     -1        0
  MONTH TO DATE   19                         3     16       13
  SINCE MAR 1     19                         9     10       15
  SINCE JAN 1     50                        18     32       15
..................................................................


WIND (MPH)
  HIGHEST WIND SPEED    17   HIGHEST WIND DIRECTION     W (270)
  HIGHEST GUST SPEED    20   HIGHEST GUST DIRECTION     W (270)
  AVERAGE WIND SPEED     6.6


SKY COVER
  POSSIBLE SUNSHINE  MM
  AVERAGE SKY COVER 0.6


WEATHER CONDITIONS
 THE FOLLOWING WEATHER WAS RECORDED YESTERDAY.
  FOG
  HAZE


RELATIVE HUMIDITY (PERCENT)
 HIGHEST    93          1200 AM
 LOWEST     67           100 PM
 AVERAGE    80

..........................................................


THE LOS ANGELES INTL AIRPORT CA CLIMATE NORMALS FOR TODAY
                         NORMAL    RECORD    YEAR
 MAXIMUM TEMPERATURE (F)   67        80      1992
 MINIMUM TEMPERATURE (F)   55        46      1974
                                             1960


SUNRISE AND SUNSET
APRIL 25 2018.........SUNRISE   611 AM PDT   SUNSET   733 PM PDT
APRIL 26 2018.........SUNRISE   610 AM PDT   SUNSET   733 PM PDT


-  INDICATES NEGATIVE NUMBERS.
R  INDICATES RECORD WAS SET OR TIED.
MM INDICATES DATA IS MISSING.
T  INDICATES TRACE AMOUNT.




$$
