000
CDUS46 KLOX 160858
CLILAX


CLIMATE REPORT
NATIONAL WEATHER SERVICE LOS ANGELES/OXNARD CA
1257 AM PST WED JAN 16 2019


...................................

...THE LOS ANGELES INTL AIRPORT CA CLIMATE SUMMARY FOR JANUARY 15 2019...

CLIMATE NORMAL PERIOD 1981 TO 2010
CLIMATE RECORD PERIOD 1944 TO 2019


WEATHER ITEM   OBSERVED TIME   RECORD YEAR NORMAL DEPARTURE LAST
                VALUE   (LST)  VALUE       VALUE  FROM      YEAR
                                                  NORMAL
..................................................................
TEMPERATURE (F)
 YESTERDAY
  MAXIMUM         59    159 PM  86    1976  65     -6       64
  MINIMUM         50    401 AM  35    2007  49      1       52
                                      1949
  AVERAGE         55                        57     -2       58

PRECIPITATION (IN)
  YESTERDAY        0.69          1.61 1952   0.09   0.60     0.00
  MONTH TO DATE    3.47                      1.35   2.12     1.40
  SINCE OCT 1      7.59                      5.07   2.52     1.51
  SINCE JAN 1      3.47                      1.35   2.12     1.40

SNOWFALL (IN)
  YESTERDAY        0.0
  MONTH TO DATE    0.0
  SINCE DEC 1      0.0
  SINCE JUL 1      0.0

DEGREE DAYS
 HEATING
  YESTERDAY       10                         8      2        7
  MONTH TO DATE  149                       131     18       49
  SINCE DEC 1    339                       391    -52      168
  SINCE JUL 1    375                       573   -198      199

 COOLING
  YESTERDAY        0                         0      0        0
  MONTH TO DATE    0                         0      0       13
  SINCE DEC 1      0                         1     -1       30
  SINCE JAN 1      0                         0      0       13
..................................................................


WIND (MPH)
  HIGHEST WIND SPEED    17   HIGHEST WIND DIRECTION     E (100)
  HIGHEST GUST SPEED    24   HIGHEST GUST DIRECTION     E (90)
  AVERAGE WIND SPEED     8.6


SKY COVER
  POSSIBLE SUNSHINE  MM
  AVERAGE SKY COVER 0.9


WEATHER CONDITIONS
 THE FOLLOWING WEATHER WAS RECORDED YESTERDAY.
  HEAVY RAIN
  RAIN
  LIGHT RAIN
  FOG


RELATIVE HUMIDITY (PERCENT)
 HIGHEST    96           500 AM
 LOWEST     72          1200 PM
 AVERAGE    84

..........................................................


THE LOS ANGELES INTL AIRPORT CA CLIMATE NORMALS FOR TODAY
                         NORMAL    RECORD    YEAR
 MAXIMUM TEMPERATURE (F)   65        88      1976
 MINIMUM TEMPERATURE (F)   49        31      1947


SUNRISE AND SUNSET
JANUARY 16 2019.......SUNRISE   658 AM PST   SUNSET   509 PM PST
JANUARY 17 2019.......SUNRISE   658 AM PST   SUNSET   509 PM PST


-  INDICATES NEGATIVE NUMBERS.
R  INDICATES RECORD WAS SET OR TIED.
MM INDICATES DATA IS MISSING.
T  INDICATES TRACE AMOUNT.




$$
