000
CDUS44 KLUB 280627
CLILBB


CLIMATE REPORT
NATIONAL WEATHER SERVICE LUBBOCK, TX
1226 AM CST FRI FEB 28 2020


...................................

...THE LUBBOCK CLIMATE SUMMARY FOR FEBRUARY 27 2020...

CLIMATE NORMAL PERIOD 1981 TO 2010
CLIMATE RECORD PERIOD 1911 TO 2020


WEATHER ITEM   OBSERVED TIME   RECORD YEAR NORMAL DEPARTURE LAST
                VALUE   (LST)  VALUE       VALUE  FROM      YEAR
                                                  NORMAL
..................................................................
TEMPERATURE (F)
 YESTERDAY
  MAXIMUM         66    355 PM  81    2006  62      4       60
                                      1932
  MINIMUM         26    408 AM  10    1934  33     -7       28
  AVERAGE         46                        47     -1       44

PRECIPITATION (IN)
  YESTERDAY        0.00          0.76 1944   0.03  -0.03     0.00
  MONTH TO DATE    0.51                      0.72  -0.21     0.04
  SINCE DEC 1      1.53                      2.13  -0.60     1.48
  SINCE JAN 1      0.88                      1.37  -0.49     0.04

SNOWFALL (IN)
  YESTERDAY        0.0           4.6  2015   0.0    0.0      0.0
  MONTH TO DATE    1.1                       1.6   -0.5      0.0
  SINCE DEC 1      2.1                       6.5   -4.4     10.1
  SINCE JUL 1      2.2                       7.4   -5.2     10.1
  SNOW DEPTH       0

DEGREE DAYS
 HEATING
  YESTERDAY       19                        18      1       21
  MONTH TO DATE  614                       558     56      523
  SINCE DEC 1   1865                      2081   -216     1966
  SINCE JUL 1   2659                      2723    -64     2745

 COOLING
  YESTERDAY        0                         0      0        0
  MONTH TO DATE    0                         0      0        0
  SINCE DEC 1      0                         0      0        0
  SINCE JAN 1      0                         0      0        0
..................................................................


WIND (MPH)
  RESULTANT WIND SPEED   5   RESULTANT WIND DIRECTION   W (280)
  HIGHEST WIND SPEED    22   HIGHEST WIND DIRECTION    NW (330)
  HIGHEST GUST SPEED    27   HIGHEST GUST DIRECTION    NW (320)
  AVERAGE WIND SPEED    10.5


SKY COVER
  AVERAGE SKY COVER 0.0


WEATHER CONDITIONS
 THE FOLLOWING WEATHER WAS RECORDED YESTERDAY.
  NO SIGNIFICANT WEATHER WAS OBSERVED.


RELATIVE HUMIDITY (PERCENT)
 HIGHEST    50           400 AM
 LOWEST     12           300 PM
 AVERAGE    31

..........................................................


THE LUBBOCK CLIMATE NORMALS FOR TODAY
                         NORMAL    RECORD    YEAR
 MAXIMUM TEMPERATURE (F)   62        89      2006
 MINIMUM TEMPERATURE (F)   33         7      1962
                                             1922


SUNRISE AND SUNSET
FEBRUARY 28 2020......SUNRISE   717 AM CST   SUNSET   643 PM CST
FEBRUARY 29 2020......SUNRISE   716 AM CST   SUNSET   644 PM CST


-  INDICATES NEGATIVE NUMBERS.
R  INDICATES RECORD WAS SET OR TIED.
MM INDICATES DATA IS MISSING.
T  INDICATES TRACE AMOUNT.




$$
