000
CDUS44 KLUB 180627
CLILBB


CLIMATE REPORT
NATIONAL WEATHER SERVICE LUBBOCK, TX
126 AM CDT FRI OCT 18 2019


...................................

...THE LUBBOCK CLIMATE SUMMARY FOR OCTOBER 17 2019...

CLIMATE NORMAL PERIOD 1981 TO 2010
CLIMATE RECORD PERIOD 1911 TO 2019


WEATHER ITEM   OBSERVED TIME   RECORD YEAR NORMAL DEPARTURE LAST
                VALUE   (LST)  VALUE       VALUE  FROM      YEAR
                                                  NORMAL
..................................................................
TEMPERATURE (F)
 YESTERDAY
  MAXIMUM         79    432 PM  94    2016  75      4       58
  MINIMUM         42    515 AM  32    1999  48     -6       46
                                      1976
  AVERAGE         61                        61      0       52

PRECIPITATION (IN)
  YESTERDAY        0.00          3.46 1960   0.06  -0.06      T
  MONTH TO DATE    1.09                      1.16  -0.07     3.00
  SINCE SEP 1      7.06                      3.67   3.39     6.26
  SINCE JAN 1     22.65                     16.74   5.91    12.11

SNOWFALL (IN)
  YESTERDAY       MM             0.6  1999   0.0   MM        0.0
  MONTH TO DATE    0.0                       0.0    0.0      0.0
  SINCE SEP 1      0.0                       0.0    0.0      0.0
  SINCE JUL 1      0.0                       0.0    0.0      0.0
  SNOW DEPTH       0

DEGREE DAYS
 HEATING
  YESTERDAY        4                         5     -1       13
  MONTH TO DATE   70                        61      9      119
  SINCE SEP 1     70                        84    -14      130
  SINCE JUL 1     70                        84    -14      130

 COOLING
  YESTERDAY        0                         1     -1        0
  MONTH TO DATE   49                        42      7       58
  SINCE SEP 1    432                       265    167      309
  SINCE JAN 1   2150                      1791    359     2422
..................................................................


WIND (MPH)
  RESULTANT WIND SPEED   9   RESULTANT WIND DIRECTION   S (200)
  HIGHEST WIND SPEED    21   HIGHEST WIND DIRECTION     S (160)
  HIGHEST GUST SPEED    25   HIGHEST GUST DIRECTION     S (160)
  AVERAGE WIND SPEED    10.7


SKY COVER
  AVERAGE SKY COVER 0.2


WEATHER CONDITIONS
 THE FOLLOWING WEATHER WAS RECORDED YESTERDAY.
  NO SIGNIFICANT WEATHER WAS OBSERVED.


RELATIVE HUMIDITY (PERCENT)
 HIGHEST    70           700 AM
 LOWEST     24           200 PM
 AVERAGE    47

..........................................................


THE LUBBOCK CLIMATE NORMALS FOR TODAY
                         NORMAL    RECORD    YEAR
 MAXIMUM TEMPERATURE (F)   75        90      2001
                                             1943
 MINIMUM TEMPERATURE (F)   47        32      1968


SUNRISE AND SUNSET
OCTOBER 18 2019.......SUNRISE   754 AM CDT   SUNSET   710 PM CDT
OCTOBER 19 2019.......SUNRISE   755 AM CDT   SUNSET   709 PM CDT


-  INDICATES NEGATIVE NUMBERS.
R  INDICATES RECORD WAS SET OR TIED.
MM INDICATES DATA IS MISSING.
T  INDICATES TRACE AMOUNT.




$$
