000
CDUS44 KLUB 150626
CLILBB


CLIMATE REPORT
NATIONAL WEATHER SERVICE LUBBOCK, TX
126 AM CDT WED AUG 15 2018


...................................

...THE LUBBOCK CLIMATE SUMMARY FOR AUGUST 14 2018...

CLIMATE NORMAL PERIOD 1981 TO 2010
CLIMATE RECORD PERIOD 1911 TO 2018


WEATHER ITEM   OBSERVED TIME   RECORD YEAR NORMAL DEPARTURE LAST
                VALUE   (LST)  VALUE       VALUE  FROM      YEAR
                                                  NORMAL
..................................................................
TEMPERATURE (F)
 YESTERDAY
  MAXIMUM         93    506 PM 103    1946  92      1       89
  MINIMUM         66    637 AM  53    1920  67     -1       66
  AVERAGE         80                        80      0       78

PRECIPITATION (IN)
  YESTERDAY        0.00          0.88 1990   0.06  -0.06     0.25
  MONTH TO DATE    0.35                      0.85  -0.50     2.56
  SINCE JUN 1      2.59                      5.80  -3.21    10.18
  SINCE JAN 1      4.95                     12.01  -7.06    15.67

SNOWFALL (IN)
  YESTERDAY        0.0           0.0  2002   0.0    0.0      0.0
  MONTH TO DATE    0.0                       0.0    0.0      0.0
  SINCE JUN 1      0.0                       0.0    0.0       T
  SINCE JUL 1      0.0                       0.0    0.0      0.0
  SNOW DEPTH       0

DEGREE DAYS
 HEATING
  YESTERDAY        0                         0      0        0
  MONTH TO DATE    0                         0      0        0
  SINCE JUN 1      0                         2     -2        0
  SINCE JUL 1      0                         0      0        0

 COOLING
  YESTERDAY       15                        14      1       13
  MONTH TO DATE  215                       209      6      173
  SINCE JUN 1   1316                      1056    260     1155
  SINCE JAN 1   1811                      1302    509     1457
..................................................................


WIND (MPH)
  RESULTANT WIND SPEED  11   RESULTANT WIND DIRECTION   S (180)
  HIGHEST WIND SPEED    22   HIGHEST WIND DIRECTION     S (190)
  HIGHEST GUST SPEED    27   HIGHEST GUST DIRECTION     S (200)
  AVERAGE WIND SPEED    12.0


SKY COVER
  AVERAGE SKY COVER 0.3


WEATHER CONDITIONS
 THE FOLLOWING WEATHER WAS RECORDED YESTERDAY.
  FOG
  HAZE


RELATIVE HUMIDITY (PERCENT)
 HIGHEST    93           700 AM
 LOWEST     30           500 PM
 AVERAGE    62

..........................................................


THE LUBBOCK CLIMATE NORMALS FOR TODAY
                         NORMAL    RECORD    YEAR
 MAXIMUM TEMPERATURE (F)   92       103      1982
 MINIMUM TEMPERATURE (F)   67        56      1920


SUNRISE AND SUNSET
AUGUST 15 2018........SUNRISE   709 AM CDT   SUNSET   833 PM CDT
AUGUST 16 2018........SUNRISE   710 AM CDT   SUNSET   832 PM CDT


-  INDICATES NEGATIVE NUMBERS.
R  INDICATES RECORD WAS SET OR TIED.
MM INDICATES DATA IS MISSING.
T  INDICATES TRACE AMOUNT.




$$
