000
CDUS44 KLUB 210626
CLILBB

CLIMATE REPORT
NATIONAL WEATHER SERVICE LUBBOCK TX
126 AM CDT WED OCT 21 2020

...................................

...THE LUBBOCK CLIMATE SUMMARY FOR OCTOBER 20 2020...

CLIMATE NORMAL PERIOD 1981 TO 2010
CLIMATE RECORD PERIOD 1911 TO 2020


WEATHER ITEM   OBSERVED TIME   RECORD YEAR NORMAL DEPARTURE LAST
                VALUE   (LST)  VALUE       VALUE  FROM      YEAR
                                                  NORMAL
...................................................................
TEMPERATURE (F)
 YESTERDAY
  MAXIMUM         87    434 PM  93    2012  74     13       84
  MINIMUM         45    441 AM  25    1916  47     -2       51
  AVERAGE         66                        60      6       68

PRECIPITATION (IN)
  YESTERDAY        0.01          2.20 1957   0.06  -0.05     0.00
  MONTH TO DATE    0.01                      1.35  -1.34     1.10
  SINCE SEP 1      1.05                      3.86  -2.81     7.07
  SINCE JAN 1     10.62                     16.93  -6.31    22.66

SNOWFALL (IN)
  YESTERDAY        0.0           0.0  2002   0.0    0.0      0.0
  MONTH TO DATE    0.0                       0.0    0.0      0.0
  SINCE SEP 1      0.0                       0.0    0.0      0.0
  SINCE JUL 1      0.0                       0.0    0.0      0.0
  SNOW DEPTH       0

DEGREE DAYS
 HEATING
  YESTERDAY        0                         6     -6        0
  MONTH TO DATE   42                        78    -36       72
  SINCE SEP 1     94                       101     -7       72
  SINCE JUL 1     94                       101     -7       72

 COOLING
  YESTERDAY        1                         1      0        3
  MONTH TO DATE   79                        45     34       59
  SINCE SEP 1    294                       268     26      442
  SINCE JAN 1   2285                      1794    491     2160
...................................................................


WIND (MPH)
  RESULTANT WIND SPEED   9   RESULTANT WIND DIRECTION   S (160)
  HIGHEST WIND SPEED    20   HIGHEST WIND DIRECTION     S (170)
  HIGHEST GUST SPEED    26   HIGHEST GUST DIRECTION     S (180)
  AVERAGE WIND SPEED    10.5


SKY COVER
  AVERAGE SKY COVER 0.4


WEATHER CONDITIONS
THE FOLLOWING WEATHER WAS RECORDED YESTERDAY.
  LIGHT RAIN
  FOG
  FOG W/VISIBILITY <= 1/4 MILE


RELATIVE HUMIDITY (PERCENT)
 HIGHEST   100           900 AM
 LOWEST     31           500 PM
 AVERAGE    66

..........................................................


THE LUBBOCK CLIMATE NORMALS FOR TODAY
                         NORMAL    RECORD    YEAR
 MAXIMUM TEMPERATURE (F)   74        90      2003
 MINIMUM TEMPERATURE (F)   46        26      1917


SUNRISE AND SUNSET
OCTOBER 21 2020.......SUNRISE   757 AM CDT   SUNSET   706 PM CDT
OCTOBER 22 2020.......SUNRISE   758 AM CDT   SUNSET   705 PM CDT


-  INDICATES NEGATIVE NUMBERS.
R  INDICATES RECORD WAS SET OR TIED.
MM INDICATES DATA IS MISSING.
T  INDICATES TRACE AMOUNT.




$$
