000
CDUS44 KLUB 210226
CLILBB


CLIMATE REPORT
NATIONAL WEATHER SERVICE LUBBOCK, TX
825 PM CST SUN JAN 20 2019


...................................

...THE LUBBOCK CLIMATE SUMMARY FOR JANUARY 20 2019...
VALID TODAY AS OF 0800 PM LOCAL TIME.

CLIMATE NORMAL PERIOD 1981 TO 2010
CLIMATE RECORD PERIOD 1911 TO 2019


WEATHER ITEM   OBSERVED TIME   RECORD YEAR NORMAL DEPARTURE LAST
                VALUE   (LST)  VALUE       VALUE  FROM      YEAR
                                                  NORMAL
..................................................................
TEMPERATURE (F)
 TODAY
  MAXIMUM         63    426 PM  78    1986  54      9       77
  MINIMUM         26    806 AM   7    1940  27     -1       29
  AVERAGE         45                        40      5       53

PRECIPITATION (IN)
  TODAY            0.00          1.13 1983   0.02  -0.02     0.00
  MONTH TO DATE    T                         0.38  -0.38      T
  SINCE DEC 1      1.44                      1.14   0.30      T
  SINCE JAN 1      T                         0.38  -0.38      T

SNOWFALL (IN)
  TODAY            0.0          11.4  1983   0.1   -0.1      0.0
  MONTH TO DATE    0.1                       1.6   -1.5       T
  SINCE DEC 1     10.1                       3.9    6.2      0.3
  SINCE JUL 1     10.1                       4.8    5.3      0.3
  SNOW DEPTH       0

DEGREE DAYS
 HEATING
  TODAY           20                        25     -5       12
  MONTH TO DATE  416                       504    -88      546
  SINCE DEC 1   1169                      1260    -91     1252
  SINCE JUL 1   1948                      1902     46     1758

 COOLING
  TODAY            0                         0      0        0
  MONTH TO DATE    0                         0      0        0
  SINCE DEC 1      0                         0      0        0
  SINCE JAN 1      0                         0      0        0
..................................................................


WIND (MPH)
  RESULTANT WIND SPEED  10   RESULTANT WIND DIRECTION   S (190)
  HIGHEST WIND SPEED    20   HIGHEST WIND DIRECTION    SW (210)
  HIGHEST GUST SPEED    24   HIGHEST GUST DIRECTION     S (200)
  AVERAGE WIND SPEED    11.3


SKY COVER
  AVERAGE SKY COVER 0.7


WEATHER CONDITIONS
 THE FOLLOWING WEATHER WAS RECORDED TODAY.
  NO SIGNIFICANT WEATHER WAS OBSERVED.


RELATIVE HUMIDITY (PERCENT)
 HIGHEST    78           200 AM
 LOWEST     19           500 PM
 AVERAGE    49

..........................................................


THE LUBBOCK CLIMATE NORMALS FOR TOMORROW
                         NORMAL    RECORD    YEAR
 MAXIMUM TEMPERATURE (F)   55        81      1950
 MINIMUM TEMPERATURE (F)   27        -4      1918


SUNRISE AND SUNSET
JANUARY 20 2019.......SUNRISE   750 AM CST   SUNSET   607 PM CST
JANUARY 21 2019.......SUNRISE   750 AM CST   SUNSET   608 PM CST


-  INDICATES NEGATIVE NUMBERS.
R  INDICATES RECORD WAS SET OR TIED.
MM INDICATES DATA IS MISSING.
T  INDICATES TRACE AMOUNT.




$$
