000
CDUS44 KLUB 220125
CLILBB


CLIMATE REPORT
NATIONAL WEATHER SERVICE LUBBOCK, TX
825 PM CDT SUN OCT 21 2018


...................................

...THE LUBBOCK CLIMATE SUMMARY FOR OCTOBER 21 2018...
VALID TODAY AS OF 0800 PM LOCAL TIME.

CLIMATE NORMAL PERIOD 1981 TO 2010
CLIMATE RECORD PERIOD 1911 TO 2018


WEATHER ITEM   OBSERVED TIME   RECORD YEAR NORMAL DEPARTURE LAST
                VALUE   (LST)  VALUE       VALUE  FROM      YEAR
                                                  NORMAL
..................................................................
TEMPERATURE (F)
 TODAY
  MAXIMUM         67    315 PM  90    2003  74     -7       85
  MINIMUM         41    620 AM  26    1917  46     -5       50
  AVERAGE         54                        60     -6       68

PRECIPITATION (IN)
  TODAY            0.00          2.91 1969   0.07  -0.07     0.01
  MONTH TO DATE    3.83                      1.42   2.41     0.43
  SINCE SEP 1      7.09                      3.93   3.16     3.89
  SINCE JAN 1     12.94                     17.00  -4.06    21.85

SNOWFALL (IN)
  TODAY            0.0           4.1  1911   0.0    0.0      0.0
  MONTH TO DATE    0.0                       0.0    0.0      0.0
  SINCE SEP 1      0.0                       0.0    0.0      0.0
  SINCE JUL 1      0.0                       0.0    0.0      0.0
  SNOW DEPTH       0

DEGREE DAYS
 HEATING
  TODAY           11                         6      5        0
  MONTH TO DATE  160                        84     76       50
  SINCE SEP 1    171                       107     64       75
  SINCE JUL 1    171                       107     64       75

 COOLING
  TODAY            0                         1     -1        3
  MONTH TO DATE   58                        46     12       85
  SINCE SEP 1    309                       269     40      335
  SINCE JAN 1   2422                      1795    627     1980
..................................................................


WIND (MPH)
  RESULTANT WIND SPEED   6   RESULTANT WIND DIRECTION   S (200)
  HIGHEST WIND SPEED    18   HIGHEST WIND DIRECTION    SW (210)
  HIGHEST GUST SPEED    23   HIGHEST GUST DIRECTION    SW (210)
  AVERAGE WIND SPEED     7.2


SKY COVER
  AVERAGE SKY COVER 0.6


WEATHER CONDITIONS
 THE FOLLOWING WEATHER WAS RECORDED TODAY.
  HAZE


RELATIVE HUMIDITY (PERCENT)
 HIGHEST    89           400 AM
 LOWEST     34           300 PM
 AVERAGE    62

..........................................................


THE LUBBOCK CLIMATE NORMALS FOR TOMORROW
                         NORMAL    RECORD    YEAR
 MAXIMUM TEMPERATURE (F)   74        89      1961
 MINIMUM TEMPERATURE (F)   46        28      1945


SUNRISE AND SUNSET
OCTOBER 21 2018.......SUNRISE   757 AM CDT   SUNSET   706 PM CDT
OCTOBER 22 2018.......SUNRISE   758 AM CDT   SUNSET   705 PM CDT


-  INDICATES NEGATIVE NUMBERS.
R  INDICATES RECORD WAS SET OR TIED.
MM INDICATES DATA IS MISSING.
T  INDICATES TRACE AMOUNT.




$$
