896
CDUS44 KLUB 222345
CLILBB


CLIMATE REPORT
NATIONAL WEATHER SERVICE LUBBOCK, TX
534 PM CST THU FEB 22 2018


...................................

...THE LUBBOCK CLIMATE SUMMARY FOR FEBRUARY 22 2018...
VALID TODAY AS OF 0500 PM LOCAL TIME.

CLIMATE NORMAL PERIOD 1981 TO 2010
CLIMATE RECORD PERIOD 1911 TO 2018


WEATHER ITEM   OBSERVED TIME   RECORD YEAR NORMAL DEPARTURE LAST
                VALUE   (LST)  VALUE       VALUE  FROM      YEAR
                                                  NORMAL
..................................................................
TEMPERATURE (F)
 TODAY
  MAXIMUM         50    459 PM  87    1996  61    -11       85
  MINIMUM         25    228 AM  12    1911  32     -7       44
  AVERAGE         38                        46     -8       65

PRECIPITATION (IN)
  TODAY            T             0.51 1973   0.03  -0.03     0.00
  MONTH TO DATE    0.18                      0.59  -0.41     0.89
  SINCE DEC 1      0.18                      2.00  -1.82     3.41
  SINCE JAN 1      0.18                      1.24  -1.06     2.92

SNOWFALL (IN)
  TODAY           MM             6.6  1973   0.0   MM        0.0
  MONTH TO DATE    0.0                       1.4   -1.4       T
  SINCE DEC 1      0.3                       6.3   -6.0      0.2
  SINCE JUL 1      0.3                       7.2   -6.9      0.2
  SNOW DEPTH       0

DEGREE DAYS
 HEATING
  TODAY           27                        19      8        0
  MONTH TO DATE  431                       467    -36      286
  SINCE DEC 1   1911                      1990    -79     1645
  SINCE JUL 1   2417                      2632   -215     2009

 COOLING
  TODAY            0                         0      0        0
  MONTH TO DATE    3                         0      3        4
  SINCE DEC 1      3                         0      3        4
  SINCE JAN 1      3                         0      3        4
..................................................................


WIND (MPH)
  RESULTANT WIND SPEED   2   RESULTANT WIND DIRECTION  SE (140)
  HIGHEST WIND SPEED    14   HIGHEST WIND DIRECTION     S (180)
  HIGHEST GUST SPEED    18   HIGHEST GUST DIRECTION     S (180)
  AVERAGE WIND SPEED     6.5


SKY COVER
  AVERAGE SKY COVER 0.9


WEATHER CONDITIONS
 THE FOLLOWING WEATHER WAS RECORDED TODAY.
  LT FREEZING RAIN
  FOG


RELATIVE HUMIDITY (PERCENT)
 HIGHEST   100           100 AM
 LOWEST     52           500 PM
 AVERAGE    76

..........................................................


THE LUBBOCK CLIMATE NORMALS FOR TOMORROW
                         NORMAL    RECORD    YEAR
 MAXIMUM TEMPERATURE (F)   61        85      2009
                                             1918
 MINIMUM TEMPERATURE (F)   32         9      1914


SUNRISE AND SUNSET
FEBRUARY 22 2018......SUNRISE   724 AM CST   SUNSET   638 PM CST
FEBRUARY 23 2018......SUNRISE   723 AM CST   SUNSET   639 PM CST


-  INDICATES NEGATIVE NUMBERS.
R  INDICATES RECORD WAS SET OR TIED.
MM INDICATES DATA IS MISSING.
T  INDICATES TRACE AMOUNT.




$$
