000
CDUS44 KLUB 240125
CLILBB


CLIMATE REPORT
NATIONAL WEATHER SERVICE LUBBOCK, TX
825 PM CDT WED MAY 23 2018


...................................

...THE LUBBOCK CLIMATE SUMMARY FOR MAY 23 2018...
VALID TODAY AS OF 0800 PM LOCAL TIME.

CLIMATE NORMAL PERIOD 1981 TO 2010
CLIMATE RECORD PERIOD 1911 TO 2018


WEATHER ITEM   OBSERVED TIME   RECORD YEAR NORMAL DEPARTURE LAST
                VALUE   (LST)  VALUE       VALUE  FROM      YEAR
                                                  NORMAL
..................................................................
TEMPERATURE (F)
 TODAY
  MAXIMUM         87    414 PM 105    2000  86      1       72
  MINIMUM         63    454 AM  45    1917  58      5       49
  AVERAGE         75                        72      3       61

PRECIPITATION (IN)
  TODAY            0.00          4.32 1941   0.09  -0.09     0.11
  MONTH TO DATE    1.23                      1.56  -0.33     0.58
  SINCE MAR 1      2.13                      4.07  -1.94     2.57
  SINCE JAN 1      2.33                      5.47  -3.14     5.49

SNOWFALL (IN)
  TODAY            0.0           T    1954   0.0    0.0      0.0
  MONTH TO DATE    0.0                       0.0    0.0      0.0
  SINCE MAR 1      0.0                       0.8   -0.8       T
  SINCE JUL 1      0.3                       8.2   -7.9      0.2
  SNOW DEPTH       0

DEGREE DAYS
 HEATING
  TODAY            0                         1     -1        4
  MONTH TO DATE    0                        36    -36       23
  SINCE MAR 1    493                       634   -141      384
  SINCE JUL 1   3014                      3373   -359     2468

 COOLING
  TODAY           10                         8      2        0
  MONTH TO DATE  260                       121    139      100
  SINCE MAR 1    340                       177    163      225
  SINCE JAN 1    343                       177    166      229
..................................................................


WIND (MPH)
  RESULTANT WIND SPEED  12   RESULTANT WIND DIRECTION  SE (150)
  HIGHEST WIND SPEED    24   HIGHEST WIND DIRECTION    SE (130)
  HIGHEST GUST SPEED    32   HIGHEST GUST DIRECTION     S (180)
  AVERAGE WIND SPEED    13.8


SKY COVER
  AVERAGE SKY COVER 0.6


WEATHER CONDITIONS
 THE FOLLOWING WEATHER WAS RECORDED TODAY.
  NO SIGNIFICANT WEATHER WAS OBSERVED.


RELATIVE HUMIDITY (PERCENT)
 HIGHEST    90           500 AM
 LOWEST     35           500 PM
 AVERAGE    63

..........................................................


THE LUBBOCK CLIMATE NORMALS FOR TOMORROW
                         NORMAL    RECORD    YEAR
 MAXIMUM TEMPERATURE (F)   86       109      2000
 MINIMUM TEMPERATURE (F)   58        40      1930


SUNRISE AND SUNSET
MAY 23 2018...........SUNRISE   642 AM CDT   SUNSET   847 PM CDT
MAY 24 2018...........SUNRISE   641 AM CDT   SUNSET   848 PM CDT


-  INDICATES NEGATIVE NUMBERS.
R  INDICATES RECORD WAS SET OR TIED.
MM INDICATES DATA IS MISSING.
T  INDICATES TRACE AMOUNT.




$$
