000
CDUS44 KLUB 210640
CLILBB


CLIMATE REPORT
NATIONAL WEATHER SERVICE LUBBOCK, TX
140 AM CDT MON MAY 21 2018


...................................

...THE LUBBOCK CLIMATE SUMMARY FOR MAY 20 2018...

CLIMATE NORMAL PERIOD 1981 TO 2010
CLIMATE RECORD PERIOD 1911 TO 2018


WEATHER ITEM   OBSERVED TIME   RECORD YEAR NORMAL DEPARTURE LAST
                VALUE   (LST)  VALUE       VALUE  FROM      YEAR
                                                  NORMAL
..................................................................
TEMPERATURE (F)
 YESTERDAY
  MAXIMUM         72    425 PM 102    2006  85    -13       78
  MINIMUM         57    740 AM  40    1931  57      0       46
  AVERAGE         65                        71     -6       62

PRECIPITATION (IN)
  YESTERDAY        0.09          1.81 1941   0.08   0.01     0.00
  MONTH TO DATE    1.23                      1.29  -0.06     0.47
  SINCE MAR 1      2.13                      3.80  -1.67     2.46
  SINCE JAN 1      2.33                      5.20  -2.87     5.38

SNOWFALL (IN)
  YESTERDAY        0.0           T    1950   0.0    0.0      0.0
  MONTH TO DATE    0.0                       0.0    0.0      0.0
  SINCE MAR 1      0.0                       0.8   -0.8       T
  SINCE JUL 1      0.3                       8.2   -7.9      0.2
  SNOW DEPTH       0

DEGREE DAYS
 HEATING
  YESTERDAY        0                         1     -1        3
  MONTH TO DATE    0                        33    -33       18
  SINCE MAR 1    493                       631   -138      379
  SINCE JUL 1   3014                      3370   -356     2463

 COOLING
  YESTERDAY        0                         7     -7        0
  MONTH TO DATE  238                        99    139       98
  SINCE MAR 1    318                       155    163      223
  SINCE JAN 1    321                       155    166      227
..................................................................


WIND (MPH)
  RESULTANT WIND SPEED   8   RESULTANT WIND DIRECTION   E (80)
  HIGHEST WIND SPEED    35   HIGHEST WIND DIRECTION     N (350)
  HIGHEST GUST SPEED    47   HIGHEST GUST DIRECTION     N (350)
  AVERAGE WIND SPEED    13.7


SKY COVER
  AVERAGE SKY COVER 0.7


WEATHER CONDITIONS
 THE FOLLOWING WEATHER WAS RECORDED YESTERDAY.
  THUNDERSTORM
  HEAVY RAIN
  RAIN
  LIGHT RAIN
  FOG


RELATIVE HUMIDITY (PERCENT)
 HIGHEST    90           100 AM
 LOWEST     53           400 PM
 AVERAGE    72

..........................................................


THE LUBBOCK CLIMATE NORMALS FOR TODAY
                         NORMAL    RECORD    YEAR
 MAXIMUM TEMPERATURE (F)   85       101      1989
                                             1966
 MINIMUM TEMPERATURE (F)   58        39      1967


SUNRISE AND SUNSET
MAY 21 2018...........SUNRISE   643 AM CDT   SUNSET   845 PM CDT
MAY 22 2018...........SUNRISE   642 AM CDT   SUNSET   846 PM CDT


-  INDICATES NEGATIVE NUMBERS.
R  INDICATES RECORD WAS SET OR TIED.
MM INDICATES DATA IS MISSING.
T  INDICATES TRACE AMOUNT.




$$
