000
CDUS43 KLBF 210920
CLILBF


CLIMATE REPORT
NATIONAL WEATHER SERVICE NORTH PLATTE
417 AM CDT FRI SEP 21 2018


...................................

...THE NORTH PLATTE NE CLIMATE SUMMARY FOR SEPTEMBER 20 2018...

CLIMATE NORMAL PERIOD 1981 TO 2010
CLIMATE RECORD PERIOD 1874 TO 2018


WEATHER ITEM   OBSERVED TIME   RECORD YEAR NORMAL DEPARTURE LAST
                VALUE   (LST)  VALUE       VALUE  FROM      YEAR
                                                  NORMAL
..................................................................
TEMPERATURE (F)
 YESTERDAY
  MAXIMUM         76    422 PM  96    2016  76      0       78
  MINIMUM         50   1138 PM  25    1918  45      5       38
  AVERAGE         63                        60      3       58

PRECIPITATION (IN)
  YESTERDAY        0.04          1.37 1965   0.05  -0.01     0.00
  MONTH TO DATE    0.43                      0.94  -0.51     0.54
  SINCE SEP 1      0.43                      0.94  -0.51     0.54
  SINCE JAN 1     19.55                     17.16   2.39    18.30

SNOWFALL (IN)
  YESTERDAY        0.0           0.7  1995   0.1   -0.1      0.0
  MONTH TO DATE    0.0                       0.1   -0.1      0.0
  SINCE SEP 1      0.0                       0.1   -0.1      0.0
  SINCE JUL 1      0.0                       0.1   -0.1       T
  SNOW DEPTH       0

DEGREE DAYS
 HEATING
  YESTERDAY        2                         6     -4        7
  MONTH TO DATE    2                        71    -69       41
  SINCE SEP 1      2                        71    -69       41
  SINCE JUL 1     18                        91    -73       45

 COOLING
  YESTERDAY        0                         1     -1        0
  MONTH TO DATE  167                        62    105      113
  SINCE SEP 1    167                        62    105      113
  SINCE JAN 1   1085                       757    328      936
..................................................................


WIND (MPH)
  HIGHEST WIND SPEED    21   HIGHEST WIND DIRECTION    NE (50)
  HIGHEST GUST SPEED    30   HIGHEST GUST DIRECTION    NE (50)
  AVERAGE WIND SPEED     9.2


SKY COVER
  POSSIBLE SUNSHINE  MM
  AVERAGE SKY COVER 0.5


WEATHER CONDITIONS
 THE FOLLOWING WEATHER WAS RECORDED YESTERDAY.
  THUNDERSTORM
  LIGHT RAIN
  FOG


RELATIVE HUMIDITY (PERCENT)
 HIGHEST    93           200 AM
 LOWEST     64           300 PM
 AVERAGE    79

..........................................................


THE NORTH PLATTE NE CLIMATE NORMALS FOR TODAY
                         NORMAL    RECORD    YEAR
 MAXIMUM TEMPERATURE (F)   76        98      2005
 MINIMUM TEMPERATURE (F)   44        24      1983


SUNRISE AND SUNSET
SEPTEMBER 21 2018.....SUNRISE   729 AM CDT   SUNSET   741 PM CDT
SEPTEMBER 22 2018.....SUNRISE   730 AM CDT   SUNSET   740 PM CDT


-  INDICATES NEGATIVE NUMBERS.
R  INDICATES RECORD WAS SET OR TIED.
MM INDICATES DATA IS MISSING.
T  INDICATES TRACE AMOUNT.




$$
