000
CDUS43 KLBF 190935
CLILBF


CLIMATE REPORT
NATIONAL WEATHER SERVICE NORTH PLATTE
434 AM CDT TUE JUN 19 2018


...................................

...THE NORTH PLATTE NE CLIMATE SUMMARY FOR JUNE 18 2018...

CLIMATE NORMAL PERIOD 1981 TO 2010
CLIMATE RECORD PERIOD 1874 TO 2018


WEATHER ITEM   OBSERVED TIME   RECORD YEAR NORMAL DEPARTURE LAST
                VALUE   (LST)  VALUE       VALUE  FROM      YEAR
                                                  NORMAL
..................................................................
TEMPERATURE (F)
 YESTERDAY
  MAXIMUM         75    657 PM 106    2012  83     -8       85
  MINIMUM         62    749 AM  38    1976  55      7       45
  AVERAGE         69                        69      0       65

PRECIPITATION (IN)
  YESTERDAY        T             2.17 1993   0.11  -0.11      T
  MONTH TO DATE    1.53                      2.18  -0.65     0.01
  SINCE JUN 1      1.53                      2.18  -0.65     0.01
  SINCE JAN 1     12.92                      9.62   3.30     8.55

SNOWFALL (IN)
  YESTERDAY        0.0           T    2014   0.0    0.0      0.0
  MONTH TO DATE    0.0                       0.0    0.0      0.0
  SINCE JUN 1      0.0                       0.0    0.0      0.0
  SINCE JUL 1     49.1                      28.5   20.6     21.3
  SNOW DEPTH       0

DEGREE DAYS
 HEATING
  YESTERDAY        0                         1     -1        0
  MONTH TO DATE    6                        43    -37        0
  SINCE JUN 1      6                        43    -37        0
  SINCE JUL 1   6580                      6678    -98     5665

 COOLING
  YESTERDAY        4                         5     -1        0
  MONTH TO DATE  176                        60    116      134
  SINCE JUN 1    176                        60    116      134
  SINCE JAN 1    256                        88    168      151
..................................................................


WIND (MPH)
  HIGHEST WIND SPEED    15   HIGHEST WIND DIRECTION    NE (40)
  HIGHEST GUST SPEED    22   HIGHEST GUST DIRECTION    NE (40)
  AVERAGE WIND SPEED     8.0


SKY COVER
  POSSIBLE SUNSHINE  MM
  AVERAGE SKY COVER 0.9


WEATHER CONDITIONS
 THE FOLLOWING WEATHER WAS RECORDED YESTERDAY.
  LIGHT RAIN
  FOG


RELATIVE HUMIDITY (PERCENT)
 HIGHEST   100          1200 AM
 LOWEST     79           700 PM
 AVERAGE    90

..........................................................


THE NORTH PLATTE NE CLIMATE NORMALS FOR TODAY
                         NORMAL    RECORD    YEAR
 MAXIMUM TEMPERATURE (F)   83       104      1988
 MINIMUM TEMPERATURE (F)   55        37      1976


SUNRISE AND SUNSET
JUNE 19 2018..........SUNRISE   610 AM CDT   SUNSET   918 PM CDT
JUNE 20 2018..........SUNRISE   610 AM CDT   SUNSET   919 PM CDT


-  INDICATES NEGATIVE NUMBERS.
R  INDICATES RECORD WAS SET OR TIED.
MM INDICATES DATA IS MISSING.
T  INDICATES TRACE AMOUNT.




$$
