000
CDUS43 KLBF 300755
CLILBF


CLIMATE REPORT
NATIONAL WEATHER SERVICE NORTH PLATTE
253 AM CDT FRI OCT 30 2020


...................................

...THE NORTH PLATTE NE CLIMATE SUMMARY FOR OCTOBER 29 2020...

CLIMATE NORMAL PERIOD 1981 TO 2010
CLIMATE RECORD PERIOD 1874 TO 2020


WEATHER ITEM   OBSERVED TIME   RECORD YEAR NORMAL DEPARTURE LAST
                VALUE   (LST)  VALUE       VALUE  FROM      YEAR
                                                  NORMAL
..................................................................
TEMPERATURE (F)
 YESTERDAY
  MAXIMUM         67    341 PM  85    2003  59      8       26
                                      1950
  MINIMUM         29    256 AM   4    1913  29      0       16
  AVERAGE         48                        44      4       21

PRECIPITATION (IN)
  YESTERDAY        0.00          1.27 1956   0.04  -0.04     0.04
  MONTH TO DATE    0.38                      1.48  -1.10     0.38
  SINCE SEP 1      0.97                      2.89  -1.92     1.34
  SINCE JAN 1     13.75                     19.11  -5.36    27.20

SNOWFALL (IN)
  YESTERDAY        0.0          11.5  1896   0.1   -0.1      0.2
  MONTH TO DATE    3.0                       1.9    1.1      0.6
  SINCE SEP 1      3.0                       2.1    0.9      0.6
  SINCE JUL 1      3.0                       2.1    0.9      0.6
  SNOW DEPTH       0

DEGREE DAYS
 HEATING
  YESTERDAY       17                        21     -4       44
  MONTH TO DATE  512                       454     58      584
  SINCE SEP 1    629                       605     24      609
  SINCE JUL 1    629                       625      4      614

 COOLING
  YESTERDAY        0                         0      0        0
  MONTH TO DATE    3                         0      3        0
  SINCE SEP 1     86                        70     16      174
  SINCE JAN 1   1119                       765    354      922
..................................................................


WIND (MPH)
  HIGHEST WIND SPEED    16   HIGHEST WIND DIRECTION    SW (210)
  HIGHEST GUST SPEED    21   HIGHEST GUST DIRECTION    SW (210)
  AVERAGE WIND SPEED     5.0


SKY COVER
  POSSIBLE SUNSHINE  MM
  AVERAGE SKY COVER 0.3


WEATHER CONDITIONS
 THE FOLLOWING WEATHER WAS RECORDED YESTERDAY.
  FOG
  FOG W/VISIBILITY <= 1/4 MILE


RELATIVE HUMIDITY (PERCENT)
 HIGHEST    89           400 AM
 LOWEST     37           300 PM
 AVERAGE    63

..........................................................


THE NORTH PLATTE NE CLIMATE NORMALS FOR TODAY
                         NORMAL    RECORD    YEAR
 MAXIMUM TEMPERATURE (F)   59        91      1950
 MINIMUM TEMPERATURE (F)   28         7      2019


SUNRISE AND SUNSET
OCTOBER 30 2020.......SUNRISE   812 AM CDT   SUNSET   640 PM CDT
OCTOBER 31 2020.......SUNRISE   813 AM CDT   SUNSET   639 PM CDT


-  INDICATES NEGATIVE NUMBERS.
R  INDICATES RECORD WAS SET OR TIED.
MM INDICATES DATA IS MISSING.
T  INDICATES TRACE AMOUNT.




$$
