000
CDUS43 KLBF 161021
CLILBF


CLIMATE REPORT
NATIONAL WEATHER SERVICE NORTH PLATTE
420 AM CST SUN DEC 16 2018


...................................

...THE NORTH PLATTE NE CLIMATE SUMMARY FOR DECEMBER 15 2018...

CLIMATE NORMAL PERIOD 1981 TO 2010
CLIMATE RECORD PERIOD 1874 TO 2018


WEATHER ITEM   OBSERVED TIME   RECORD YEAR NORMAL DEPARTURE LAST
                VALUE   (LST)  VALUE       VALUE  FROM      YEAR
                                                  NORMAL
..................................................................
TEMPERATURE (F)
 YESTERDAY
  MAXIMUM         46    116 PM  66    2002  39      7       58
  MINIMUM         18    418 AM -26    1901  11      7       13
  AVERAGE         32                        25      7       36

PRECIPITATION (IN)
  YESTERDAY        0.00          0.25 1874   0.01  -0.01     0.00
  MONTH TO DATE    0.62                      0.20   0.42      T
  SINCE DEC 1      0.62                      0.20   0.42      T
  SINCE JAN 1     23.93                     20.02   3.91    25.69

SNOWFALL (IN)
  YESTERDAY        0.0           2.3  2014   0.1   -0.1      0.0
  MONTH TO DATE    3.2                       2.1    1.1       T
  SINCE DEC 1      3.2                       2.1    1.1       T
  SINCE JUL 1      6.3                       8.3   -2.0      1.0
  SNOW DEPTH       0

DEGREE DAYS
 HEATING
  YESTERDAY       33                        40     -7       29
  MONTH TO DATE  595                       579     16      458
  SINCE DEC 1    595                       579     16      458
  SINCE JUL 1   2153                      2130     23     1749

 COOLING
  YESTERDAY        0                         0      0        0
  MONTH TO DATE    0                         0      0        0
  SINCE DEC 1      0                         0      0        0
  SINCE JAN 1   1089                       768    321      954
..................................................................


WIND (MPH)
  HIGHEST WIND SPEED    12   HIGHEST WIND DIRECTION     W (290)
  HIGHEST GUST SPEED    16   HIGHEST GUST DIRECTION     S (200)
  AVERAGE WIND SPEED     2.5


SKY COVER
  POSSIBLE SUNSHINE  MM
  AVERAGE SKY COVER 0.0


WEATHER CONDITIONS
 THE FOLLOWING WEATHER WAS RECORDED YESTERDAY.
  NO SIGNIFICANT WEATHER WAS OBSERVED.


RELATIVE HUMIDITY (PERCENT)
 HIGHEST    92           200 AM
 LOWEST     41           100 PM
 AVERAGE    67

..........................................................


THE NORTH PLATTE NE CLIMATE NORMALS FOR TODAY
                         NORMAL    RECORD    YEAR
 MAXIMUM TEMPERATURE (F)   38        73      1962
 MINIMUM TEMPERATURE (F)   11       -12      1972


SUNRISE AND SUNSET
DECEMBER 16 2018......SUNRISE   802 AM CST   SUNSET   515 PM CST
DECEMBER 17 2018......SUNRISE   802 AM CST   SUNSET   516 PM CST


-  INDICATES NEGATIVE NUMBERS.
R  INDICATES RECORD WAS SET OR TIED.
MM INDICATES DATA IS MISSING.
T  INDICATES TRACE AMOUNT.




$$
