000
CDUS43 KLBF 232126
CLILBF


CLIMATE REPORT
NATIONAL WEATHER SERVICE NORTH PLATTE
424 PM CDT WED OCT 23 2019


...................................

...THE NORTH PLATTE NE CLIMATE SUMMARY FOR OCTOBER 23 2019...
VALID TODAY AS OF 0400 PM LOCAL TIME.

CLIMATE NORMAL PERIOD 1981 TO 2010
CLIMATE RECORD PERIOD 1874 TO 2019


WEATHER ITEM   OBSERVED TIME   RECORD YEAR NORMAL DEPARTURE LAST
                VALUE   (LST)  VALUE       VALUE  FROM      YEAR
                                                  NORMAL
..................................................................
TEMPERATURE (F)
 TODAY
  MAXIMUM         61    127 PM  88    1899  62     -1       66
  MINIMUM         44    730 AM   9    1917  31     13       30
  AVERAGE         53                        46      7       48

PRECIPITATION (IN)
  TODAY            0.00          1.10 1883   0.05  -0.05     0.00
  MONTH TO DATE    0.30                      1.23  -0.93     2.50
  SINCE SEP 1      1.26                      2.64  -1.38     2.93
  SINCE JAN 1     27.12                     18.86   8.26    22.05

SNOWFALL (IN)
  TODAY            0.0           5.7  2002   0.1   -0.1      0.0
  MONTH TO DATE    T                         1.3   -1.3      1.0
  SINCE SEP 1      T                         1.5   -1.5      1.0
  SINCE JUL 1      T                         1.5   -1.5      1.0
  SNOW DEPTH       0

DEGREE DAYS
 HEATING
  TODAY           12                        19     -7       17
  MONTH TO DATE  397                       334     63      415
  SINCE SEP 1    422                       485    -63      507
  SINCE JUL 1    427                       505    -78      523

 COOLING
  TODAY            0                         0      0        0
  MONTH TO DATE    0                         0      0        3
  SINCE SEP 1    174                        70    104      171
  SINCE JAN 1    922                       765    157     1089
..................................................................


WIND (MPH)
  HIGHEST WIND SPEED    33   HIGHEST WIND DIRECTION     N (360)
  HIGHEST GUST SPEED    46   HIGHEST GUST DIRECTION    NW (320)
  AVERAGE WIND SPEED    16.3


SKY COVER
  POSSIBLE SUNSHINE  MM
  AVERAGE SKY COVER 0.3


WEATHER CONDITIONS
 THE FOLLOWING WEATHER WAS RECORDED TODAY.
  NO SIGNIFICANT WEATHER WAS OBSERVED.


RELATIVE HUMIDITY (PERCENT)
 HIGHEST    80           100 AM
 LOWEST     29           100 PM
 AVERAGE    55

..........................................................


THE NORTH PLATTE NE CLIMATE NORMALS FOR TOMORROW
                         NORMAL    RECORD    YEAR
 MAXIMUM TEMPERATURE (F)   61        86      1940
 MINIMUM TEMPERATURE (F)   31         9      1887


SUNRISE AND SUNSET
OCTOBER 23 2019.......SUNRISE   803 AM CDT   SUNSET   650 PM CDT
OCTOBER 24 2019.......SUNRISE   804 AM CDT   SUNSET   649 PM CDT


-  INDICATES NEGATIVE NUMBERS.
R  INDICATES RECORD WAS SET OR TIED.
MM INDICATES DATA IS MISSING.
T  INDICATES TRACE AMOUNT.




$$
