000
CDUS43 KLBF 190939
CLILBF


CLIMATE REPORT
NATIONAL WEATHER SERVICE NORTH PLATTE
337 AM CST MON FEB 19 2018


...................................

...THE NORTH PLATTE NE CLIMATE SUMMARY FOR FEBRUARY 18 2018...

CLIMATE NORMAL PERIOD 1981 TO 2010
CLIMATE RECORD PERIOD 1874 TO 2018


WEATHER ITEM   OBSERVED TIME   RECORD YEAR NORMAL DEPARTURE LAST
                VALUE   (LST)  VALUE       VALUE  FROM      YEAR
                                                  NORMAL
..................................................................
TEMPERATURE (F)
 YESTERDAY
  MAXIMUM         56    305 PM  73    2016  44     12       66
  MINIMUM         19   1159 PM -20    1936  16      3       22
  AVERAGE         38                        30      8       44

PRECIPITATION (IN)
  YESTERDAY        T             1.10 1971   0.02  -0.02     0.00
  MONTH TO DATE    0.47                      0.26   0.21     0.12
  SINCE DEC 1      2.07                      1.01   1.06     1.41
  SINCE JAN 1      1.52                      0.60   0.92     0.79

SNOWFALL (IN)
  YESTERDAY        T             5.7  1984   0.2   -0.2      0.0
  MONTH TO DATE    7.5                       3.4    4.1      1.5
  SINCE DEC 1     29.2                      12.8   16.4     10.9
  SINCE JUL 1     30.2                      19.0   11.2     15.9
  SNOW DEPTH       0

DEGREE DAYS
 HEATING
  YESTERDAY       27                        35     -8       21
  MONTH TO DATE  769                       672     97      533
  SINCE DEC 1   3290                      3141    149     2995
  SINCE JUL 1   4581                      4692   -111     4036

 COOLING
  YESTERDAY        0                         0      0        0
  MONTH TO DATE    0                         0      0        0
  SINCE DEC 1      0                         0      0        0
  SINCE JAN 1      0                         0      0        0
..................................................................


WIND (MPH)
  HIGHEST WIND SPEED    33   HIGHEST WIND DIRECTION     N (20)
  HIGHEST GUST SPEED    43   HIGHEST GUST DIRECTION     N (10)
  AVERAGE WIND SPEED    16.7


SKY COVER
  POSSIBLE SUNSHINE  MM
  AVERAGE SKY COVER 0.2


WEATHER CONDITIONS
 THE FOLLOWING WEATHER WAS RECORDED YESTERDAY.
  NO SIGNIFICANT WEATHER WAS OBSERVED.


RELATIVE HUMIDITY (PERCENT)
 HIGHEST    88          1000 PM
 LOWEST     40           100 AM
 AVERAGE    64

..........................................................


THE NORTH PLATTE NE CLIMATE NORMALS FOR TODAY
                         NORMAL    RECORD    YEAR
 MAXIMUM TEMPERATURE (F)   44        73      1930
 MINIMUM TEMPERATURE (F)   16       -11      1959


SUNRISE AND SUNSET
FEBRUARY 19 2018......SUNRISE   732 AM CST   SUNSET   622 PM CST
FEBRUARY 20 2018......SUNRISE   730 AM CST   SUNSET   623 PM CST


-  INDICATES NEGATIVE NUMBERS.
R  INDICATES RECORD WAS SET OR TIED.
MM INDICATES DATA IS MISSING.
T  INDICATES TRACE AMOUNT.




$$
