000
CDUS43 KLBF 250739
CLILBF


CLIMATE REPORT
NATIONAL WEATHER SERVICE NORTH PLATTE
238 AM CDT MON MAY 25 2020


...................................

...THE NORTH PLATTE NE CLIMATE SUMMARY FOR MAY 24 2020...

CLIMATE NORMAL PERIOD 1981 TO 2010
CLIMATE RECORD PERIOD 1874 TO 2020


WEATHER ITEM   OBSERVED TIME   RECORD YEAR NORMAL DEPARTURE LAST
                VALUE   (LST)  VALUE       VALUE  FROM      YEAR
                                                  NORMAL
..................................................................
TEMPERATURE (F)
 YESTERDAY
  MAXIMUM         73    417 PM  97    1953  74     -1       77
  MINIMUM         48    513 AM  30    2017  47      1       39
  AVERAGE         61                        60      1       58

PRECIPITATION (IN)
  YESTERDAY        T             2.25 1881   0.12  -0.12      T
  MONTH TO DATE    3.29                      2.43   0.86     4.06
  SINCE MAR 1      5.32                      5.75  -0.43     8.17
  SINCE JAN 1      5.87                      6.59  -0.72     8.93

SNOWFALL (IN)
  YESTERDAY        0.0           T    2002   0.0    0.0      0.0
  MONTH TO DATE    0.0                       0.0    0.0       T
  SINCE MAR 1      5.6                       7.6   -2.0     20.9
  SINCE JUL 1     30.9                      28.5    2.4     41.3
  SNOW DEPTH       0

DEGREE DAYS
 HEATING
  YESTERDAY        4                         6     -2        7
  MONTH TO DATE  233                       211     22      321
  SINCE MAR 1   1474                      1573    -99     1784
  SINCE JUL 1   6193                      6601   -408     6927

 COOLING
  YESTERDAY        0                         1     -1        0
  MONTH TO DATE    5                        14     -9       12
  SINCE MAR 1      5                        17    -12       12
  SINCE JAN 1      5                        17    -12       12
..................................................................


WIND (MPH)
  HIGHEST WIND SPEED    26   HIGHEST WIND DIRECTION    NE (50)
  HIGHEST GUST SPEED    34   HIGHEST GUST DIRECTION    NE (50)
  AVERAGE WIND SPEED    10.9


SKY COVER
  POSSIBLE SUNSHINE  MM
  AVERAGE SKY COVER 0.6


WEATHER CONDITIONS
 THE FOLLOWING WEATHER WAS RECORDED YESTERDAY.
  THUNDERSTORM
  LIGHT RAIN


RELATIVE HUMIDITY (PERCENT)
 HIGHEST    93           600 AM
 LOWEST     46           400 PM
 AVERAGE    70

..........................................................


THE NORTH PLATTE NE CLIMATE NORMALS FOR TODAY
                         NORMAL    RECORD    YEAR
 MAXIMUM TEMPERATURE (F)   74        96      1967
 MINIMUM TEMPERATURE (F)   47        30      2002


SUNRISE AND SUNSET
MAY 25 2020...........SUNRISE   616 AM CDT   SUNSET   904 PM CDT
MAY 26 2020...........SUNRISE   615 AM CDT   SUNSET   905 PM CDT


-  INDICATES NEGATIVE NUMBERS.
R  INDICATES RECORD WAS SET OR TIED.
MM INDICATES DATA IS MISSING.
T  INDICATES TRACE AMOUNT.




$$
