000
CDUS42 KILM 172041
CLILBT


CLIMATE REPORT
NATIONAL WEATHER SERVICE WILMINGTON NC
441 PM EDT TUE JUL 17 2018


...................................

...THE LUMBERTON NORTH CAROLINA CLIMATE SUMMARY FOR JULY 17 2018...
VALID TODAY AS OF 0400 PM LOCAL TIME.

CLIMATE NORMAL PERIOD 1981 TO 2010
CLIMATE RECORD PERIOD 1903 TO 2018


WEATHER ITEM   OBSERVED TIME   RECORD YEAR NORMAL DEPARTURE LAST
                VALUE   (LST)  VALUE       VALUE  FROM      YEAR
                                                  NORMAL
..................................................................
TEMPERATURE (F)
 TODAY
  MAXIMUM         95    259 PM 100    1983  91      4       84
                                      1937
  MINIMUM         73    455 AM  57    1946  72      1       72
  AVERAGE         84                        81      3       78

PRECIPITATION (IN)
  TODAY            0.00          3.55 1997   0.20  -0.20     0.03
  MONTH TO DATE    0.31                      2.70  -2.39     2.19
  SINCE JUN 1      7.45                      7.04   0.41     5.92
  SINCE JAN 1     18.86                     22.11  -3.25    23.24

DEGREE DAYS
 HEATING
  TODAY            0                         0      0        0
  MONTH TO DATE    0                         0      0        0
  SINCE JUN 1      0                         0      0        0
  SINCE JUL 1      0                         0      0        0

 COOLING
  TODAY           19                        16      3       13
  MONTH TO DATE  277                       272      5      284
  SINCE JUN 1    749                       660     89      668
  SINCE JAN 1   1156                       910    246     1074
..................................................................


WIND (MPH)
  RESULTANT WIND SPEED   6   RESULTANT WIND DIRECTION  SW (230)
  HIGHEST WIND SPEED    17   HIGHEST WIND DIRECTION    SW (240)
  HIGHEST GUST SPEED    23   HIGHEST GUST DIRECTION    SW (240)
  AVERAGE WIND SPEED     6.6


SKY COVER
  POSSIBLE SUNSHINE  MM
  AVERAGE SKY COVER 0.3


WEATHER CONDITIONS
 THE FOLLOWING WEATHER WAS RECORDED TODAY.
  FOG


RELATIVE HUMIDITY (PERCENT)
 HIGHEST    93           400 AM
 LOWEST     49           200 PM
 AVERAGE    71

..........................................................


THE LUMBERTON NORTH CAROLINA CLIMATE NORMALS FOR TOMORROW
                         NORMAL    RECORD    YEAR
 MAXIMUM TEMPERATURE (F)   91        98      1983
                                             1977
                                             1915
 MINIMUM TEMPERATURE (F)   72        56      1946


SUNRISE AND SUNSET
JULY 17 2018..........SUNRISE   616 AM EDT   SUNSET   829 PM EDT
JULY 18 2018..........SUNRISE   617 AM EDT   SUNSET   828 PM EDT


-  INDICATES NEGATIVE NUMBERS.
R  INDICATES RECORD WAS SET OR TIED.
MM INDICATES DATA IS MISSING.
T  INDICATES TRACE AMOUNT.




$$
