000
CDUS42 KILM 192048
CLILBT

CLIMATE REPORT
NATIONAL WEATHER SERVICE WILMINGTON NC
448 PM EDT MON OCT 19 2020

...................................

...THE LUMBERTON NORTH CAROLINA CLIMATE SUMMARY FOR OCTOBER 19 2020...
VALID TODAY AS OF 0400 PM LOCAL TIME.

CLIMATE NORMAL PERIOD 1981 TO 2010
CLIMATE RECORD PERIOD 1903 TO 2020


WEATHER ITEM   OBSERVED TIME   RECORD YEAR NORMAL DEPARTURE LAST
                VALUE   (LST)  VALUE       VALUE  FROM      YEAR
                                                  NORMAL
...................................................................
TEMPERATURE (F)
 TODAY
  MAXIMUM         81        MM  91    1926  75      6       67
  MINIMUM         54        MM  28    1982  50      4       44
  AVERAGE         68                        62      6       56

PRECIPITATION (IN)
  TODAY            0.00          2.06 1916   0.07  -0.07     0.19
  MONTH TO DATE    3.98                      1.87   2.11     1.67
  SINCE SEP 1     11.69                      6.67   5.02     5.85
  SINCE JAN 1     54.15                     37.06  17.09    32.36

DEGREE DAYS
 HEATING
  TODAY            0                         4     -4        9
  MONTH TO DATE   23                        49    -26       28
  SINCE SEP 1     39                        58    -19       28
  SINCE JUL 1     39                        58    -19       28

 COOLING
  TODAY            3                         2      1        0
  MONTH TO DATE   73                        55     18      107
  SINCE SEP 1    337                       304     33      512
  SINCE JAN 1   1982                      1876    106     2486
...................................................................


WIND (MPH)
  RESULTANT WIND SPEED  MM   RESULTANT WIND DIRECTION  MM
  HIGHEST WIND SPEED    MM   HIGHEST WIND DIRECTION    MM
  HIGHEST GUST SPEED    MM   HIGHEST GUST DIRECTION    MM
  AVERAGE WIND SPEED    MM


SKY COVER
  AVERAGE SKY COVER  MM


WEATHER CONDITIONS
THE FOLLOWING WEATHER WAS RECORDED TODAY.
  NO SIGNIFICANT WEATHER WAS OBSERVED.


RELATIVE HUMIDITY (PERCENT)
 HIGHEST    MM
 LOWEST     MM
 AVERAGE    MM

..........................................................


THE LUMBERTON NORTH CAROLINA CLIMATE NORMALS FOR TOMORROW
                         NORMAL    RECORD    YEAR
 MAXIMUM TEMPERATURE (F)   74        90      1926
 MINIMUM TEMPERATURE (F)   50        28      1981
                                             1986


SUNRISE AND SUNSET
OCTOBER 19 2020.......SUNRISE   726 AM EDT   SUNSET   636 PM EDT
OCTOBER 20 2020.......SUNRISE   726 AM EDT   SUNSET   635 PM EDT


-  INDICATES NEGATIVE NUMBERS.
R  INDICATES RECORD WAS SET OR TIED.
MM INDICATES DATA IS MISSING.
T  INDICATES TRACE AMOUNT.




$$
