506
CDUS42 KILM 190851
CLILBT


CLIMATE REPORT
NATIONAL WEATHER SERVICE WILMINGTON NC
451 AM EDT SAT OCT 19 2019


...................................

...THE LUMBERTON NORTH CAROLINA CLIMATE SUMMARY FOR OCTOBER 18 2019...

CLIMATE NORMAL PERIOD 1981 TO 2010
CLIMATE RECORD PERIOD 1903 TO 2019


WEATHER ITEM   OBSERVED TIME   RECORD YEAR NORMAL DEPARTURE LAST
                VALUE   (LST)  VALUE       VALUE  FROM      YEAR
                                                  NORMAL
..................................................................
TEMPERATURE (F)
 YESTERDAY
  MAXIMUM         69        MM  90    1908  75     -6       69
  MINIMUM         42        MM  27    1982  51     -9       51
  AVERAGE         56                        63     -7       60

PRECIPITATION (IN)
  YESTERDAY        0.00          2.11 1919   0.07  -0.07     0.00
  MONTH TO DATE    1.48                      1.80  -0.32     1.55
  SINCE SEP 1      5.66                      6.60  -0.94    20.55
  SINCE JAN 1     32.17                     36.99  -4.82    46.29

DEGREE DAYS
 HEATING
  YESTERDAY        9                         4      5        5
  MONTH TO DATE   19                        45    -26        6
  SINCE SEP 1     19                        54    -35        6
  SINCE JUL 1     19                        54    -35        6

 COOLING
  YESTERDAY        0                         2     -2        0
  MONTH TO DATE  107                        53     54      177
  SINCE SEP 1    512                       302    210      635
  SINCE JAN 1   2486                      1874    612     2501
..................................................................


WIND (MPH)
  RESULTANT WIND SPEED  MM   RESULTANT WIND DIRECTION  MM
  HIGHEST WIND SPEED    MM   HIGHEST WIND DIRECTION    MM
  HIGHEST GUST SPEED     0   HIGHEST GUST DIRECTION     N (0)
  AVERAGE WIND SPEED    MM


SKY COVER
  POSSIBLE SUNSHINE   0 PERCENT
  AVERAGE SKY COVER 0.0


WEATHER CONDITIONS
 THE FOLLOWING WEATHER WAS RECORDED YESTERDAY.
  NO SIGNIFICANT WEATHER WAS OBSERVED.


RELATIVE HUMIDITY (PERCENT)
 HIGHEST     0          1200 AM
 LOWEST      0          1200 AM
 AVERAGE     0

..........................................................


THE LUMBERTON NORTH CAROLINA CLIMATE NORMALS FOR TODAY
                         NORMAL    RECORD    YEAR
 MAXIMUM TEMPERATURE (F)   75        91      1926
 MINIMUM TEMPERATURE (F)   50        28      1982


SUNRISE AND SUNSET
OCTOBER 19 2019.......SUNRISE   725 AM EDT   SUNSET   637 PM EDT
OCTOBER 20 2019.......SUNRISE   726 AM EDT   SUNSET   636 PM EDT


-  INDICATES NEGATIVE NUMBERS.
R  INDICATES RECORD WAS SET OR TIED.
MM INDICATES DATA IS MISSING.
T  INDICATES TRACE AMOUNT.




$$
