000
CDUS42 KILM 230941
CLILBT


CLIMATE REPORT
NATIONAL WEATHER SERVICE WILMINGTON NC
441 AM EST WED JAN 23 2019


...................................

...THE LUMBERTON NORTH CAROLINA CLIMATE SUMMARY FOR JANUARY 22 2019...

CLIMATE NORMAL PERIOD 1981 TO 2010
CLIMATE RECORD PERIOD 1903 TO 2019


WEATHER ITEM   OBSERVED TIME   RECORD YEAR NORMAL DEPARTURE LAST
                VALUE   (LST)  VALUE       VALUE  FROM      YEAR
                                                  NORMAL
..................................................................
TEMPERATURE (F)
 YESTERDAY
  MAXIMUM         43    445 PM  78    1906  54    -11       64
  MINIMUM         21    332 AM  -1    1985  33    -12       34
  AVERAGE         32                        44    -12       49

PRECIPITATION (IN)
  YESTERDAY        0.00          1.50 1930   0.10  -0.10     0.00
  MONTH TO DATE    1.89                      1.92  -0.03     0.48
  SINCE DEC 1      7.97                      4.81   3.16     4.56
  SINCE JAN 1      1.89                      1.92  -0.03     0.48

SNOWFALL (IN)
  YESTERDAY       MM            MM      MM  MM
  MONTH TO DATE   MM                        MM
  SINCE DEC 1     MM                        MM
  SINCE JUL 1     MM                        MM
  SNOW DEPTH      MM

DEGREE DAYS
 HEATING
  YESTERDAY       33                        22     11       16
  MONTH TO DATE  383                       483   -100      614
  SINCE DEC 1    849                      1067   -218     1191
  SINCE JUL 1   1309                      1533   -224     1651

 COOLING
  YESTERDAY        0                         0      0        0
  MONTH TO DATE    4                         0      4        1
  SINCE DEC 1      9                         2      7        1
  SINCE JAN 1      4                         0      4        1
..................................................................


WIND (MPH)
  RESULTANT WIND SPEED   3   RESULTANT WIND DIRECTION   E (80)
  HIGHEST WIND SPEED    10   HIGHEST WIND DIRECTION    NE (50)
  HIGHEST GUST SPEED    13   HIGHEST GUST DIRECTION     E (110)
  AVERAGE WIND SPEED     3.7


SKY COVER
  POSSIBLE SUNSHINE  MM
  AVERAGE SKY COVER 0.1


WEATHER CONDITIONS
 THE FOLLOWING WEATHER WAS RECORDED YESTERDAY.
  NO SIGNIFICANT WEATHER WAS OBSERVED.


RELATIVE HUMIDITY (PERCENT)
 HIGHEST    81           200 AM
 LOWEST     24           300 PM
 AVERAGE    53

..........................................................


THE LUMBERTON NORTH CAROLINA CLIMATE NORMALS FOR TODAY
                         NORMAL    RECORD    YEAR
 MAXIMUM TEMPERATURE (F)   54        78      1927
 MINIMUM TEMPERATURE (F)   33         9      1985


SUNRISE AND SUNSET
JANUARY 23 2019.......SUNRISE   720 AM EST   SUNSET   537 PM EST
JANUARY 24 2019.......SUNRISE   719 AM EST   SUNSET   538 PM EST


-  INDICATES NEGATIVE NUMBERS.
R  INDICATES RECORD WAS SET OR TIED.
MM INDICATES DATA IS MISSING.
T  INDICATES TRACE AMOUNT.




$$
