000
CDUS42 KILM 272052
CLILBT

CLIMATE REPORT
NATIONAL WEATHER SERVICE WILMINGTON NC
452 PM EDT WED MAY 27 2020

...................................

...THE LUMBERTON NORTH CAROLINA CLIMATE SUMMARY FOR MAY 27 2020...
VALID TODAY AS OF 0400 PM LOCAL TIME.

CLIMATE NORMAL PERIOD 1981 TO 2010
CLIMATE RECORD PERIOD 1903 TO 2020


WEATHER ITEM   OBSERVED TIME   RECORD YEAR NORMAL DEPARTURE LAST
                VALUE   (LST)  VALUE       VALUE  FROM      YEAR
                                                  NORMAL
...................................................................
TEMPERATURE (F)
 TODAY
  MAXIMUM         73        MM 100    1911  85    -12       96
  MINIMUM         68        MM  41    1988  62      6       71
  AVERAGE         71                        73     -2       84

PRECIPITATION (IN)
  TODAY            1.14R         0.91 1994   0.12   1.02     0.00
  MONTH TO DATE    7.22                      2.54   4.68     1.29
  SINCE MAR 1     14.02                      8.69   5.33     9.20
  SINCE JAN 1     23.29                     14.56   8.73    13.76

DEGREE DAYS
 HEATING
  TODAY            0                         0      0        0
  MONTH TO DATE   64                        30     34        6
  SINCE MAR 1    428                       529   -101      455
  SINCE JUL 1   2242                      2759   -517     2300

 COOLING
  TODAY            6                         8     -2       19
  MONTH TO DATE  101                       146    -45      295
  SINCE MAR 1    207                       211     -4      410
  SINCE JAN 1    230                       214     16      422
...................................................................


WIND (MPH)
  RESULTANT WIND SPEED  MM   RESULTANT WIND DIRECTION  MM
  HIGHEST WIND SPEED    MM   HIGHEST WIND DIRECTION    MM
  HIGHEST GUST SPEED    MM   HIGHEST GUST DIRECTION    MM
  AVERAGE WIND SPEED    MM


SKY COVER
  AVERAGE SKY COVER  MM


WEATHER CONDITIONS
THE FOLLOWING WEATHER WAS RECORDED TODAY.
  NO SIGNIFICANT WEATHER WAS OBSERVED.


RELATIVE HUMIDITY (PERCENT)
 HIGHEST    MM
 LOWEST     MM
 AVERAGE    MM

..........................................................


THE LUMBERTON NORTH CAROLINA CLIMATE NORMALS FOR TOMORROW
                         NORMAL    RECORD    YEAR
 MAXIMUM TEMPERATURE (F)   85       101      2019
 MINIMUM TEMPERATURE (F)   62        37      1961


SUNRISE AND SUNSET
MAY 27 2020...........SUNRISE   606 AM EDT   SUNSET   821 PM EDT
MAY 28 2020...........SUNRISE   606 AM EDT   SUNSET   822 PM EDT


-  INDICATES NEGATIVE NUMBERS.
R  INDICATES RECORD WAS SET OR TIED.
MM INDICATES DATA IS MISSING.
T  INDICATES TRACE AMOUNT.




$$
