000
CDUS42 KILM 152041
CLILBT


CLIMATE REPORT
NATIONAL WEATHER SERVICE WILMINGTON NC
440 PM EDT MON OCT 15 2018


...................................

...THE LUMBERTON NORTH CAROLINA CLIMATE SUMMARY FOR OCTOBER 15 2018...
VALID TODAY AS OF 0400 PM LOCAL TIME.

CLIMATE NORMAL PERIOD 1981 TO 2010
CLIMATE RECORD PERIOD 1903 TO 2018


WEATHER ITEM   OBSERVED TIME   RECORD YEAR NORMAL DEPARTURE LAST
                VALUE   (LST)  VALUE       VALUE  FROM      YEAR
                                                  NORMAL
..................................................................
TEMPERATURE (F)
 TODAY
  MAXIMUM         86    218 PM  91    1919  76     10       81
  MINIMUM         63    357 AM  30    1979  52     11       59
  AVERAGE         75                        64     11       70

PRECIPITATION (IN)
  TODAY            0.00          5.74 1954   0.07  -0.07     0.00
  MONTH TO DATE    1.29                      1.58  -0.29     1.52
  SINCE SEP 1      MM                        6.38   MM       6.46
  SINCE JAN 1      MM                       36.77   MM      38.27

DEGREE DAYS
 HEATING
  TODAY            0                         3     -3        0
  MONTH TO DATE    1                        33    -32        3
  SINCE SEP 1      1                        42    -41        3
  SINCE JUL 1      1                        42    -41        3

 COOLING
  TODAY           10                         2      8        5
  MONTH TO DATE  159                        47    112      115
  SINCE SEP 1    567                       296    271      352
  SINCE JAN 1   2433                      1868    565     2086
..................................................................


WIND (MPH)
  RESULTANT WIND SPEED   1   RESULTANT WIND DIRECTION  SE (150)
  HIGHEST WIND SPEED     8   HIGHEST WIND DIRECTION     E (110)
  HIGHEST GUST SPEED    10   HIGHEST GUST DIRECTION     E (110)
  AVERAGE WIND SPEED     1.8


SKY COVER
  POSSIBLE SUNSHINE  MM
  AVERAGE SKY COVER 0.6


WEATHER CONDITIONS
 THE FOLLOWING WEATHER WAS RECORDED TODAY.
  FOG


RELATIVE HUMIDITY (PERCENT)
 HIGHEST    93           100 AM
 LOWEST     65           200 PM
 AVERAGE    79

..........................................................


THE LUMBERTON NORTH CAROLINA CLIMATE NORMALS FOR TOMORROW
                         NORMAL    RECORD    YEAR
 MAXIMUM TEMPERATURE (F)   75        92      1925
 MINIMUM TEMPERATURE (F)   51        29      1987


SUNRISE AND SUNSET
OCTOBER 15 2018.......SUNRISE   722 AM EDT   SUNSET   642 PM EDT
OCTOBER 16 2018.......SUNRISE   723 AM EDT   SUNSET   640 PM EDT


-  INDICATES NEGATIVE NUMBERS.
R  INDICATES RECORD WAS SET OR TIED.
MM INDICATES DATA IS MISSING.
T  INDICATES TRACE AMOUNT.




$$
