692
CDUS44 KLCH 160936
CLILCH


CLIMATE REPORT
NATIONAL WEATHER SERVICE LAKE CHARLES, LA
336 AM CST SUN DEC 16 2018


...................................

...THE LAKE CHARLES CLIMATE SUMMARY FOR DECEMBER 15 2018...

CLIMATE NORMAL PERIOD 1981 TO 2010
CLIMATE RECORD PERIOD 1895 TO 2018


WEATHER ITEM   OBSERVED TIME   RECORD YEAR NORMAL DEPARTURE LAST
                VALUE   (LST)  VALUE       VALUE  FROM      YEAR
                                                  NORMAL
..................................................................
TEMPERATURE (F)
 YESTERDAY
  MAXIMUM         61    440 PM  81    1995  63     -2       53
  MINIMUM         44   1159 PM  24    1914  44      0       42
                                      1901
  AVERAGE         53                        54     -1       48

PRECIPITATION (IN)
  YESTERDAY        0.00          4.38 1986   0.15  -0.15     0.00
  MONTH TO DATE    3.64                      2.20   1.44     2.24
  SINCE DEC 1      3.64                      2.20   1.44     2.24
  SINCE JAN 1     58.13                     55.01   3.12    73.19

SNOWFALL (IN)
  YESTERDAY        0.0           0.0    MM   0.0    0.0      0.0
  MONTH TO DATE    0.0                       0.0    0.0      2.1
  SINCE DEC 1      0.0                       0.0    0.0      2.1
  SINCE JUL 1      0.0                       0.0    0.0      2.1
  SNOW DEPTH       0

DEGREE DAYS
 HEATING
  YESTERDAY       12                        12      0       17
  MONTH TO DATE  148                       159    -11      187
  SINCE DEC 1    148                       159    -11      187
  SINCE JUL 1    387                       366     21      335

 COOLING
  YESTERDAY        0                         1     -1        0
  MONTH TO DATE    3                        15    -12        6
  SINCE DEC 1      3                        15    -12        6
  SINCE JAN 1   3381                      2804    577     3165
..................................................................


WIND (MPH)
  HIGHEST WIND SPEED    20   HIGHEST WIND DIRECTION    NW (320)
  HIGHEST GUST SPEED    24   HIGHEST GUST DIRECTION    NW (320)
  AVERAGE WIND SPEED     8.7


SKY COVER
  POSSIBLE SUNSHINE  MM
  AVERAGE SKY COVER 0.7


WEATHER CONDITIONS
 THE FOLLOWING WEATHER WAS RECORDED YESTERDAY.
  FOG


RELATIVE HUMIDITY (PERCENT)
 HIGHEST   100          1100 PM
 LOWEST     64           300 PM
 AVERAGE    82

..........................................................


THE LAKE CHARLES CLIMATE NORMALS FOR TODAY
                         NORMAL    RECORD    YEAR
 MAXIMUM TEMPERATURE (F)   63        81      1971
 MINIMUM TEMPERATURE (F)   44        22      1943


SUNRISE AND SUNSET
DECEMBER 16 2018......SUNRISE   702 AM CST   SUNSET   515 PM CST
DECEMBER 17 2018......SUNRISE   703 AM CST   SUNSET   515 PM CST


-  INDICATES NEGATIVE NUMBERS.
R  INDICATES RECORD WAS SET OR TIED.
MM INDICATES DATA IS MISSING.
T  INDICATES TRACE AMOUNT.




$$
