000
CDUS44 KLCH 212215
CLILCH


CLIMATE REPORT
NATIONAL WEATHER SERVICE LAKE CHARLES, LA
414 PM CST FRI FEB 21 2020


...................................

...THE LAKE CHARLES CLIMATE SUMMARY FOR FEBRUARY 21 2020...
VALID TODAY AS OF 0400 PM LOCAL TIME.

CLIMATE NORMAL PERIOD 1981 TO 2010
CLIMATE RECORD PERIOD 1895 TO 2020


WEATHER ITEM   OBSERVED TIME   RECORD YEAR NORMAL DEPARTURE LAST
                VALUE   (LST)  VALUE       VALUE  FROM      YEAR
                                                  NORMAL
..................................................................
TEMPERATURE (F)
 TODAY
  MAXIMUM         56    357 PM  87    1913  66    -10       58
  MINIMUM         38    700 AM  28    1978  47     -9       52
                                      1914
  AVERAGE         47                        56     -9       55

PRECIPITATION (IN)
  TODAY            0.00          2.70 1969   0.11  -0.11     0.03
  MONTH TO DATE    1.79                      2.66  -0.87     0.97
  SINCE DEC 1      9.05                     12.57  -3.52    14.01
  SINCE JAN 1      8.07                      7.89   0.18     6.97

SNOWFALL (IN)
  TODAY            0.0           T    1964   0.0    0.0      0.0
                                      1963
                                      1959
  MONTH TO DATE    0.0                       0.1   -0.1      0.0
  SINCE DEC 1      0.0                       0.1   -0.1      0.0
  SINCE JUL 1      0.0                       0.1   -0.1      0.0
  SNOW DEPTH       0

DEGREE DAYS
 HEATING
  TODAY           18                         9      9       10
  MONTH TO DATE  145                       232    -87      121
  SINCE DEC 1    627                      1016   -389      771
  SINCE JUL 1    872                      1223   -351     1010

 COOLING
  TODAY            0                         0      0        0
  MONTH TO DATE   21                         0     21       23
  SINCE DEC 1     76                        30     46       28
  SINCE JAN 1     51                        10     41       25
..................................................................


WIND (MPH)
  HIGHEST WIND SPEED    22   HIGHEST WIND DIRECTION     N (20)
  HIGHEST GUST SPEED    31   HIGHEST GUST DIRECTION     N (20)
  AVERAGE WIND SPEED    14.9


SKY COVER
  POSSIBLE SUNSHINE  MM
  AVERAGE SKY COVER 0.0


WEATHER CONDITIONS
 THE FOLLOWING WEATHER WAS RECORDED TODAY.
  NO SIGNIFICANT WEATHER WAS OBSERVED.


RELATIVE HUMIDITY (PERCENT)
 HIGHEST    70           200 AM
 LOWEST     30           400 PM
 AVERAGE    50

..........................................................


THE LAKE CHARLES CLIMATE NORMALS FOR TOMORROW
                         NORMAL    RECORD    YEAR
 MAXIMUM TEMPERATURE (F)   66        85      1913
 MINIMUM TEMPERATURE (F)   47        23      1978


SUNRISE AND SUNSET
FEBRUARY 21 2020......SUNRISE   648 AM CST   SUNSET   606 PM CST
FEBRUARY 22 2020......SUNRISE   647 AM CST   SUNSET   607 PM CST


-  INDICATES NEGATIVE NUMBERS.
R  INDICATES RECORD WAS SET OR TIED.
MM INDICATES DATA IS MISSING.
T  INDICATES TRACE AMOUNT.




$$
