000
CDUS44 KLCH 260812
CLILCH


CLIMATE REPORT
NATIONAL WEATHER SERVICE LAKE CHARLES, LA
312 AM CDT MON OCT 26 2020


...................................

...THE LAKE CHARLES CLIMATE SUMMARY FOR OCTOBER 25 2020...

CLIMATE NORMAL PERIOD 1981 TO 2010
CLIMATE RECORD PERIOD 1895 TO 2020


WEATHER ITEM   OBSERVED TIME   RECORD YEAR NORMAL DEPARTURE LAST
                VALUE   (LST)  VALUE       VALUE  FROM      YEAR
                                                  NORMAL
..................................................................
TEMPERATURE (F)
 YESTERDAY
  MAXIMUM         71    412 PM  92    1927  78     -7       65
  MINIMUM         57    844 AM  36    1999  57      0       56
  AVERAGE         64                        68     -4       61

PRECIPITATION (IN)
  YESTERDAY        0.00          7.00 1900   0.17  -0.17     1.80
  MONTH TO DATE   10.38                      3.87   6.51     6.62
  SINCE SEP 1     13.13                      9.13   4.00    10.41
  SINCE JAN 1     53.53                     47.35   6.18    62.66

SNOWFALL (IN)
  YESTERDAY        0.0           0.0    MM   0.0    0.0      0.0
  MONTH TO DATE    0.0                       0.0    0.0      0.0
  SINCE SEP 1      0.0                       0.0    0.0      0.0
  SINCE JUL 1      0.0                       0.0    0.0      0.0
  SNOW DEPTH       0

DEGREE DAYS
 HEATING
  YESTERDAY        1                         2     -1        4
  MONTH TO DATE    2                        20    -18        9
  SINCE SEP 1      2                        21    -19        9
  SINCE JUL 1      2                        21    -19        9

 COOLING
  YESTERDAY        0                         4     -4        0
  MONTH TO DATE  182                       170     12      239
  SINCE SEP 1    608                       581     27      810
  SINCE JAN 1   2887                      2710    177     3192
..................................................................


WIND (MPH)
  HIGHEST WIND SPEED    12   HIGHEST WIND DIRECTION     E (90)
  HIGHEST GUST SPEED    15   HIGHEST GUST DIRECTION     E (90)
  AVERAGE WIND SPEED     5.7


SKY COVER
  POSSIBLE SUNSHINE  MM
  AVERAGE SKY COVER 0.9


WEATHER CONDITIONS
 THE FOLLOWING WEATHER WAS RECORDED YESTERDAY.
  FOG


RELATIVE HUMIDITY (PERCENT)
 HIGHEST   100          1200 AM
 LOWEST     68           300 PM
 AVERAGE    84

..........................................................


THE LAKE CHARLES CLIMATE NORMALS FOR TODAY
                         NORMAL    RECORD    YEAR
 MAXIMUM TEMPERATURE (F)   78        92      1927
 MINIMUM TEMPERATURE (F)   56        39      1909
                                             1908


SUNRISE AND SUNSET
OCTOBER 26 2020.......SUNRISE   723 AM CDT   SUNSET   630 PM CDT
OCTOBER 27 2020.......SUNRISE   724 AM CDT   SUNSET   629 PM CDT


-  INDICATES NEGATIVE NUMBERS.
R  INDICATES RECORD WAS SET OR TIED.
MM INDICATES DATA IS MISSING.
T  INDICATES TRACE AMOUNT.




$$
