000
CDUS44 KLCH 180828
CLILCH


CLIMATE REPORT
NATIONAL WEATHER SERVICE LAKE CHARLES, LA
327 AM CDT MON JUN 18 2018


...................................

...THE LAKE CHARLES CLIMATE SUMMARY FOR JUNE 17 2018...

CLIMATE NORMAL PERIOD 1981 TO 2010
CLIMATE RECORD PERIOD 1895 TO 2018


WEATHER ITEM   OBSERVED TIME   RECORD YEAR NORMAL DEPARTURE LAST
                VALUE   (LST)  VALUE       VALUE  FROM      YEAR
                                                  NORMAL
..................................................................
TEMPERATURE (F)
 YESTERDAY
  MAXIMUM         89   1102 AM 101    1909  90     -1       89
                                      1901
  MINIMUM         77   1159 PM  51    1917  73      4       80
  AVERAGE         83                        81      2       85

PRECIPITATION (IN)
  YESTERDAY        0.05          3.04 1987   0.25  -0.20     0.00
  MONTH TO DATE    2.56                      3.69  -1.13     4.17
  SINCE JUN 1      2.56                      3.69  -1.13     4.17
  SINCE JAN 1     23.44                     24.57  -1.13    30.82

SNOWFALL (IN)
  YESTERDAY        0.0           0.0    MM   0.0    0.0      0.0
  MONTH TO DATE    0.0                       0.0    0.0      0.0
  SINCE JUN 1      0.0                       0.0    0.0      0.0
  SINCE JUL 1      2.2                       0.1    2.1       T
  SNOW DEPTH       0

DEGREE DAYS
 HEATING
  YESTERDAY        0                         0      0        0
  MONTH TO DATE    0                         0      0        0
  SINCE JUN 1      0                         0      0        0
  SINCE JUL 1   1299                      1490   -191      743

 COOLING
  YESTERDAY       18                        16      2       20
  MONTH TO DATE  315                       259     56      259
  SINCE JUN 1    315                       259     56      259
  SINCE JAN 1   1059                       797    262      962
..................................................................


WIND (MPH)
  HIGHEST WIND SPEED    31   HIGHEST WIND DIRECTION    SE (130)
  HIGHEST GUST SPEED    37   HIGHEST GUST DIRECTION    SE (130)
  AVERAGE WIND SPEED    14.6


SKY COVER
  POSSIBLE SUNSHINE  MM
  AVERAGE SKY COVER 0.5


WEATHER CONDITIONS
 THE FOLLOWING WEATHER WAS RECORDED YESTERDAY.
  LIGHT RAIN
  FOG
  HAZE


RELATIVE HUMIDITY (PERCENT)
 HIGHEST    94           400 AM
 LOWEST     63          1100 AM
 AVERAGE    79

..........................................................


THE LAKE CHARLES CLIMATE NORMALS FOR TODAY
                         NORMAL    RECORD    YEAR
 MAXIMUM TEMPERATURE (F)   90       100      1918
                                             1911
 MINIMUM TEMPERATURE (F)   73        53      1917


SUNRISE AND SUNSET
JUNE 18 2018..........SUNRISE   611 AM CDT   SUNSET   817 PM CDT
JUNE 19 2018..........SUNRISE   612 AM CDT   SUNSET   817 PM CDT


-  INDICATES NEGATIVE NUMBERS.
R  INDICATES RECORD WAS SET OR TIED.
MM INDICATES DATA IS MISSING.
T  INDICATES TRACE AMOUNT.




$$
