000
CDUS43 KLMK 122031
CLILEX


CLIMATE REPORT
NATIONAL WEATHER SERVICE LOUISVILLE KY
430 PM EDT WED AUG 12 2020


...................................

...THE LEXINGTON KY CLIMATE SUMMARY FOR AUGUST 12 2020...
VALID TODAY AS OF 0400 PM LOCAL TIME.

CLIMATE NORMAL PERIOD 1981 TO 2010
CLIMATE RECORD PERIOD 1872 TO 2020


WEATHER ITEM   OBSERVED TIME   RECORD YEAR NORMAL DEPARTURE LAST
                VALUE   (LST)  VALUE       VALUE  FROM      YEAR
                                                  NORMAL
..................................................................
TEMPERATURE (F)
 TODAY
  MAXIMUM         85    252 PM  98    2005  86     -1       91
                                      1936
  MINIMUM         67    620 AM  51    1964  66      1       67
  AVERAGE         76                        76      0       79

PRECIPITATION (IN)
  TODAY            0.00          1.64 1993   0.11  -0.11     0.00
  MONTH TO DATE    0.96                      1.37  -0.41     0.00
  SINCE JUN 1      7.97                     10.46  -2.49    10.98
  SINCE JAN 1     31.46                     29.79   1.67    34.35

SNOWFALL (IN)
  TODAY            0.0          MM      MM   0.0    0.0      0.0
  MONTH TO DATE    0.0                       0.0    0.0      0.0
  SINCE JUN 1      0.0                       0.0    0.0      0.0
  SINCE JUL 1      0.0                       0.0    0.0      0.0
  SNOW DEPTH       0

DEGREE DAYS
 HEATING
  TODAY            0                         0      0        0
  MONTH TO DATE    0                         0      0        0
  SINCE JUN 1      6                        11     -5       10
  SINCE JUL 1      0                         0      0        0

 COOLING
  TODAY           11                        11      0       14
  MONTH TO DATE  100                       132    -32      158
  SINCE JUN 1    738                       721     17      838
  SINCE JAN 1    836                       828      8     1054
..................................................................


WIND (MPH)
  HIGHEST WIND SPEED     7   HIGHEST WIND DIRECTION     N (360)
  HIGHEST GUST SPEED    10   HIGHEST GUST DIRECTION     N (340)
  AVERAGE WIND SPEED     1.2


SKY COVER
  POSSIBLE SUNSHINE  MM
  AVERAGE SKY COVER 0.2


WEATHER CONDITIONS
 THE FOLLOWING WEATHER WAS RECORDED TODAY.
  FOG


RELATIVE HUMIDITY (PERCENT)
 HIGHEST   100           200 AM
 LOWEST     65          1200 PM
 AVERAGE    83

..........................................................


THE LEXINGTON KY CLIMATE NORMALS FOR TOMORROW
                         NORMAL    RECORD    YEAR
 MAXIMUM TEMPERATURE (F)   86        98      1999
 MINIMUM TEMPERATURE (F)   66        46      1964


SUNRISE AND SUNSET
AUGUST 12 2020........SUNRISE   651 AM EDT   SUNSET   835 PM EDT
AUGUST 13 2020........SUNRISE   652 AM EDT   SUNSET   833 PM EDT


-  INDICATES NEGATIVE NUMBERS.
R  INDICATES RECORD WAS SET OR TIED.
MM INDICATES DATA IS MISSING.
T  INDICATES TRACE AMOUNT.




$$
