000
CDUS43 KLMK 200707
CLILEX


CLIMATE REPORT
NATIONAL WEATHER SERVICE LOUISVILLE KY
303 AM EDT SAT OCT 20 2018


...................................

...THE LEXINGTON KY CLIMATE SUMMARY FOR OCTOBER 19 2018...

CLIMATE NORMAL PERIOD 1981 TO 2010
CLIMATE RECORD PERIOD 1872 TO 2018


WEATHER ITEM   OBSERVED TIME   RECORD YEAR NORMAL DEPARTURE LAST
                VALUE   (LST)  VALUE       VALUE  FROM      YEAR
                                                  NORMAL
..................................................................
TEMPERATURE (F)
 YESTERDAY
  MAXIMUM         69    133 PM  87    2016  67      2       72
  MINIMUM         34    249 AM  26    1992  46    -12       47
  AVERAGE         52                        56     -4       60

PRECIPITATION (IN)
  YESTERDAY        0.15          1.30 1960   0.11   0.04     0.00
  MONTH TO DATE    5.04                      1.87   3.17     4.07
  SINCE SEP 1     15.46                      4.78  10.68     7.81
  SINCE JAN 1     58.79                     36.45  22.34    42.75

SNOWFALL (IN)
  YESTERDAY        0.0           0.2  1972   0.0    0.0      0.0
  MONTH TO DATE    0.0                       0.0    0.0      0.0
  SINCE SEP 1      0.0                       0.0    0.0      0.0
  SINCE JUL 1      0.0                       0.0    0.0      0.0
  SNOW DEPTH       0

DEGREE DAYS
 HEATING
  YESTERDAY       13                         9      4        5
  MONTH TO DATE  121                       135    -14       50
  SINCE SEP 1    138                       187    -49       85
  SINCE JUL 1    138                       189    -51       85

 COOLING
  YESTERDAY        0                         1     -1        0
  MONTH TO DATE  126                        23    103       57
  SINCE SEP 1    395                       169    226      201
  SINCE JAN 1   1735                      1186    549     1282
..................................................................


WIND (MPH)
  HIGHEST WIND SPEED    17   HIGHEST WIND DIRECTION    SW (240)
  HIGHEST GUST SPEED    24   HIGHEST GUST DIRECTION    SW (240)
  AVERAGE WIND SPEED     7.6


SKY COVER
  POSSIBLE SUNSHINE  MM
  AVERAGE SKY COVER 0.4


WEATHER CONDITIONS
 THE FOLLOWING WEATHER WAS RECORDED YESTERDAY.
  LIGHT RAIN
  FOG


RELATIVE HUMIDITY (PERCENT)
 HIGHEST    89          1000 PM
 LOWEST     42           200 PM
 AVERAGE    66

..........................................................


THE LEXINGTON KY CLIMATE NORMALS FOR TODAY
                         NORMAL    RECORD    YEAR
 MAXIMUM TEMPERATURE (F)   66        86      1963
 MINIMUM TEMPERATURE (F)   45        25      1972


SUNRISE AND SUNSET
OCTOBER 20 2018.......SUNRISE   752 AM EDT   SUNSET   654 PM EDT
OCTOBER 21 2018.......SUNRISE   753 AM EDT   SUNSET   653 PM EDT


-  INDICATES NEGATIVE NUMBERS.
R  INDICATES RECORD WAS SET OR TIED.
MM INDICATES DATA IS MISSING.
T  INDICATES TRACE AMOUNT.




$$
