000
CDUS43 KLMK 202131
CLILEX


CLIMATE REPORT
NATIONAL WEATHER SERVICE LOUISVILLE KY
431 PM EST SUN JAN 20 2019


...................................

...THE LEXINGTON KY CLIMATE SUMMARY FOR JANUARY 20 2019...
VALID TODAY AS OF 0400 PM LOCAL TIME.

CLIMATE NORMAL PERIOD 1981 TO 2010
CLIMATE RECORD PERIOD 1872 TO 2019


WEATHER ITEM   OBSERVED TIME   RECORD YEAR NORMAL DEPARTURE LAST
                VALUE   (LST)  VALUE       VALUE  FROM      YEAR
                                                  NORMAL
..................................................................
TEMPERATURE (F)
 TODAY
  MAXIMUM         29   1212 AM  70    1906  41    -12       50
  MINIMUM         16   1118 AM -18    1985  25     -9       33
  AVERAGE         23                        33    -10       42

PRECIPITATION (IN)
  TODAY            0.15          1.67 1935   0.11   0.04     0.00
  MONTH TO DATE    3.29                      2.06   1.23     0.99
  SINCE DEC 1      9.35                      5.99   3.36     3.36
  SINCE JAN 1      3.29                      2.06   1.23     0.99

SNOWFALL (IN)
  TODAY            1.7           3.5  1915   0.2    1.5      0.0
  MONTH TO DATE    3.8                       2.4    1.4      6.1
  SINCE DEC 1      3.9                       4.9   -1.0      6.3
  SINCE JUL 1      4.9                       5.2   -0.3      6.3
  SNOW DEPTH       2

DEGREE DAYS
 HEATING
  TODAY           42                        32     10       23
  MONTH TO DATE  536                       640   -104      796
  SINCE DEC 1   1273                      1541   -268     1720
  SINCE JUL 1   2259                      2428   -169     2500

 COOLING
  TODAY            0                         0      0        0
  MONTH TO DATE    0                         0      0        0
  SINCE DEC 1      0                         0      0        0
  SINCE JAN 1      0                         0      0        0
..................................................................


WIND (MPH)
  HIGHEST WIND SPEED    26   HIGHEST WIND DIRECTION     N (340)
  HIGHEST GUST SPEED    39   HIGHEST GUST DIRECTION     N (340)
  AVERAGE WIND SPEED    15.0


SKY COVER
  POSSIBLE SUNSHINE  MM
  AVERAGE SKY COVER 0.7


WEATHER CONDITIONS
 THE FOLLOWING WEATHER WAS RECORDED TODAY.
  SNOW
  LIGHT SNOW
  FOG
  HAZE


RELATIVE HUMIDITY (PERCENT)
 HIGHEST    88           200 AM
 LOWEST     49           400 PM
 AVERAGE    69

..........................................................


THE LEXINGTON KY CLIMATE NORMALS FOR TOMORROW
                         NORMAL    RECORD    YEAR
 MAXIMUM TEMPERATURE (F)   41        72      1906
 MINIMUM TEMPERATURE (F)   25       -17      1984


SUNRISE AND SUNSET
JANUARY 20 2019.......SUNRISE   751 AM EST   SUNSET   548 PM EST
JANUARY 21 2019.......SUNRISE   751 AM EST   SUNSET   549 PM EST


-  INDICATES NEGATIVE NUMBERS.
R  INDICATES RECORD WAS SET OR TIED.
MM INDICATES DATA IS MISSING.
T  INDICATES TRACE AMOUNT.




$$
