000
CDUS43 KLMK 190628
CLILEX


CLIMATE REPORT
NATIONAL WEATHER SERVICE LOUISVILLE KY
228 AM EDT SAT OCT 19 2019


...................................

...THE LEXINGTON KY CLIMATE SUMMARY FOR OCTOBER 18 2019...

CLIMATE NORMAL PERIOD 1981 TO 2010
CLIMATE RECORD PERIOD 1872 TO 2019


WEATHER ITEM   OBSERVED TIME   RECORD YEAR NORMAL DEPARTURE LAST
                VALUE   (LST)  VALUE       VALUE  FROM      YEAR
                                                  NORMAL
..................................................................
TEMPERATURE (F)
 YESTERDAY
  MAXIMUM         66    412 PM  87    1938  67     -1       59
  MINIMUM         36    702 AM  24    1948  46    -10       36
  AVERAGE         51                        56     -5       48

PRECIPITATION (IN)
  YESTERDAY        0.00          2.46 2004   0.10  -0.10     0.00
  MONTH TO DATE    3.62                      1.76   1.86     4.89
  SINCE SEP 1      3.62                      4.67  -1.05    15.31
  SINCE JAN 1     40.13                     36.34   3.79    58.64

SNOWFALL (IN)
  YESTERDAY        0.0           T    1989   0.0    0.0      0.0
  MONTH TO DATE    0.0                       0.0    0.0      0.0
  SINCE SEP 1      0.0                       0.0    0.0      0.0
  SINCE JUL 1      0.0                       0.0    0.0      0.0
  SNOW DEPTH       0

DEGREE DAYS
 HEATING
  YESTERDAY       14                         9      5       17
  MONTH TO DATE   95                       126    -31      108
  SINCE SEP 1     95                       178    -83      125
  SINCE JUL 1     95                       180    -85      125

 COOLING
  YESTERDAY        0                         1     -1        0
  MONTH TO DATE   70                        22     48      126
  SINCE SEP 1    453                       168    285      395
  SINCE JAN 1   1753                      1185    568     1734
..................................................................


WIND (MPH)
  HIGHEST WIND SPEED    12   HIGHEST WIND DIRECTION     E (80)
  HIGHEST GUST SPEED    16   HIGHEST GUST DIRECTION     E (80)
  AVERAGE WIND SPEED     3.7


SKY COVER
  POSSIBLE SUNSHINE  MM
  AVERAGE SKY COVER 0.0


WEATHER CONDITIONS
 THE FOLLOWING WEATHER WAS RECORDED YESTERDAY.
  NO SIGNIFICANT WEATHER WAS OBSERVED.


RELATIVE HUMIDITY (PERCENT)
 HIGHEST    82           600 AM
 LOWEST     34           500 PM
 AVERAGE    58

..........................................................


THE LEXINGTON KY CLIMATE NORMALS FOR TODAY
                         NORMAL    RECORD    YEAR
 MAXIMUM TEMPERATURE (F)   67        87      2016
 MINIMUM TEMPERATURE (F)   46        26      1992


SUNRISE AND SUNSET
OCTOBER 19 2019.......SUNRISE   751 AM EDT   SUNSET   656 PM EDT
OCTOBER 20 2019.......SUNRISE   752 AM EDT   SUNSET   654 PM EDT


-  INDICATES NEGATIVE NUMBERS.
R  INDICATES RECORD WAS SET OR TIED.
MM INDICATES DATA IS MISSING.
T  INDICATES TRACE AMOUNT.




$$
