397
CDUS44 KSHV 150741
CLILFK

CLIMATE REPORT
NATIONAL WEATHER SERVICE SHREVEPORT, LA
241 AM CDT TUE JUN 15 2021

...................................

...THE LUFKIN CLIMATE SUMMARY FOR JUNE 14 2021...

CLIMATE NORMAL PERIOD: 1991 TO 2020
CLIMATE RECORD PERIOD: 1906 TO 2021


WEATHER ITEM   OBSERVED TIME   RECORD YEAR NORMAL DEPARTURE LAST
                VALUE   (LST)  VALUE       VALUE  FROM      YEAR
                                                  NORMAL
...................................................................
TEMPERATURE (F)
 YESTERDAY
  MAXIMUM         97   4:22 PM 103    1998  90      7       94
  MINIMUM         73   6:29 AM  57    1913  69      4       64
  AVERAGE         85                        80      5       79

PRECIPITATION (IN)
  YESTERDAY        0.00          2.16 1973   0.14  -0.14     0.00
  MONTH TO DATE    4.43                      2.09   2.34     0.07
  SINCE JUN 1      4.43                      2.09   2.34     0.07
  SINCE JAN 1     31.36                     23.17   8.19    20.79

SNOWFALL (IN)
  YESTERDAY        0.0
  MONTH TO DATE    0.0
  SINCE JUN 1      0.0
  SINCE JUL 1      5.7
  SNOW DEPTH       0

DEGREE DAYS
 HEATING
  YESTERDAY        0                         0      0        0
  MONTH TO DATE    0                         0      0        0
  SINCE JUN 1      0                         0      0        0
  SINCE JUL 1   1819                      1972   -153     1632

 COOLING
  YESTERDAY       20                        15      5       14
  MONTH TO DATE  222                       193     29      216
  SINCE JUN 1    222                       193     29      216
  SINCE JAN 1    668                       635     33      792
...................................................................


WIND (MPH)
  HIGHEST WIND SPEED     9   HIGHEST WIND DIRECTION    NW (320)
  HIGHEST GUST SPEED    12   HIGHEST GUST DIRECTION     E (100)
  AVERAGE WIND SPEED     2.8


SKY COVER
  POSSIBLE SUNSHINE  MM
  AVERAGE SKY COVER 0.1


WEATHER CONDITIONS
THE FOLLOWING WEATHER WAS RECORDED YESTERDAY.
  FOG


RELATIVE HUMIDITY (PERCENT)
 HIGHEST    96           5:00 AM
 LOWEST     51           3:00 PM
 AVERAGE    74

..........................................................


THE LUFKIN CLIMATE NORMALS FOR TODAY
                         NORMAL    RECORD    YEAR
 MAXIMUM TEMPERATURE (F)   90       102      1998
 MINIMUM TEMPERATURE (F)   70        56      1933


SUNRISE AND SUNSET
JUNE 15 2021..........SUNRISE   6:15 AM CDT   SUNSET   8:25 PM CDT
JUNE 16 2021..........SUNRISE   6:15 AM CDT   SUNSET   8:25 PM CDT


-  INDICATES NEGATIVE NUMBERS.
R  INDICATES RECORD WAS SET OR TIED.
MM INDICATES DATA IS MISSING.
T  INDICATES TRACE AMOUNT.




$$
