000
CDUS44 KSHV 160800
CLILFK


CLIMATE REPORT
NATIONAL WEATHER SERVICE SHREVEPORT, LA
259 AM CDT WED OCT 16 2019


...................................

...THE LUFKIN CLIMATE SUMMARY FOR OCTOBER 15 2019...

CLIMATE NORMAL PERIOD 1981 TO 2010
CLIMATE RECORD PERIOD 1906 TO 2019


WEATHER ITEM   OBSERVED TIME   RECORD YEAR NORMAL DEPARTURE LAST
                VALUE   (LST)  VALUE       VALUE  FROM      YEAR
                                                  NORMAL
..................................................................
TEMPERATURE (F)
 YESTERDAY
  MAXIMUM         82    310 PM  95    1935  80      2       72
  MINIMUM         71    433 AM  34    1907  56     15       52
  AVERAGE         77                        68      9       62

PRECIPITATION (IN)
  YESTERDAY        0.03          4.75 2018   0.15  -0.12     4.75
  MONTH TO DATE    2.31                      2.05   0.26     8.28
  SINCE DEC 1     46.46                     41.16   5.30    50.55
  SINCE JAN 1     35.30                     36.72  -1.42    46.94

SNOWFALL (IN)
  YESTERDAY        0.0
  MONTH TO DATE    0.0
  SINCE SEP 1      0.0
  SINCE JUL 1      0.0
  SNOW DEPTH       0

DEGREE DAYS
 HEATING
  YESTERDAY        0                         2     -2        3
  MONTH TO DATE   15                        16     -1        3
  SINCE SEP 1     15                        20     -5        3
  SINCE JUL 1     15                        20     -5        3

 COOLING
  YESTERDAY       12                         5      7        0
  MONTH TO DATE  143                        93     50      159
  SINCE SEP 1    661                       467    194      595
  SINCE JAN 1   2607                      2490    117     2889
..................................................................


WIND (MPH)
  HIGHEST WIND SPEED    10   HIGHEST WIND DIRECTION    SW (220)
  HIGHEST GUST SPEED    14   HIGHEST GUST DIRECTION    SW (210)
  AVERAGE WIND SPEED     4.5


SKY COVER
  POSSIBLE SUNSHINE  MM
  AVERAGE SKY COVER 0.8


WEATHER CONDITIONS
 THE FOLLOWING WEATHER WAS RECORDED YESTERDAY.
  THUNDERSTORM
  LIGHT RAIN
  FOG
  FOG W/VISIBILITY <= 1/4 MILE


RELATIVE HUMIDITY (PERCENT)
 HIGHEST   100           600 AM
 LOWEST     91          1200 PM
 AVERAGE    96

..........................................................


THE LUFKIN CLIMATE NORMALS FOR TODAY
                         NORMAL    RECORD    YEAR
 MAXIMUM TEMPERATURE (F)   80        94      1933
 MINIMUM TEMPERATURE (F)   56        35      1954


SUNRISE AND SUNSET
OCTOBER 16 2019.......SUNRISE   722 AM CDT   SUNSET   646 PM CDT
OCTOBER 17 2019.......SUNRISE   723 AM CDT   SUNSET   645 PM CDT


-  INDICATES NEGATIVE NUMBERS.
R  INDICATES RECORD WAS SET OR TIED.
MM INDICATES DATA IS MISSING.
T  INDICATES TRACE AMOUNT.




$$
