000
CDUS44 KSHV 112150
CLILFK


CLIMATE REPORT
NATIONAL WEATHER SERVICE SHREVEPORT, LA
449 PM CDT TUE AUG 11 2020


...................................

...THE LUFKIN CLIMATE SUMMARY FOR AUGUST 11 2020...
VALID TODAY AS OF 0400 PM LOCAL TIME.

CLIMATE NORMAL PERIOD 1981 TO 2010
CLIMATE RECORD PERIOD 1906 TO 2020


WEATHER ITEM   OBSERVED TIME   RECORD YEAR NORMAL DEPARTURE LAST
                VALUE   (LST)  VALUE       VALUE  FROM      YEAR
                                                  NORMAL
..................................................................
TEMPERATURE (F)
 TODAY
  MAXIMUM         98    250 PM 106    1948  95      3       96
  MINIMUM         75    615 AM  52    1996  72      3       74
  AVERAGE         87                        83      4       85

PRECIPITATION (IN)
  TODAY            0.00          3.43 1996   0.10  -0.10     0.00
  MONTH TO DATE    T                         1.11  -1.11     1.96
  SINCE DEC 1     29.36                     32.80  -3.44    37.44
  SINCE JAN 1     27.74                     28.36  -0.62    26.28

DEGREE DAYS
 HEATING
  TODAY            0                         0      0        0
  MONTH TO DATE    0                         0      0        0
  SINCE JUN 1      0                         0      0        0
  SINCE JUL 1      0                         0      0        0

 COOLING
  TODAY           22                        18      4       20
  MONTH TO DATE  216                       198     18      201
  SINCE JUN 1   1309                      1200    109     1124
  SINCE JAN 1   1885                      1669    216     1542
..................................................................


WIND (MPH)
  HIGHEST WIND SPEED    14   HIGHEST WIND DIRECTION    SE (150)
  HIGHEST GUST SPEED    20   HIGHEST GUST DIRECTION    SW (220)
  AVERAGE WIND SPEED     6.2


SKY COVER
  POSSIBLE SUNSHINE  MM
  AVERAGE SKY COVER 0.2


WEATHER CONDITIONS
 THE FOLLOWING WEATHER WAS RECORDED TODAY.
  FOG


RELATIVE HUMIDITY (PERCENT)
 HIGHEST    94           300 AM
 LOWEST     42           200 PM
 AVERAGE    68

..........................................................


THE LUFKIN CLIMATE NORMALS FOR TOMORROW
                         NORMAL    RECORD    YEAR
 MAXIMUM TEMPERATURE (F)   95       108      1962
 MINIMUM TEMPERATURE (F)   72        56      1967


SUNRISE AND SUNSET
AUGUST 11 2020........SUNRISE   643 AM CDT   SUNSET   805 PM CDT
AUGUST 12 2020........SUNRISE   643 AM CDT   SUNSET   804 PM CDT


-  INDICATES NEGATIVE NUMBERS.
R  INDICATES RECORD WAS SET OR TIED.
MM INDICATES DATA IS MISSING.
T  INDICATES TRACE AMOUNT.




$$
