000
CDUS44 KSHV 252238
CLILFK


CLIMATE REPORT
NATIONAL WEATHER SERVICE SHREVEPORT, LA
437 PM CST SUN FEB 25 2018


...................................

...THE LUFKIN CLIMATE SUMMARY FOR FEBRUARY 25 2018...
VALID TODAY AS OF 0400 PM LOCAL TIME.

CLIMATE NORMAL PERIOD 1981 TO 2010
CLIMATE RECORD PERIOD 1906 TO 2018


WEATHER ITEM   OBSERVED TIME   RECORD YEAR NORMAL DEPARTURE LAST
                VALUE   (LST)  VALUE       VALUE  FROM      YEAR
                                                  NORMAL
..................................................................
TEMPERATURE (F)
 TODAY
  MAXIMUM         59    204 AM  90    1918  66     -7       63
  MINIMUM         51    248 PM  22    1965  44      7       40
  AVERAGE         55                        55      0       52

PRECIPITATION (IN)
  TODAY            1.43R         0.96 1949   0.13   1.30     0.00
  MONTH TO DATE    7.70                      3.49   4.21     2.13
  SINCE DEC 1     13.73                     12.11   1.62    12.69
  SINCE JAN 1     10.12                      7.67   2.45     7.78

SNOWFALL (IN)
  TODAY            0.0
  MONTH TO DATE    0.0
  SINCE DEC 1      1.1
  SINCE JUL 1      1.1
  SNOW DEPTH       0

DEGREE DAYS
 HEATING
  TODAY           10                        11     -1       13
  MONTH TO DATE  243                       324    -81      133
  SINCE DEC 1   1362                      1297     65      819
  SINCE JUL 1   1613                      1604      9      967

 COOLING
  TODAY            0                         1     -1        0
  MONTH TO DATE   29                         1     28       38
  SINCE DEC 1     41                        22     19       94
  SINCE JAN 1     33                         9     24       63
..................................................................


WIND (MPH)
  HIGHEST WIND SPEED    17   HIGHEST WIND DIRECTION    NE (60)
  HIGHEST GUST SPEED    24   HIGHEST GUST DIRECTION    NE (50)
  AVERAGE WIND SPEED     6.1


SKY COVER
  POSSIBLE SUNSHINE  MM
  AVERAGE SKY COVER 1.0


WEATHER CONDITIONS
 THE FOLLOWING WEATHER WAS RECORDED TODAY.
  THUNDERSTORM
  HEAVY RAIN
  RAIN
  LIGHT RAIN
  FOG


RELATIVE HUMIDITY (PERCENT)
 HIGHEST   100           300 PM
 LOWEST     72          1200 AM
 AVERAGE    86

..........................................................


THE LUFKIN CLIMATE NORMALS FOR TOMORROW
                         NORMAL    RECORD    YEAR
 MAXIMUM TEMPERATURE (F)   66        86      1917
 MINIMUM TEMPERATURE (F)   44        20      1960


SUNRISE AND SUNSET
FEBRUARY 25 2018......SUNRISE   650 AM CST   SUNSET   614 PM CST
FEBRUARY 26 2018......SUNRISE   649 AM CST   SUNSET   615 PM CST


-  INDICATES NEGATIVE NUMBERS.
R  INDICATES RECORD WAS SET OR TIED.
MM INDICATES DATA IS MISSING.
T  INDICATES TRACE AMOUNT.




$$
