358
CDUS44 KSHV 210756
CLILFK


CLIMATE REPORT
NATIONAL WEATHER SERVICE SHREVEPORT, LA
252 AM CDT FRI SEP 21 2018


...................................

...THE LUFKIN CLIMATE SUMMARY FOR SEPTEMBER 20 2018...

CLIMATE NORMAL PERIOD 1981 TO 2010
CLIMATE RECORD PERIOD 1906 TO 2018


WEATHER ITEM   OBSERVED TIME   RECORD YEAR NORMAL DEPARTURE LAST
                VALUE   (LST)  VALUE       VALUE  FROM      YEAR
                                                  NORMAL
..................................................................
TEMPERATURE (F)
 YESTERDAY
  MAXIMUM         90    332 PM 102    2005  88      2       91
  MINIMUM         71    643 AM  51    1981  65      6       76
  AVERAGE         81                        76      5       84

PRECIPITATION (IN)
  YESTERDAY        0.34          4.91 1958   0.13   0.21     0.00
  MONTH TO DATE    5.05                      2.81   2.24     2.01
  SINCE DEC 1     37.07                     37.84  -0.77    52.06
  SINCE JAN 1     33.46                     33.40   0.06    47.15

SNOWFALL (IN)
  YESTERDAY        0.0
  MONTH TO DATE    0.0
  SINCE SEP 1      0.0
  SINCE JUL 1      0.0
  SNOW DEPTH       0

DEGREE DAYS
 HEATING
  YESTERDAY        0                         0      0        0
  MONTH TO DATE    0                         0      0        0
  SINCE SEP 1      0                         0      0        0
  SINCE JUL 1      0                         0      0        0

 COOLING
  YESTERDAY       16                        11      5       19
  MONTH TO DATE  325                       278     47      218
  SINCE SEP 1    325                       278     47      218
  SINCE JAN 1   2619                      2301    318     2241
..................................................................


WIND (MPH)
  HIGHEST WIND SPEED    18   HIGHEST WIND DIRECTION     S (200)
  HIGHEST GUST SPEED    26   HIGHEST GUST DIRECTION     S (200)
  AVERAGE WIND SPEED     4.0


SKY COVER
  POSSIBLE SUNSHINE  MM
  AVERAGE SKY COVER 0.1


WEATHER CONDITIONS
 THE FOLLOWING WEATHER WAS RECORDED YESTERDAY.
  THUNDERSTORM
  HEAVY RAIN
  LIGHT RAIN
  FOG


RELATIVE HUMIDITY (PERCENT)
 HIGHEST   100           200 AM
 LOWEST     56           100 PM
 AVERAGE    78

..........................................................


THE LUFKIN CLIMATE NORMALS FOR TODAY
                         NORMAL    RECORD    YEAR
 MAXIMUM TEMPERATURE (F)   87       104      2005
 MINIMUM TEMPERATURE (F)   64        45      1913


SUNRISE AND SUNSET
SEPTEMBER 21 2018.....SUNRISE   707 AM CDT   SUNSET   717 PM CDT
SEPTEMBER 22 2018.....SUNRISE   707 AM CDT   SUNSET   715 PM CDT


-  INDICATES NEGATIVE NUMBERS.
R  INDICATES RECORD WAS SET OR TIED.
MM INDICATES DATA IS MISSING.
T  INDICATES TRACE AMOUNT.




$$
