000
CDUS44 KSHV 242132
CLILFK


CLIMATE REPORT
NATIONAL WEATHER SERVICE SHREVEPORT, LA
432 PM CDT SUN JUN 24 2018


...................................

...THE LUFKIN CLIMATE SUMMARY FOR JUNE 24 2018...
VALID TODAY AS OF 0400 PM LOCAL TIME.

CLIMATE NORMAL PERIOD 1981 TO 2010
CLIMATE RECORD PERIOD 1906 TO 2018


WEATHER ITEM   OBSERVED TIME   RECORD YEAR NORMAL DEPARTURE LAST
                VALUE   (LST)  VALUE       VALUE  FROM      YEAR
                                                  NORMAL
..................................................................
TEMPERATURE (F)
 TODAY
  MAXIMUM         96    256 PM 102    1933  91      5       85
  MINIMUM         76    602 AM  62    2001  71      5       70
  AVERAGE         86                        81      5       78

PRECIPITATION (IN)
  TODAY            0.00          2.15 1946   0.15  -0.15     0.44
  MONTH TO DATE    0.64                      3.81  -3.17     5.14
  SINCE DEC 1     25.02                     27.77  -2.75    32.57
  SINCE JAN 1     21.41                     23.33  -1.92    27.66

DEGREE DAYS
 HEATING
  TODAY            0                         0      0        0
  MONTH TO DATE    0                         0      0        0
  SINCE JUN 1      0                         0      0        0
  SINCE JUL 1   1852                      1917    -65     1145

 COOLING
  TODAY           21                        16      5       13
  MONTH TO DATE  444                       353     91      349
  SINCE JUN 1    444                       353     91      349
  SINCE JAN 1   1040                       822    218      874
..................................................................


WIND (MPH)
  HIGHEST WIND SPEED    20   HIGHEST WIND DIRECTION     S (170)
  HIGHEST GUST SPEED    26   HIGHEST GUST DIRECTION     S (160)
  AVERAGE WIND SPEED     9.8


SKY COVER
  POSSIBLE SUNSHINE  MM
  AVERAGE SKY COVER 0.6


WEATHER CONDITIONS
 THE FOLLOWING WEATHER WAS RECORDED TODAY.
  NO SIGNIFICANT WEATHER WAS OBSERVED.


RELATIVE HUMIDITY (PERCENT)
 HIGHEST   100           400 AM
 LOWEST     46           300 PM
 AVERAGE    73

..........................................................


THE LUFKIN CLIMATE NORMALS FOR TOMORROW
                         NORMAL    RECORD    YEAR
 MAXIMUM TEMPERATURE (F)   92       104      2012
 MINIMUM TEMPERATURE (F)   71        54      1974


SUNRISE AND SUNSET
JUNE 24 2018..........SUNRISE   616 AM CDT   SUNSET   827 PM CDT
JUNE 25 2018..........SUNRISE   616 AM CDT   SUNSET   827 PM CDT


-  INDICATES NEGATIVE NUMBERS.
R  INDICATES RECORD WAS SET OR TIED.
MM INDICATES DATA IS MISSING.
T  INDICATES TRACE AMOUNT.




$$
