000
CDUS44 KSHV 112251
CLILFK


CLIMATE REPORT
NATIONAL WEATHER SERVICE SHREVEPORT, LA
451 PM CST TUE DEC 11 2018


...................................

...THE LUFKIN CLIMATE SUMMARY FOR DECEMBER 11 2018...
VALID TODAY AS OF 0400 PM LOCAL TIME.

CLIMATE NORMAL PERIOD 1981 TO 2010
CLIMATE RECORD PERIOD 1906 TO 2018


WEATHER ITEM   OBSERVED TIME   RECORD YEAR NORMAL DEPARTURE LAST
                VALUE   (LST)  VALUE       VALUE  FROM      YEAR
                                                  NORMAL
..................................................................
TEMPERATURE (F)
 TODAY
  MAXIMUM         59    329 PM  81    2007  62     -3       72
  MINIMUM         27    722 AM  19    1957  40    -13       33
  AVERAGE         43                        51     -8       53

PRECIPITATION (IN)
  TODAY            0.00          2.73 1909   0.14  -0.14     0.00
  MONTH TO DATE    5.91                      1.67   4.24     1.24
  SINCE DEC 1      5.91                      1.67   4.24     1.24
  SINCE JAN 1     63.40                     46.18  17.22    53.29

SNOWFALL (IN)
  TODAY            0.0
  MONTH TO DATE    0.0
  SINCE DEC 1      0.0
  SINCE JUL 1      T
  SNOW DEPTH       0

DEGREE DAYS
 HEATING
  TODAY           22                        15      7       12
  MONTH TO DATE  195                       150     45      148
  SINCE DEC 1    195                       150     45      148
  SINCE JUL 1    549                       457     92      399

 COOLING
  TODAY            0                         0      0        0
  MONTH TO DATE    0                         4     -4        5
  SINCE DEC 1      0                         4     -4        5
  SINCE JAN 1   2937                      2587    350     2661
..................................................................


WIND (MPH)
  HIGHEST WIND SPEED    12   HIGHEST WIND DIRECTION     S (170)
  HIGHEST GUST SPEED    16   HIGHEST GUST DIRECTION     S (200)
  AVERAGE WIND SPEED     4.3


SKY COVER
  POSSIBLE SUNSHINE  MM
  AVERAGE SKY COVER 0.0


WEATHER CONDITIONS
 THE FOLLOWING WEATHER WAS RECORDED TODAY.
  FOG


RELATIVE HUMIDITY (PERCENT)
 HIGHEST   100           100 AM
 LOWEST     37           200 PM
 AVERAGE    69

..........................................................


THE LUFKIN CLIMATE NORMALS FOR TOMORROW
                         NORMAL    RECORD    YEAR
 MAXIMUM TEMPERATURE (F)   61        81      1931
 MINIMUM TEMPERATURE (F)   40        16      1957


SUNRISE AND SUNSET
DECEMBER 11 2018......SUNRISE   708 AM CST   SUNSET   517 PM CST
DECEMBER 12 2018......SUNRISE   708 AM CST   SUNSET   517 PM CST


-  INDICATES NEGATIVE NUMBERS.
R  INDICATES RECORD WAS SET OR TIED.
MM INDICATES DATA IS MISSING.
T  INDICATES TRACE AMOUNT.




$$
