000
CDUS44 KLCH 260816
CLILFT


CLIMATE REPORT
NATIONAL WEATHER SERVICE LAKE CHARLES, LA
315 AM CDT TUE MAY 26 2020


...................................

...THE LAFAYETTE CLIMATE SUMMARY FOR MAY 25 2020...

CLIMATE NORMAL PERIOD 1981 TO 2010
CLIMATE RECORD PERIOD 1893 TO 2020


WEATHER ITEM   OBSERVED TIME   RECORD YEAR NORMAL DEPARTURE LAST
                VALUE   (LST)  VALUE       VALUE  FROM      YEAR
                                                  NORMAL
..................................................................
TEMPERATURE (F)
 YESTERDAY
  MAXIMUM         85    248 PM  95    2010  88     -3       92
                                      1941
                                      1893
  MINIMUM         73    546 AM  52    1940  69      4       73
  AVERAGE         79                        79      0       83

PRECIPITATION (IN)
  YESTERDAY        0.43          1.44 1986   0.17   0.26     0.00
  MONTH TO DATE    8.03                      3.74   4.29     8.83
  SINCE MAR 1     14.97                     11.46   3.51    14.10
  SINCE JAN 1     25.14                     21.58   3.56    19.86

DEGREE DAYS
 COOLING
  YESTERDAY       14                        14      0       18
  MONTH TO DATE  231                       275    -44      341
  SINCE MAR 1    581                       497     84      572
  SINCE JAN 1    635                       529    106      620
..................................................................


WIND (MPH)
  HIGHEST WIND SPEED    18   HIGHEST WIND DIRECTION     S (190)
  HIGHEST GUST SPEED    30   HIGHEST GUST DIRECTION     S (190)
  AVERAGE WIND SPEED     5.6


SKY COVER
  POSSIBLE SUNSHINE  MM
  AVERAGE SKY COVER 0.4


WEATHER CONDITIONS
 THE FOLLOWING WEATHER WAS RECORDED YESTERDAY.
  HEAVY RAIN
  RAIN
  LIGHT RAIN
  FOG
  HAZE


RELATIVE HUMIDITY (PERCENT)
 HIGHEST    93           100 AM
 LOWEST     61           300 PM
 AVERAGE    77

..........................................................


THE LAFAYETTE CLIMATE NORMALS FOR TODAY
                         NORMAL    RECORD    YEAR
 MAXIMUM TEMPERATURE (F)   88        97      1901
 MINIMUM TEMPERATURE (F)   69        50      1925


SUNRISE AND SUNSET
MAY 26 2020...........SUNRISE   609 AM CDT   SUNSET   802 PM CDT
MAY 27 2020...........SUNRISE   608 AM CDT   SUNSET   803 PM CDT


-  INDICATES NEGATIVE NUMBERS.
R  INDICATES RECORD WAS SET OR TIED.
MM INDICATES DATA IS MISSING.
T  INDICATES TRACE AMOUNT.




$$
