000
CDUS44 KLCH 200819
CLILFT


CLIMATE REPORT
NATIONAL WEATHER SERVICE LAKE CHARLES, LA
318 AM CDT SAT OCT 20 2018


...................................

...THE LAFAYETTE CLIMATE SUMMARY FOR OCTOBER 19 2018...

CLIMATE NORMAL PERIOD 1981 TO 2010
CLIMATE RECORD PERIOD 1893 TO 2018


WEATHER ITEM   OBSERVED TIME   RECORD YEAR NORMAL DEPARTURE LAST
                VALUE   (LST)  VALUE       VALUE  FROM      YEAR
                                                  NORMAL
..................................................................
TEMPERATURE (F)
 YESTERDAY
  MAXIMUM         89    225 PM  93    1921  80      9       84
  MINIMUM         62    350 AM  33    1948  59      3       57
  AVERAGE         76                        69      7       71

PRECIPITATION (IN)
  YESTERDAY        0.00          1.14 2013   0.19  -0.19     0.00
  MONTH TO DATE    2.38                      3.10  -0.72     0.98
  SINCE SEP 1     12.46                      7.82   4.64     1.31
  SINCE JAN 1     42.89                     48.44  -5.55    54.15

SNOWFALL (IN)
  YESTERDAY        0.0           0.0    MM   0.0    0.0      0.0
  MONTH TO DATE    0.0                       0.0    0.0      0.0
  SINCE SEP 1      0.0                       0.0    0.0      0.0
  SINCE JUL 1      0.0                       0.0    0.0      0.0
  SNOW DEPTH       0

DEGREE DAYS
 HEATING
  YESTERDAY        0                         1     -1        0
  MONTH TO DATE    0                        10    -10        1
  SINCE SEP 1      0                        11    -11        1
  SINCE JUL 1      0                        11    -11        1

 COOLING
  YESTERDAY       11                         6      5        6
  MONTH TO DATE  241                       146     95      242
  SINCE SEP 1    734                       573    161      691
  SINCE JAN 1   3226                      2834    392     3192
..................................................................


WIND (MPH)
  HIGHEST WIND SPEED    12   HIGHEST WIND DIRECTION    SW (210)
  HIGHEST GUST SPEED    14   HIGHEST GUST DIRECTION    SW (210)
  AVERAGE WIND SPEED     3.5


SKY COVER
  POSSIBLE SUNSHINE  MM
  AVERAGE SKY COVER 0.1


WEATHER CONDITIONS
 THE FOLLOWING WEATHER WAS RECORDED YESTERDAY.
  NO SIGNIFICANT WEATHER WAS OBSERVED.


RELATIVE HUMIDITY (PERCENT)
 HIGHEST   100           900 PM
 LOWEST     59           100 PM
 AVERAGE    80

..........................................................


THE LAFAYETTE CLIMATE NORMALS FOR TODAY
                         NORMAL    RECORD    YEAR
 MAXIMUM TEMPERATURE (F)   80        91      1926
 MINIMUM TEMPERATURE (F)   58        33      1989


SUNRISE AND SUNSET
OCTOBER 20 2018.......SUNRISE   713 AM CDT   SUNSET   632 PM CDT
OCTOBER 21 2018.......SUNRISE   714 AM CDT   SUNSET   631 PM CDT


-  INDICATES NEGATIVE NUMBERS.
R  INDICATES RECORD WAS SET OR TIED.
MM INDICATES DATA IS MISSING.
T  INDICATES TRACE AMOUNT.




$$
