642
CDUS44 KLCH 230918
CLILFT


CLIMATE REPORT
NATIONAL WEATHER SERVICE LAKE CHARLES, LA
318 AM CST WED JAN 23 2019


...................................

...THE LAFAYETTE CLIMATE SUMMARY FOR JANUARY 22 2019...

CLIMATE NORMAL PERIOD 1981 TO 2010
CLIMATE RECORD PERIOD 1893 TO 2019


WEATHER ITEM   OBSERVED TIME   RECORD YEAR NORMAL DEPARTURE LAST
                VALUE   (LST)  VALUE       VALUE  FROM      YEAR
                                                  NORMAL
..................................................................
TEMPERATURE (F)
 YESTERDAY
  MAXIMUM         72   1246 PM  80    1920  62     10       70
  MINIMUM         52   1247 AM  18    1935  43      9       50
  AVERAGE         62                        53      9       60

PRECIPITATION (IN)
  YESTERDAY        T             3.18 1992   0.19  -0.19     0.67
  MONTH TO DATE    3.69                      4.06  -0.37     2.23
  SINCE DEC 1      9.48                      9.64  -0.16     8.52
  SINCE JAN 1      3.69                      4.06  -0.37     2.23

SNOWFALL (IN)
  YESTERDAY        0.0           2.5  1940   0.0    0.0      0.0
  MONTH TO DATE    0.0                       0.0    0.0      0.3
  SINCE DEC 1      0.0                       0.0    0.0      2.0
  SINCE JUL 1      0.0                       0.0    0.0      2.0
  SNOW DEPTH       0

DEGREE DAYS
 HEATING
  YESTERDAY        3                        13    -10        5
  MONTH TO DATE  212                       286    -74      452
  SINCE DEC 1    492                       641   -149      822
  SINCE JUL 1    739                       840   -101      989
..................................................................


WIND (MPH)
  HIGHEST WIND SPEED    21   HIGHEST WIND DIRECTION     S (170)
  HIGHEST GUST SPEED    32   HIGHEST GUST DIRECTION     S (170)
  AVERAGE WIND SPEED     9.8


SKY COVER
  POSSIBLE SUNSHINE  MM
  AVERAGE SKY COVER 0.9


WEATHER CONDITIONS
 THE FOLLOWING WEATHER WAS RECORDED YESTERDAY.
  LIGHT RAIN


RELATIVE HUMIDITY (PERCENT)
 HIGHEST    86           600 AM
 LOWEST     66          1100 AM
 AVERAGE    76

..........................................................


THE LAFAYETTE CLIMATE NORMALS FOR TODAY
                         NORMAL    RECORD    YEAR
 MAXIMUM TEMPERATURE (F)   62        83      1933
                                             1972
 MINIMUM TEMPERATURE (F)   43        19      1948


SUNRISE AND SUNSET
JANUARY 23 2019.......SUNRISE   703 AM CST   SUNSET   537 PM CST
JANUARY 24 2019.......SUNRISE   703 AM CST   SUNSET   538 PM CST


-  INDICATES NEGATIVE NUMBERS.
R  INDICATES RECORD WAS SET OR TIED.
MM INDICATES DATA IS MISSING.
T  INDICATES TRACE AMOUNT.




$$
