170
CDUS44 KLCH 200818
CLILFT


CLIMATE REPORT
NATIONAL WEATHER SERVICE LAKE CHARLES, LA
318 AM CDT SUN OCT 20 2019


...................................

...THE LAFAYETTE CLIMATE SUMMARY FOR OCTOBER 19 2019...

CLIMATE NORMAL PERIOD 1981 TO 2010
CLIMATE RECORD PERIOD 1893 TO 2019


WEATHER ITEM   OBSERVED TIME   RECORD YEAR NORMAL DEPARTURE LAST
                VALUE   (LST)  VALUE       VALUE  FROM      YEAR
                                                  NORMAL
..................................................................
TEMPERATURE (F)
 YESTERDAY
  MAXIMUM         84    338 PM  93    1921  80      4       89
  MINIMUM         56    623 AM  33    1948  59     -3       62
  AVERAGE         70                        69      1       76

PRECIPITATION (IN)
  YESTERDAY        0.00          1.14 2013   0.19  -0.19     0.00
  MONTH TO DATE    2.89                      3.10  -0.21     2.38
  SINCE SEP 1      5.30                      7.82  -2.52    12.46
  SINCE JAN 1     58.19                     48.44   9.75    42.89

SNOWFALL (IN)
  YESTERDAY        0.0           0.0    MM   0.0    0.0      0.0
  MONTH TO DATE    0.0                       0.0    0.0      0.0
  SINCE SEP 1      0.0                       0.0    0.0      0.0
  SINCE JUL 1      0.0                       0.0    0.0      0.0
  SNOW DEPTH       0

DEGREE DAYS
 HEATING
  YESTERDAY        0                         1     -1        0
  MONTH TO DATE    6                        10     -4        0
  SINCE SEP 1      6                        11     -5        0
  SINCE JUL 1      6                        11     -5        0

 COOLING
  YESTERDAY        5                         6     -1       11
  MONTH TO DATE  198                       146     52      241
  SINCE SEP 1    728                       573    155      734
  SINCE JAN 1   3088                      2834    254     3226
..................................................................


WIND (MPH)
  HIGHEST WIND SPEED    10   HIGHEST WIND DIRECTION    NW (330)
  HIGHEST GUST SPEED    19   HIGHEST GUST DIRECTION    NW (320)
  AVERAGE WIND SPEED     3.1


SKY COVER
  POSSIBLE SUNSHINE  MM
  AVERAGE SKY COVER 0.0


WEATHER CONDITIONS
 THE FOLLOWING WEATHER WAS RECORDED YESTERDAY.
  FOG


RELATIVE HUMIDITY (PERCENT)
 HIGHEST    93          1100 PM
 LOWEST     47           100 PM
 AVERAGE    70

..........................................................


THE LAFAYETTE CLIMATE NORMALS FOR TODAY
                         NORMAL    RECORD    YEAR
 MAXIMUM TEMPERATURE (F)   80        91      1926
 MINIMUM TEMPERATURE (F)   58        33      1989


SUNRISE AND SUNSET
OCTOBER 20 2019.......SUNRISE   713 AM CDT   SUNSET   632 PM CDT
OCTOBER 21 2019.......SUNRISE   714 AM CDT   SUNSET   631 PM CDT


-  INDICATES NEGATIVE NUMBERS.
R  INDICATES RECORD WAS SET OR TIED.
MM INDICATES DATA IS MISSING.
T  INDICATES TRACE AMOUNT.




$$
