000
CDUS41 KOKX 260622
CLILGA


CLIMATE REPORT
NATIONAL WEATHER SERVICE NEW YORK NY
222 AM EDT MON OCT 26 2020


...................................

...THE LAGUARDIA NY CLIMATE SUMMARY FOR OCTOBER 25 2020...

CLIMATE NORMAL PERIOD 1981 TO 2010
CLIMATE RECORD PERIOD 1939 TO 2020


WEATHER ITEM   OBSERVED TIME   RECORD YEAR NORMAL DEPARTURE LAST
                VALUE   (LST)  VALUE       VALUE  FROM      YEAR
                                                  NORMAL
..................................................................
TEMPERATURE (F)
 YESTERDAY
  MAXIMUM         55   1152 PM  78    2001  62     -7       67
  MINIMUM         46    602 AM  37    1962  48     -2       53
  AVERAGE         51                        55     -4       60

PRECIPITATION (IN)
  YESTERDAY        0.02          1.52 1980   0.12  -0.10     0.00
                                      1958
  MONTH TO DATE    2.76                      3.09  -0.33     3.64
  SINCE SEP 1      6.93                      6.82   0.11     4.28
  SINCE JAN 1     31.61                     37.07  -5.46    40.12

SNOWFALL (IN)
  YESTERDAY        0.0          MM      MM   0.0    0.0      0.0
  MONTH TO DATE    0.0                       0.0    0.0      0.0
  SINCE OCT 1      0.0                       0.0    0.0      0.0
  SINCE JUL 1      0.0                       0.0    0.0      0.0
  SNOW DEPTH       0

DEGREE DAYS
 HEATING
  YESTERDAY       14                        10      4        5
  MONTH TO DATE   87                       170    -83      119
  SINCE SEP 1    112                       204    -92      122
  SINCE JUL 1    112                       205    -93      122

 COOLING
  YESTERDAY        0                         0      0        0
  MONTH TO DATE   19                        20     -1       29
  SINCE SEP 1    235                       177     58      255
  SINCE JAN 1   1645                      1210    435     1484
..................................................................


WIND (MPH)
  HIGHEST WIND SPEED    17   HIGHEST WIND DIRECTION    NE (30)
  HIGHEST GUST SPEED    23   HIGHEST GUST DIRECTION     N (20)
  AVERAGE WIND SPEED    11.0


SKY COVER
  AVERAGE SKY COVER 0.8


WEATHER CONDITIONS
 THE FOLLOWING WEATHER WAS RECORDED YESTERDAY.
  LIGHT RAIN


RELATIVE HUMIDITY (PERCENT)
 HIGHEST    77          1100 PM
 LOWEST     45           300 PM
 AVERAGE    61

..........................................................


THE LAGUARDIA NY CLIMATE NORMALS FOR TODAY
                         NORMAL    RECORD    YEAR
 MAXIMUM TEMPERATURE (F)   62        76      1963
                                             1947
 MINIMUM TEMPERATURE (F)   48        34      1962


SUNRISE AND SUNSET
OCTOBER 26 2020.......SUNRISE   720 AM EDT   SUNSET   559 PM EDT
OCTOBER 27 2020.......SUNRISE   721 AM EDT   SUNSET   557 PM EDT


-  INDICATES NEGATIVE NUMBERS.
R  INDICATES RECORD WAS SET OR TIED.
MM INDICATES DATA IS MISSING.
T  INDICATES TRACE AMOUNT.




$$
