000
CDUS41 KOKX 132032
CLILGA


CLIMATE REPORT
NATIONAL WEATHER SERVICE NEW YORK NY
432 PM EDT SUN OCT 13 2019


...................................

...THE LAGUARDIA NY CLIMATE SUMMARY FOR OCTOBER 13 2019...
VALID TODAY AS OF 0400 PM LOCAL TIME.

CLIMATE NORMAL PERIOD 1981 TO 2010
CLIMATE RECORD PERIOD 1939 TO 2019


WEATHER ITEM   OBSERVED TIME   RECORD YEAR NORMAL DEPARTURE LAST
                VALUE   (LST)  VALUE       VALUE  FROM      YEAR
                                                  NORMAL
..................................................................
TEMPERATURE (F)
 TODAY
  MAXIMUM         67    253 PM  86    1995  66      1       59
                                      1954
  MINIMUM         56    704 AM  39    1988  52      4       49
  AVERAGE         62                        59      3       54

PRECIPITATION (IN)
  TODAY            0.00          1.63 2005   0.12  -0.12     0.05
  MONTH TO DATE    1.05                      1.62  -0.57     1.80
  SINCE SEP 1      1.69                      5.35  -3.66     7.69
  SINCE JAN 1     37.53                     35.60   1.93    43.63

SNOWFALL (IN)
  TODAY            0.0          MM      MM   0.0    0.0      0.0
  MONTH TO DATE    0.0                       0.0    0.0      0.0
  SINCE OCT 1      0.0                       0.0    0.0      0.0
  SINCE JUL 1      0.0                       0.0    0.0      0.0
  SNOW DEPTH       0

DEGREE DAYS
 HEATING
  TODAY            3                         7     -4       11
  MONTH TO DATE   45                        67    -22       13
  SINCE SEP 1     48                       101    -53       21
  SINCE JUL 1     48                       102    -54       21

 COOLING
  TODAY            0                         1     -1        0
  MONTH TO DATE   27                        18      9       79
  SINCE SEP 1    253                       175     78      328
  SINCE JAN 1   1482                      1208    274     1696
..................................................................


WIND (MPH)
  HIGHEST WIND SPEED    17   HIGHEST WIND DIRECTION    NW (300)
  HIGHEST GUST SPEED    21   HIGHEST GUST DIRECTION    NW (310)
  AVERAGE WIND SPEED     8.1


SKY COVER
  AVERAGE SKY COVER 0.5


WEATHER CONDITIONS
 THE FOLLOWING WEATHER WAS RECORDED TODAY.
  NO SIGNIFICANT WEATHER WAS OBSERVED.


RELATIVE HUMIDITY (PERCENT)
 HIGHEST    72           300 AM
 LOWEST     32           300 PM
 AVERAGE    52

..........................................................


THE LAGUARDIA NY CLIMATE NORMALS FOR TOMORROW
                         NORMAL    RECORD    YEAR
 MAXIMUM TEMPERATURE (F)   66        82      1975
 MINIMUM TEMPERATURE (F)   52        40      1993
                                             1988
                                             1958


SUNRISE AND SUNSET
OCTOBER 13 2019.......SUNRISE   704 AM EDT   SUNSET   619 PM EDT
OCTOBER 14 2019.......SUNRISE   705 AM EDT   SUNSET   617 PM EDT


-  INDICATES NEGATIVE NUMBERS.
R  INDICATES RECORD WAS SET OR TIED.
MM INDICATES DATA IS MISSING.
T  INDICATES TRACE AMOUNT.




$$
