000
CDUS41 KOKX 180623
CLILGA


CLIMATE REPORT
NATIONAL WEATHER SERVICE NEW YORK NY
223 AM EDT MON JUN 18 2018


...................................

...THE LAGUARDIA NY CLIMATE SUMMARY FOR JUNE 17 2018...

CLIMATE NORMAL PERIOD 1981 TO 2010
CLIMATE RECORD PERIOD 1939 TO 2018


WEATHER ITEM   OBSERVED TIME   RECORD YEAR NORMAL DEPARTURE LAST
                VALUE   (LST)  VALUE       VALUE  FROM      YEAR
                                                  NORMAL
..................................................................
TEMPERATURE (F)
 YESTERDAY
  MAXIMUM         91    246 PM  96    1957  81     10       74
  MINIMUM         67    514 AM  53    1959  65      2       64
                                      1950
  AVERAGE         79                        73      6       69

PRECIPITATION (IN)
  YESTERDAY        0.00          2.30 2011   0.13  -0.13     1.26
  MONTH TO DATE    0.75                      2.37  -1.62     1.85
  SINCE JUN 1      0.75                      2.37  -1.62     1.85
  SINCE JAN 1     21.15                     20.06   1.09    22.62

SNOWFALL (IN)
  YESTERDAY        0.0           T    2011   0.0    0.0      0.0
  MONTH TO DATE    0.0                       0.0    0.0      0.0
  SINCE OCT 1     38.4                      26.9   11.5     33.2
  SINCE JUL 1     38.4                      26.9   11.5     33.2
  SNOW DEPTH       0

DEGREE DAYS
 HEATING
  YESTERDAY        0                         0      0        0
  MONTH TO DATE    8                        15     -7       16
  SINCE JUN 1      8                        15     -7       16
  SINCE JUL 1   4408                      4663   -255     3806

 COOLING
  YESTERDAY       14                         8      6        4
  MONTH TO DATE  103                       105     -2      121
  SINCE JUN 1    103                       105     -2      121
  SINCE JAN 1    247                       171     76      226
..................................................................


WIND (MPH)
  HIGHEST WIND SPEED    18   HIGHEST WIND DIRECTION     S (180)
  HIGHEST GUST SPEED    23   HIGHEST GUST DIRECTION     S (180)
  AVERAGE WIND SPEED     6.6


SKY COVER
  AVERAGE SKY COVER 0.5


WEATHER CONDITIONS
 THE FOLLOWING WEATHER WAS RECORDED YESTERDAY.
  NO SIGNIFICANT WEATHER WAS OBSERVED.


RELATIVE HUMIDITY (PERCENT)
 HIGHEST    68           600 AM
 LOWEST     23           100 PM
 AVERAGE    46

..........................................................


THE LAGUARDIA NY CLIMATE NORMALS FOR TODAY
                         NORMAL    RECORD    YEAR
 MAXIMUM TEMPERATURE (F)   81        95      1994
 MINIMUM TEMPERATURE (F)   65        49      1950


SUNRISE AND SUNSET
JUNE 18 2018..........SUNRISE   524 AM EDT   SUNSET   830 PM EDT
JUNE 19 2018..........SUNRISE   524 AM EDT   SUNSET   830 PM EDT


-  INDICATES NEGATIVE NUMBERS.
R  INDICATES RECORD WAS SET OR TIED.
MM INDICATES DATA IS MISSING.
T  INDICATES TRACE AMOUNT.




$$
