000
CDUS41 KOKX 110619
CLILGA


CLIMATE REPORT
NATIONAL WEATHER SERVICE NEW YORK NY
119 AM EST WED DEC 11 2019


...................................

...THE LAGUARDIA NY CLIMATE SUMMARY FOR DECEMBER 10 2019...

CLIMATE NORMAL PERIOD 1981 TO 2010
CLIMATE RECORD PERIOD 1939 TO 2019


WEATHER ITEM   OBSERVED TIME   RECORD YEAR NORMAL DEPARTURE LAST
                VALUE   (LST)  VALUE       VALUE  FROM      YEAR
                                                  NORMAL
..................................................................
TEMPERATURE (F)
 YESTERDAY
  MAXIMUM         58   1225 PM  70    1946  46     12       40
  MINIMUM         40   1159 PM   9    1968  34      6       30
  AVERAGE         49                        40      9       35

PRECIPITATION (IN)
  YESTERDAY        0.17          0.96 1969   0.12   0.05     0.00
  MONTH TO DATE    2.93                      1.24   1.69     0.84
  SINCE DEC 1      2.93                      1.24   1.69     0.84
  SINCE JAN 1     46.62                     42.41   4.21    52.78

SNOWFALL (IN)
  YESTERDAY        0.0           1.6  1961   0.1   -0.1      0.0
  MONTH TO DATE    0.6                       1.0   -0.4       T
  SINCE OCT 1      0.6                       1.3   -0.7      4.7
  SINCE JUL 1      0.6                       1.3   -0.7      4.7
  SNOW DEPTH       0

DEGREE DAYS
 HEATING
  YESTERDAY       16                        25     -9       30
  MONTH TO DATE  251                       235     16      262
  SINCE DEC 1    251                       235     16      262
  SINCE JUL 1   1012                      1010      2     1078

 COOLING
  YESTERDAY        0                         0      0        0
  MONTH TO DATE    0                         0      0        0
  SINCE DEC 1      0                         0      0        0
  SINCE JAN 1   1484                      1214    270     1697
..................................................................


WIND (MPH)
  HIGHEST WIND SPEED    33   HIGHEST WIND DIRECTION     W (290)
  HIGHEST GUST SPEED    39   HIGHEST GUST DIRECTION    NW (300)
  AVERAGE WIND SPEED    12.4


SKY COVER
  AVERAGE SKY COVER 0.9


WEATHER CONDITIONS
 THE FOLLOWING WEATHER WAS RECORDED YESTERDAY.
  RAIN
  LIGHT RAIN


RELATIVE HUMIDITY (PERCENT)
 HIGHEST    86           700 AM
 LOWEST     58          1000 PM
 AVERAGE    72

..........................................................


THE LAGUARDIA NY CLIMATE NORMALS FOR TODAY
                         NORMAL    RECORD    YEAR
 MAXIMUM TEMPERATURE (F)   46        62      1971
 MINIMUM TEMPERATURE (F)   34        14      1988
                                             1968


SUNRISE AND SUNSET
DECEMBER 11 2019......SUNRISE   709 AM EST   SUNSET   428 PM EST
DECEMBER 12 2019......SUNRISE   710 AM EST   SUNSET   428 PM EST


-  INDICATES NEGATIVE NUMBERS.
R  INDICATES RECORD WAS SET OR TIED.
MM INDICATES DATA IS MISSING.
T  INDICATES TRACE AMOUNT.




$$
