000
CDUS41 KOKX 120618
CLILGA


CLIMATE REPORT
NATIONAL WEATHER SERVICE NEW YORK NY
118 AM EST WED DEC 12 2018


...................................

...THE LAGUARDIA NY CLIMATE SUMMARY FOR DECEMBER 11 2018...

CLIMATE NORMAL PERIOD 1981 TO 2010
CLIMATE RECORD PERIOD 1939 TO 2018


WEATHER ITEM   OBSERVED TIME   RECORD YEAR NORMAL DEPARTURE LAST
                VALUE   (LST)  VALUE       VALUE  FROM      YEAR
                                                  NORMAL
..................................................................
TEMPERATURE (F)
 YESTERDAY
  MAXIMUM         41    218 PM  62    1971  46     -5       43
  MINIMUM         30    702 AM  14    1988  34     -4       35
                                      1968
  AVERAGE         36                        40     -4       39

PRECIPITATION (IN)
  YESTERDAY        0.00          2.74 1992   0.12  -0.12     0.00
  MONTH TO DATE    0.84                      1.36  -0.52     1.03
  SINCE DEC 1      0.84                      1.36  -0.52     1.03
  SINCE JAN 1     52.78                     42.53  10.25    41.70

SNOWFALL (IN)
  YESTERDAY        0.0           5.0  1993   0.1   -0.1      0.0
  MONTH TO DATE    T                         1.1   -1.1      4.6
  SINCE OCT 1      4.7                       1.4    3.3      4.6
  SINCE JUL 1      4.7                       1.4    3.3      4.6
  SNOW DEPTH       0

DEGREE DAYS
 HEATING
  YESTERDAY       29                        25      4       26
  MONTH TO DATE  291                       260     31      236
  SINCE DEC 1    291                       260     31      236
  SINCE JUL 1   1107                      1035     72      827

 COOLING
  YESTERDAY        0                         0      0        0
  MONTH TO DATE    0                         0      0        0
  SINCE DEC 1      0                         0      0        0
  SINCE JAN 1   1697                      1214    483     1439
..................................................................


WIND (MPH)
  HIGHEST WIND SPEED    20   HIGHEST WIND DIRECTION    NW (300)
  HIGHEST GUST SPEED    25   HIGHEST GUST DIRECTION    NW (300)
  AVERAGE WIND SPEED     8.1


SKY COVER
  AVERAGE SKY COVER 0.2


WEATHER CONDITIONS
 THE FOLLOWING WEATHER WAS RECORDED YESTERDAY.
  NO SIGNIFICANT WEATHER WAS OBSERVED.


RELATIVE HUMIDITY (PERCENT)
 HIGHEST    70          1100 AM
 LOWEST     48           800 PM
 AVERAGE    59

..........................................................


THE LAGUARDIA NY CLIMATE NORMALS FOR TODAY
                         NORMAL    RECORD    YEAR
 MAXIMUM TEMPERATURE (F)   45        66      2015
 MINIMUM TEMPERATURE (F)   33         8      1988


SUNRISE AND SUNSET
DECEMBER 12 2018......SUNRISE   710 AM EST   SUNSET   428 PM EST
DECEMBER 13 2018......SUNRISE   711 AM EST   SUNSET   428 PM EST


-  INDICATES NEGATIVE NUMBERS.
R  INDICATES RECORD WAS SET OR TIED.
MM INDICATES DATA IS MISSING.
T  INDICATES TRACE AMOUNT.




$$
