000
CDUS41 KOKX 190617
CLILGA


CLIMATE REPORT
NATIONAL WEATHER SERVICE NEW YORK NY
117 AM EST MON FEB 19 2018


...................................

...THE LAGUARDIA NY CLIMATE SUMMARY FOR FEBRUARY 18 2018...

CLIMATE NORMAL PERIOD 1981 TO 2010
CLIMATE RECORD PERIOD 1939 TO 2018


WEATHER ITEM   OBSERVED TIME   RECORD YEAR NORMAL DEPARTURE LAST
                VALUE   (LST)  VALUE       VALUE  FROM      YEAR
                                                  NORMAL
..................................................................
TEMPERATURE (F)
 YESTERDAY
  MAXIMUM         45    411 PM  67    2011  43      2       65
  MINIMUM         33    113 AM   0    1979  29      4       36
  AVERAGE         39                        36      3       51

PRECIPITATION (IN)
  YESTERDAY        0.02          1.67 1960   0.10  -0.08     0.00
  MONTH TO DATE    4.87                      1.72   3.15     1.55
  SINCE DEC 1      9.05                      8.45   0.60     8.63
  SINCE JAN 1      6.99                      4.89   2.10     5.68

SNOWFALL (IN)
  YESTERDAY        0.4           2.5  2000   0.4    0.0      0.0
  MONTH TO DATE    4.9                       6.0   -1.1     10.3
  SINCE OCT 1     21.6                      18.9    2.7     23.4
  SINCE JUL 1     21.6                      18.9    2.7     23.4
  SNOW DEPTH       3

DEGREE DAYS
 HEATING
  YESTERDAY       26                        29     -3       14
  MONTH TO DATE  468                       549    -81      475
  SINCE DEC 1   2386                      2373     13     2011
  SINCE JUL 1   2977                      3148   -171     2549

 COOLING
  YESTERDAY        0                         0      0        0
  MONTH TO DATE    0                         0      0        0
  SINCE DEC 1      0                         0      0        0
  SINCE JAN 1      0                         0      0        0
..................................................................


WIND (MPH)
  HIGHEST WIND SPEED    26   HIGHEST WIND DIRECTION    NW (310)
  HIGHEST GUST SPEED    34   HIGHEST GUST DIRECTION    NW (320)
  AVERAGE WIND SPEED     9.4


SKY COVER
  AVERAGE SKY COVER 0.5


WEATHER CONDITIONS
 THE FOLLOWING WEATHER WAS RECORDED YESTERDAY.
  LIGHT SNOW
  FOG


RELATIVE HUMIDITY (PERCENT)
 HIGHEST    96          1200 AM
 LOWEST     40           200 PM
 AVERAGE    68

..........................................................


THE LAGUARDIA NY CLIMATE NORMALS FOR TODAY
                         NORMAL    RECORD    YEAR
 MAXIMUM TEMPERATURE (F)   43        66      2017
 MINIMUM TEMPERATURE (F)   29         9      2015


SUNRISE AND SUNSET
FEBRUARY 19 2018......SUNRISE   644 AM EST   SUNSET   535 PM EST
FEBRUARY 20 2018......SUNRISE   643 AM EST   SUNSET   536 PM EST


-  INDICATES NEGATIVE NUMBERS.
R  INDICATES RECORD WAS SET OR TIED.
MM INDICATES DATA IS MISSING.
T  INDICATES TRACE AMOUNT.




$$
