000
CDUS46 KLOX 210858
CLILGB


CLIMATE REPORT
NATIONAL WEATHER SERVICE LOS ANGELES/OXNARD CA
158 AM PDT MON OCT 21 2019


...................................

...THE LONG BEACH AIRPORT CA CLIMATE SUMMARY FOR OCTOBER 20 2019...

CLIMATE NORMAL PERIOD 1981 TO 2010
CLIMATE RECORD PERIOD 1958 TO 2019


WEATHER ITEM   OBSERVED TIME   RECORD YEAR NORMAL DEPARTURE LAST
                VALUE   (LST)  VALUE       VALUE  FROM      YEAR
                                                  NORMAL
..................................................................
TEMPERATURE (F)
 YESTERDAY
  MAXIMUM         90    324 PM  99    2016  77     13       92
  MINIMUM         59    630 AM  47    1969  58      1       60
  AVERAGE         75                        67      8       76

PRECIPITATION (IN)
  YESTERDAY        0.00          1.97 2004   0.02  -0.02     0.00
  MONTH TO DATE    0.00                      0.34  -0.34     0.55
  SINCE OCT 1      0.00                      0.34  -0.34     0.55
  SINCE JAN 1     14.02                      9.02   5.00     4.01

SNOWFALL (IN)
  YESTERDAY        0.0
  MONTH TO DATE    0.0
  SINCE SEP 1      0.0
  SINCE JUL 1      0.0

DEGREE DAYS
 HEATING
  YESTERDAY        0                         1     -1        0
  MONTH TO DATE    0                         4     -4        0
  SINCE SEP 1      0                         5     -5        0
  SINCE JUL 1      0                         5     -5        0

 COOLING
  YESTERDAY       10                         3      7       11
  MONTH TO DATE  116                        79     37      113
  SINCE SEP 1    452                       310    142      354
  SINCE JAN 1   1294                      1078    216     1446
..................................................................


WIND (MPH)
  HIGHEST WIND SPEED    14   HIGHEST WIND DIRECTION     S (190)
  HIGHEST GUST SPEED    16   HIGHEST GUST DIRECTION     S (200)
  AVERAGE WIND SPEED     2.8


SKY COVER
  POSSIBLE SUNSHINE  MM
  AVERAGE SKY COVER 0.1


WEATHER CONDITIONS
 THE FOLLOWING WEATHER WAS RECORDED YESTERDAY.
  FOG
  HAZE


RELATIVE HUMIDITY (PERCENT)
 HIGHEST    84          1200 AM
 LOWEST     14           300 PM
 AVERAGE    49

..........................................................


THE LONG BEACH AIRPORT CA CLIMATE NORMALS FOR TODAY
                         NORMAL    RECORD    YEAR
 MAXIMUM TEMPERATURE (F)   77        99      1965
 MINIMUM TEMPERATURE (F)   57        49      1962


SUNRISE AND SUNSET
OCTOBER 21 2019.......SUNRISE   702 AM PDT   SUNSET   612 PM PDT
OCTOBER 22 2019.......SUNRISE   703 AM PDT   SUNSET   611 PM PDT


-  INDICATES NEGATIVE NUMBERS.
R  INDICATES RECORD WAS SET OR TIED.
MM INDICATES DATA IS MISSING.
T  INDICATES TRACE AMOUNT.




$$
