000
CDUS46 KLOX 040913
CLILGB


CLIMATE REPORT
NATIONAL WEATHER SERVICE LOS ANGELES/OXNARD CA
213 AM PDT THU JUN 4 2020


...................................

...THE LONG BEACH AIRPORT CA CLIMATE SUMMARY FOR JUNE 3 2020...

CLIMATE NORMAL PERIOD 1981 TO 2010
CLIMATE RECORD PERIOD 1958 TO 2020


WEATHER ITEM   OBSERVED TIME   RECORD YEAR NORMAL DEPARTURE LAST
                VALUE   (LST)  VALUE       VALUE  FROM      YEAR
                                                  NORMAL
..................................................................
TEMPERATURE (F)
 YESTERDAY
  MAXIMUM         88    110 PM  93    2006  74     14       71
                                      1990
  MINIMUM         63   1159 PM  49    1967  60      3       60
  AVERAGE         76                        67      9       66

PRECIPITATION (IN)
  YESTERDAY        0.00          0.02 1999   0.00   0.00     0.00
  MONTH TO DATE    0.00                      0.01  -0.01      T
  SINCE OCT 1     14.21                     11.96   2.25    17.59
  SINCE JAN 1      6.72                      8.38  -1.66    13.98

SNOWFALL (IN)
  YESTERDAY        0.0
  MONTH TO DATE    0.0
  SINCE JUN 1      0.0
  SINCE JUL 1      0.0

DEGREE DAYS
 HEATING
  YESTERDAY        0                         1     -1        0
  MONTH TO DATE    0                         3     -3        2
  SINCE JUN 1      0                         3     -3        2
  SINCE JUL 1   1134                      1216    -82      958

 COOLING
  YESTERDAY       11                         2      9        1
  MONTH TO DATE   23                         6     17        1
  SINCE JUN 1     23                         6     17        1
  SINCE JAN 1    192                       109     83       60
..................................................................


WIND (MPH)
  HIGHEST WIND SPEED    14   HIGHEST WIND DIRECTION     S (160)
  HIGHEST GUST SPEED    20   HIGHEST GUST DIRECTION     S (170)
  AVERAGE WIND SPEED     7.4


SKY COVER
  POSSIBLE SUNSHINE  MM
  AVERAGE SKY COVER 0.1


WEATHER CONDITIONS
 THE FOLLOWING WEATHER WAS RECORDED YESTERDAY.
  NO SIGNIFICANT WEATHER WAS OBSERVED.


RELATIVE HUMIDITY (PERCENT)
 HIGHEST    87          1000 PM
 LOWEST     31           100 PM
 AVERAGE    59

..........................................................


THE LONG BEACH AIRPORT CA CLIMATE NORMALS FOR TODAY
                         NORMAL    RECORD    YEAR
 MAXIMUM TEMPERATURE (F)   75        91      1990
 MINIMUM TEMPERATURE (F)   60        50      1967


SUNRISE AND SUNSET
JUNE  4 2020..........SUNRISE   542 AM PDT   SUNSET   800 PM PDT
JUNE  5 2020..........SUNRISE   542 AM PDT   SUNSET   801 PM PDT


-  INDICATES NEGATIVE NUMBERS.
R  INDICATES RECORD WAS SET OR TIED.
MM INDICATES DATA IS MISSING.
T  INDICATES TRACE AMOUNT.




$$
