000
CDUS46 KLOX 310919
CLILGB


CLIMATE REPORT
NATIONAL WEATHER SERVICE LOS ANGELES/OXNARD CA
219 AM PDT SAT OCT 31 2020


...................................

...THE LONG BEACH AIRPORT CA CLIMATE SUMMARY FOR OCTOBER 30 2020...

CLIMATE NORMAL PERIOD 1981 TO 2010
CLIMATE RECORD PERIOD 1958 TO 2020


WEATHER ITEM   OBSERVED TIME   RECORD YEAR NORMAL DEPARTURE LAST
                VALUE   (LST)  VALUE       VALUE  FROM      YEAR
                                                  NORMAL
..................................................................
TEMPERATURE (F)
 YESTERDAY
  MAXIMUM         79    257 PM  96    1962  76      3       77
  MINIMUM         56    159 AM  41    1971  55      1       53
  AVERAGE         68                        65      3       65

PRECIPITATION (IN)
  YESTERDAY        0.00          1.48 1996   0.03  -0.03     0.00
  MONTH TO DATE    0.03                      0.60  -0.57     0.00
  SINCE OCT 1      0.03                      0.60  -0.57     0.00
  SINCE JAN 1      6.75                      9.28  -2.53    14.02

SNOWFALL (IN)
  YESTERDAY        0.0
  MONTH TO DATE    0.0
  SINCE SEP 1      0.0
  SINCE JUL 1      0.0

DEGREE DAYS
 HEATING
  YESTERDAY        0                         2     -2        0
  MONTH TO DATE    4                        15    -11        3
  SINCE SEP 1      4                        16    -12        3
  SINCE JUL 1      4                        16    -12        3

 COOLING
  YESTERDAY        3                         2      1        0
  MONTH TO DATE  217                       102    115      198
  SINCE SEP 1    532                       333    199      534
  SINCE JAN 1   1445                      1101    344     1376
..................................................................


WIND (MPH)
  HIGHEST WIND SPEED    12   HIGHEST WIND DIRECTION    NW (320)
  HIGHEST GUST SPEED    15   HIGHEST GUST DIRECTION     S (190)
  AVERAGE WIND SPEED     3.5


SKY COVER
  POSSIBLE SUNSHINE  MM
  AVERAGE SKY COVER 0.3


WEATHER CONDITIONS
 THE FOLLOWING WEATHER WAS RECORDED YESTERDAY.
  FOG
  FOG W/VISIBILITY <= 1/4 MILE
  HAZE


RELATIVE HUMIDITY (PERCENT)
 HIGHEST   100           400 AM
 LOWEST     36          1100 AM
 AVERAGE    68

..........................................................


THE LONG BEACH AIRPORT CA CLIMATE NORMALS FOR TODAY
                         NORMAL    RECORD    YEAR
 MAXIMUM TEMPERATURE (F)   75        95      1967
                                             1966
 MINIMUM TEMPERATURE (F)   55        39      1972


SUNRISE AND SUNSET
OCTOBER 31 2020.......SUNRISE   711 AM PDT   SUNSET   600 PM PDT
NOVEMBER  1 2020......SUNRISE   612 AM PST   SUNSET   500 PM PST


-  INDICATES NEGATIVE NUMBERS.
R  INDICATES RECORD WAS SET OR TIED.
MM INDICATES DATA IS MISSING.
T  INDICATES TRACE AMOUNT.




$$
