000
CDUS46 KLOX 190858
CLILGB


CLIMATE REPORT
NATIONAL WEATHER SERVICE LOS ANGELES/OXNARD CA
158 AM PDT TUE JUN 19 2018


...................................

...THE LONG BEACH AIRPORT CA CLIMATE SUMMARY FOR JUNE 18 2018...

CLIMATE NORMAL PERIOD 1981 TO 2010
CLIMATE RECORD PERIOD 1958 TO 2018


WEATHER ITEM   OBSERVED TIME   RECORD YEAR NORMAL DEPARTURE LAST
                VALUE   (LST)  VALUE       VALUE  FROM      YEAR
                                                  NORMAL
..................................................................
TEMPERATURE (F)
 YESTERDAY
  MAXIMUM         75    249 PM  93    2008  77     -2       85
  MINIMUM         61    514 AM  51    1965  61      0       63
  AVERAGE         68                        69     -1       74

PRECIPITATION (IN)
  YESTERDAY        0.00          T    1984   0.00   0.00     0.00
                                      1980
                                      1963
  MONTH TO DATE    0.00                      0.06  -0.06     0.00
  SINCE OCT 1      3.53                     12.01  -8.48    19.98
  SINCE JAN 1      3.46                      8.43  -4.97    14.78

SNOWFALL (IN)
  YESTERDAY        0.0
  MONTH TO DATE    0.0
  SINCE JUN 1      0.0
  SINCE JUL 1      0.0

DEGREE DAYS
 HEATING
  YESTERDAY        0                         0      0        0
  MONTH TO DATE    0                         3     -3        2
  SINCE JUN 1      0                         3     -3        2
  SINCE JUL 1    613                      1216   -603      914

 COOLING
  YESTERDAY        3                         4     -1        9
  MONTH TO DATE   89                        56     33       61
  SINCE JUN 1     89                        56     33       61
  SINCE JAN 1    213                       159     54      221
..................................................................


WIND (MPH)
  HIGHEST WIND SPEED    18   HIGHEST WIND DIRECTION    NW (310)
  HIGHEST GUST SPEED    23   HIGHEST GUST DIRECTION    NW (300)
  AVERAGE WIND SPEED     8.6


SKY COVER
  POSSIBLE SUNSHINE  MM
  AVERAGE SKY COVER 0.4


WEATHER CONDITIONS
 THE FOLLOWING WEATHER WAS RECORDED YESTERDAY.
  NO SIGNIFICANT WEATHER WAS OBSERVED.


RELATIVE HUMIDITY (PERCENT)
 HIGHEST    84          1000 PM
 LOWEST     49           900 AM
 AVERAGE    67

..........................................................


THE LONG BEACH AIRPORT CA CLIMATE NORMALS FOR TODAY
                         NORMAL    RECORD    YEAR
 MAXIMUM TEMPERATURE (F)   77       103      1973
 MINIMUM TEMPERATURE (F)   61        54      1961


SUNRISE AND SUNSET
JUNE 19 2018..........SUNRISE   542 AM PDT   SUNSET   806 PM PDT
JUNE 20 2018..........SUNRISE   542 AM PDT   SUNSET   806 PM PDT


-  INDICATES NEGATIVE NUMBERS.
R  INDICATES RECORD WAS SET OR TIED.
MM INDICATES DATA IS MISSING.
T  INDICATES TRACE AMOUNT.




$$
