000
CDHW41 PHFO 150228
CLILIH


CLIMATE REPORT
NATIONAL WEATHER SERVICE HONOLULU HI
426 PM HST MON OCT 14 2019


...................................

...THE LIHUE HI CLIMATE SUMMARY FOR OCTOBER 14 2019...
VALID TODAY AS OF 0400 PM LOCAL TIME.

CLIMATE NORMAL PERIOD 1981 TO 2010
CLIMATE RECORD PERIOD 1950 TO 2019


WEATHER ITEM   OBSERVED TIME   RECORD YEAR NORMAL DEPARTURE LAST
                VALUE   (LST)  VALUE       VALUE  FROM      YEAR
                                                  NORMAL
..................................................................
TEMPERATURE (F)
 TODAY
  MAXIMUM         85    306 PM  86    2017  84      1       83
                                      1991
                                      1981
  MINIMUM         77    416 AM  64    1962  73      4       66
  AVERAGE         81                        78      3       75

PRECIPITATION (IN)
  TODAY            0.00          1.75 2013   0.12  -0.12     0.01
  MONTH TO DATE    3.85                      1.48   2.37     0.15
  SINCE SEP 1      7.01                      3.60   3.41     5.64
  SINCE JAN 1     24.70                     25.05  -0.35    38.73

SNOWFALL (IN)
  TODAY            0.0
  MONTH TO DATE    0.0
  SINCE SEP 1      0.0
  SINCE JUL 1      0.0
  SNOW DEPTH      MM

DEGREE DAYS
 HEATING
  TODAY            0                         0      0        0
  MONTH TO DATE    0                         0      0        0
  SINCE SEP 1      0                         0      0        0
  SINCE JUL 1      0                         0      0        0

 COOLING
  TODAY           16                        13      3       10
  MONTH TO DATE  218                       193     25      190
  SINCE SEP 1    775                       626    149      576
  SINCE JAN 1   3622                      3152    470     3233
..................................................................


WIND (MPH)
  HIGHEST WIND SPEED    17   HIGHEST WIND DIRECTION    NE (60)
  HIGHEST GUST SPEED    22   HIGHEST GUST DIRECTION     E (70)
  AVERAGE WIND SPEED    MM


SKY COVER
  POSSIBLE SUNSHINE  MM
  AVERAGE SKY COVER  MM


WEATHER CONDITIONS
 THE FOLLOWING WEATHER WAS RECORDED TODAY.
  NO SIGNIFICANT WEATHER WAS OBSERVED.


RELATIVE HUMIDITY (PERCENT)
 HIGHEST    MM
 LOWEST     MM
 AVERAGE    MM

..........................................................


THE LIHUE HI CLIMATE NORMALS FOR TOMORROW
                         NORMAL    RECORD    YEAR
 MAXIMUM TEMPERATURE (F)   84        86      1981
                                             1977
 MINIMUM TEMPERATURE (F)   73        66      2009
                                             1962


SUNRISE AND SUNSET
OCTOBER 14 2019.......SUNRISE   633 AM HST   SUNSET   613 PM HST
OCTOBER 15 2019.......SUNRISE   633 AM HST   SUNSET   612 PM HST


-  INDICATES NEGATIVE NUMBERS.
R  INDICATES RECORD WAS SET OR TIED.
MM INDICATES DATA IS MISSING.
T  INDICATES TRACE AMOUNT.




$$
