671
CDHW41 PHFO 210253
CLILIH


CLIMATE REPORT
NATIONAL WEATHER SERVICE HONOLULU HI
451 PM HST THU SEP 20 2018


...................................

...THE LIHUE HI CLIMATE SUMMARY FOR SEPTEMBER 20 2018...
VALID TODAY AS OF 0400 PM LOCAL TIME.

CLIMATE NORMAL PERIOD 1981 TO 2010
CLIMATE RECORD PERIOD 1946 TO 2018


WEATHER ITEM   OBSERVED TIME   RECORD YEAR NORMAL DEPARTURE LAST
                VALUE   (LST)  VALUE       VALUE  FROM      YEAR
                                                  NORMAL
..................................................................
TEMPERATURE (F)
 TODAY
  MAXIMUM         83    245 PM  89    2017  85     -2       89
                                      1959
  MINIMUM         68    526 AM  67    1957  74     -6       78
  AVERAGE         76                        79     -3       84

PRECIPITATION (IN)
  TODAY            0.00          0.82 1955   0.08  -0.08     0.00
  MONTH TO DATE    1.32                      1.28   0.04     0.07
  SINCE SEP 1      1.32                      1.28   0.04     0.07
  SINCE JAN 1     34.41                     22.73  11.68    17.77

SNOWFALL (IN)
  TODAY            0.0
  MONTH TO DATE    0.0
  SINCE SEP 1      0.0
  SINCE JUL 1      0.0
  SNOW DEPTH      MM

DEGREE DAYS
 HEATING
  TODAY            0                         0      0        0
  MONTH TO DATE    0                         0      0        0
  SINCE SEP 1      0                         0      0        0
  SINCE JUL 1      0                         0      0        0

 COOLING
  TODAY           11                        14     -3       19
  MONTH TO DATE  251                       295    -44      336
  SINCE SEP 1    251                       295    -44      336
  SINCE JAN 1   2908                      2821     87     3209
..................................................................


WIND (MPH)
  HIGHEST WIND SPEED    13   HIGHEST WIND DIRECTION    NE (40)
  HIGHEST GUST SPEED    17   HIGHEST GUST DIRECTION    NE (60)
  AVERAGE WIND SPEED    MM


SKY COVER
  POSSIBLE SUNSHINE  MM
  AVERAGE SKY COVER  MM


WEATHER CONDITIONS
 THE FOLLOWING WEATHER WAS RECORDED TODAY.
  NO SIGNIFICANT WEATHER WAS OBSERVED.


RELATIVE HUMIDITY (PERCENT)
 HIGHEST    MM
 LOWEST     MM
 AVERAGE    MM

..........................................................


THE LIHUE HI CLIMATE NORMALS FOR TOMORROW
                         NORMAL    RECORD    YEAR
 MAXIMUM TEMPERATURE (F)   85        89      1981
 MINIMUM TEMPERATURE (F)   74        65      1957


SUNRISE AND SUNSET
SEPTEMBER 20 2018.....SUNRISE   626 AM HST   SUNSET   635 PM HST
SEPTEMBER 21 2018.....SUNRISE   626 AM HST   SUNSET   634 PM HST


-  INDICATES NEGATIVE NUMBERS.
R  INDICATES RECORD WAS SET OR TIED.
MM INDICATES DATA IS MISSING.
T  INDICATES TRACE AMOUNT.




$$
