000
CDHW41 PHFO 221245
CLILIH


CLIMATE REPORT
NATIONAL WEATHER SERVICE HONOLULU HI
245 AM HST THU FEB 22 2018


...................................

...THE LIHUE HI CLIMATE SUMMARY FOR FEBRUARY 21 2018...

CLIMATE NORMAL PERIOD 1981 TO 2010
CLIMATE RECORD PERIOD 1946 TO 2018


WEATHER ITEM   OBSERVED TIME   RECORD YEAR NORMAL DEPARTURE LAST
                VALUE   (LST)  VALUE       VALUE  FROM      YEAR
                                                  NORMAL
..................................................................
TEMPERATURE (F)
 YESTERDAY
  MAXIMUM         79    320 PM  84    1988  78      1       78
                                      1983
                                      1980
  MINIMUM         63    404 AM  53    1962  66     -3       70
  AVERAGE         71                        72     -1       74

PRECIPITATION (IN)
  YESTERDAY        0.00          1.80 2006   0.11  -0.11     0.00
  MONTH TO DATE    8.25                      2.32   5.93     4.49
  SINCE DEC 1      9.80                     11.27  -1.47     5.86
  SINCE JAN 1      8.69                      6.07   2.62     4.69

SNOWFALL (IN)
  YESTERDAY        0.0
  MONTH TO DATE    0.0
  SINCE DEC 1      0.0
  SINCE JUL 1      0.0
  SNOW DEPTH      MM

DEGREE DAYS
 HEATING
  YESTERDAY        0                         0      0        0
  MONTH TO DATE    0                         0      0        0
  SINCE DEC 1      0                         0      0        0
  SINCE JUL 1      0                         0      0        0

 COOLING
  YESTERDAY        6                         7     -1        9
  MONTH TO DATE  115                       147    -32      156
  SINCE DEC 1    497                       610   -113      670
  SINCE JAN 1    384                       356     28      400
..................................................................


WIND (MPH)
  HIGHEST WIND SPEED    12   HIGHEST WIND DIRECTION     E (70)
  HIGHEST GUST SPEED    14   HIGHEST GUST DIRECTION    NW (300)
  AVERAGE WIND SPEED     8.1


SKY COVER
  POSSIBLE SUNSHINE  MM
  AVERAGE SKY COVER  MM


WEATHER CONDITIONS
 THE FOLLOWING WEATHER WAS RECORDED YESTERDAY.
  NO SIGNIFICANT WEATHER WAS OBSERVED.


RELATIVE HUMIDITY (PERCENT)
 HIGHEST    MM
 LOWEST     MM
 AVERAGE    MM

..........................................................


THE LIHUE HI CLIMATE NORMALS FOR TODAY
                         NORMAL    RECORD    YEAR
 MAXIMUM TEMPERATURE (F)   78        84      1980
                                             1963
 MINIMUM TEMPERATURE (F)   66        52      1962


SUNRISE AND SUNSET
FEBRUARY 22 2018......SUNRISE   704 AM HST   SUNSET   638 PM HST
FEBRUARY 23 2018......SUNRISE   703 AM HST   SUNSET   639 PM HST


-  INDICATES NEGATIVE NUMBERS.
R  INDICATES RECORD WAS SET OR TIED.
MM INDICATES DATA IS MISSING.
T  INDICATES TRACE AMOUNT.




$$
