000
CDHW41 PHFO 111245
CLILIH


CLIMATE REPORT
NATIONAL WEATHER SERVICE HONOLULU HI
245 AM HST TUE DEC 11 2018


...................................

...THE LIHUE HI CLIMATE SUMMARY FOR DECEMBER 10 2018...

CLIMATE NORMAL PERIOD 1981 TO 2010
CLIMATE RECORD PERIOD 1946 TO 2018


WEATHER ITEM   OBSERVED TIME   RECORD YEAR NORMAL DEPARTURE LAST
                VALUE   (LST)  VALUE       VALUE  FROM      YEAR
                                                  NORMAL
..................................................................
TEMPERATURE (F)
 YESTERDAY
  MAXIMUM         77    306 PM  MM    2010  79     -2       75
  MINIMUM         70    302 AM  56    1972  68      2       61
  AVERAGE         74                        74      0       68

PRECIPITATION (IN)
  YESTERDAY        0.17          0.81 2010   0.17   0.00     0.00
  MONTH TO DATE    0.29                      1.61  -1.32     0.08
  SINCE DEC 1      0.29                      1.61  -1.32     0.08
  SINCE JAN 1     47.28                     33.46  13.82    22.25

SNOWFALL (IN)
  YESTERDAY        0.0
  MONTH TO DATE    0.0
  SINCE DEC 1      0.0
  SINCE JUL 1      0.0
  SNOW DEPTH      MM

DEGREE DAYS
 HEATING
  YESTERDAY        0                         0      0        0
  MONTH TO DATE    0                         0      0        0
  SINCE DEC 1      0                         0      0        0
  SINCE JUL 1      0                         0      0        0

 COOLING
  YESTERDAY        9                         9      0        3
  MONTH TO DATE  106                        90     16       38
  SINCE DEC 1    106                        90     16       38
  SINCE JAN 1   3895                      3781    114     4119
..................................................................


WIND (MPH)
  HIGHEST WIND SPEED    30   HIGHEST WIND DIRECTION    NE (40)
  HIGHEST GUST SPEED    38   HIGHEST GUST DIRECTION    NE (60)
  AVERAGE WIND SPEED    23.0


SKY COVER
  POSSIBLE SUNSHINE  MM
  AVERAGE SKY COVER  MM


WEATHER CONDITIONS
 THE FOLLOWING WEATHER WAS RECORDED YESTERDAY.
  HAZE


RELATIVE HUMIDITY (PERCENT)
 HIGHEST    MM
 LOWEST     MM
 AVERAGE    MM

..........................................................


THE LIHUE HI CLIMATE NORMALS FOR TODAY
                         NORMAL    RECORD    YEAR
 MAXIMUM TEMPERATURE (F)   79        84      1980
 MINIMUM TEMPERATURE (F)   68        55      1972


SUNRISE AND SUNSET
DECEMBER 11 2018......SUNRISE   706 AM HST   SUNSET   555 PM HST
DECEMBER 12 2018......SUNRISE   707 AM HST   SUNSET   556 PM HST


-  INDICATES NEGATIVE NUMBERS.
R  INDICATES RECORD WAS SET OR TIED.
MM INDICATES DATA IS MISSING.
T  INDICATES TRACE AMOUNT.




$$
