000
CDHW41 PHFO 181245
CLILIH


CLIMATE REPORT
NATIONAL WEATHER SERVICE HONOLULU HI
245 AM HST MON JUN 18 2018


...................................

...THE LIHUE HI CLIMATE SUMMARY FOR JUNE 17 2018...

CLIMATE NORMAL PERIOD 1981 TO 2010
CLIMATE RECORD PERIOD 1946 TO 2018


WEATHER ITEM   OBSERVED TIME   RECORD YEAR NORMAL DEPARTURE LAST
                VALUE   (LST)  VALUE       VALUE  FROM      YEAR
                                                  NORMAL
..................................................................
TEMPERATURE (F)
 YESTERDAY
  MAXIMUM         83    221 PM  87    1982  83      0       85
  MINIMUM         72   1159 PM  67    1974  73     -1       77
                                      1958
  AVERAGE         78                        78      0       81

PRECIPITATION (IN)
  YESTERDAY        0.00          0.38 1994   0.05  -0.05      T
  MONTH TO DATE    0.46                      0.88  -0.42     0.57
  SINCE JUN 1      0.46                      0.88  -0.42     0.57
  SINCE JAN 1     25.82                     16.72   9.10    15.13

SNOWFALL (IN)
  YESTERDAY        0.0
  MONTH TO DATE    0.0
  SINCE JUN 1      0.0
  SINCE JUL 1      0.0
  SNOW DEPTH      MM

DEGREE DAYS
 HEATING
  YESTERDAY        0                         0      0        0
  MONTH TO DATE    0                         0      0        0
  SINCE JUN 1      0                         0      0        0
  SINCE JUL 1      0                         0      0        0

 COOLING
  YESTERDAY       13                        13      0       16
  MONTH TO DATE  223                       217      6      212
  SINCE JUN 1    223                       217      6      212
  SINCE JAN 1   1546                      1456     90     1680
..................................................................


WIND (MPH)
  HIGHEST WIND SPEED    15   HIGHEST WIND DIRECTION    NE (50)
  HIGHEST GUST SPEED    17   HIGHEST GUST DIRECTION    NE (50)
  AVERAGE WIND SPEED     8.7


SKY COVER
  POSSIBLE SUNSHINE  MM
  AVERAGE SKY COVER  MM


WEATHER CONDITIONS
 THE FOLLOWING WEATHER WAS RECORDED YESTERDAY.
  FOG


RELATIVE HUMIDITY (PERCENT)
 HIGHEST    MM
 LOWEST     MM
 AVERAGE    MM

..........................................................


THE LIHUE HI CLIMATE NORMALS FOR TODAY
                         NORMAL    RECORD    YEAR
 MAXIMUM TEMPERATURE (F)   84        88      1982
 MINIMUM TEMPERATURE (F)   73        65      1958


SUNRISE AND SUNSET
JUNE 18 2018..........SUNRISE   554 AM HST   SUNSET   723 PM HST
JUNE 19 2018..........SUNRISE   555 AM HST   SUNSET   723 PM HST


-  INDICATES NEGATIVE NUMBERS.
R  INDICATES RECORD WAS SET OR TIED.
MM INDICATES DATA IS MISSING.
T  INDICATES TRACE AMOUNT.




$$
