000
CDUS44 KLZK 112202
CLILIT


CLIMATE REPORT
NATIONAL WEATHER SERVICE LITTLE ROCK AR
400 PM CST TUE DEC 11 2018


...................................

...THE LITTLE ROCK ADAMS FIELD CLIMATE SUMMARY FOR DECEMBER 11 2018...
VALID TODAY AS OF 0400 PM LOCAL TIME.

CLIMATE NORMAL PERIOD 1981 TO 2010
CLIMATE RECORD PERIOD 1874 TO 2018


WEATHER ITEM   OBSERVED TIME   RECORD YEAR NORMAL DEPARTURE LAST
                VALUE   (LST)  VALUE       VALUE  FROM      YEAR
                                                  NORMAL
..................................................................
TEMPERATURE (F)
 TODAY
  MAXIMUM         57    257 PM  78    1996  53      4       72
  MINIMUM         23    730 AM  11    1917  34    -11       34
  AVERAGE         40                        44     -4       53

PRECIPITATION (IN)
  TODAY            0.00          2.95 1884   0.17  -0.17     0.00
  MONTH TO DATE    2.02                      1.92   0.10     0.86
  SINCE DEC 1      2.02                      1.92   0.10     0.86
  SINCE JAN 1     63.11                     46.70  16.41    40.39

SNOWFALL (IN)
  TODAY            0.0           0.6  1917   0.0    0.0      0.0
  MONTH TO DATE    0.0                       0.0    0.0      0.0
  SINCE DEC 1      0.0                       0.0    0.0      0.0
  SINCE JUL 1      0.2                       T      0.2       T
  SNOW DEPTH       0

DEGREE DAYS
 HEATING
  TODAY           25                        21      4       12
  MONTH TO DATE  263                       219     44      191
  SINCE DEC 1    263                       219     44      191
  SINCE JUL 1    952                       733    219      657

 COOLING
  TODAY            0                         0      0        0
  MONTH TO DATE    0                         0      0        0
  SINCE DEC 1      0                         0      0        0
  SINCE JAN 1   2369                      2204    165     2028
..................................................................


WIND (MPH)
  HIGHEST WIND SPEED    18   HIGHEST WIND DIRECTION    SW (210)
  HIGHEST GUST SPEED    23   HIGHEST GUST DIRECTION    SW (240)
  AVERAGE WIND SPEED     5.6


SKY COVER
  POSSIBLE SUNSHINE  MM
  AVERAGE SKY COVER 0.1


WEATHER CONDITIONS
 THE FOLLOWING WEATHER WAS RECORDED TODAY.
  NO SIGNIFICANT WEATHER WAS OBSERVED.


RELATIVE HUMIDITY (PERCENT)
 HIGHEST    96           700 AM
 LOWEST     36           300 PM
 AVERAGE    66

..........................................................


THE LITTLE ROCK ADAMS FIELD CLIMATE NORMALS FOR TOMORROW
                         NORMAL    RECORD    YEAR
 MAXIMUM TEMPERATURE (F)   53        76      2015
                                             1948
 MINIMUM TEMPERATURE (F)   34         8      1962


SUNRISE AND SUNSET
DECEMBER 11 2018......SUNRISE   706 AM CST   SUNSET   458 PM CST
DECEMBER 12 2018......SUNRISE   707 AM CST   SUNSET   459 PM CST


-  INDICATES NEGATIVE NUMBERS.
R  INDICATES RECORD WAS SET OR TIED.
MM INDICATES DATA IS MISSING.
T  INDICATES TRACE AMOUNT.




$$
