000
CDUS44 KLZK 302128
CLILIT


CLIMATE REPORT
NATIONAL WEATHER SERVICE LITTLE ROCK AR
426 PM CDT FRI OCT 30 2020


...................................

...THE LITTLE ROCK ADAMS FIELD CLIMATE SUMMARY FOR OCTOBER 30 2020...
VALID TODAY AS OF 0400 PM LOCAL TIME.

CLIMATE NORMAL PERIOD 1981 TO 2010
CLIMATE RECORD PERIOD 1874 TO 2020


WEATHER ITEM   OBSERVED TIME   RECORD YEAR NORMAL DEPARTURE LAST
                VALUE   (LST)  VALUE       VALUE  FROM      YEAR
                                                  NORMAL
..................................................................
TEMPERATURE (F)
 TODAY
  MAXIMUM         61    303 PM  87    1961  70     -9       58
                                      1937
  MINIMUM         37    643 AM  27    1917  48    -11       43
  AVERAGE         49                        59    -10       51

PRECIPITATION (IN)
  TODAY            0.00          2.66 1929   0.17  -0.17     2.40
  MONTH TO DATE    3.89                      4.75  -0.86     7.02
  SINCE SEP 1      7.26                      7.93  -0.67     8.38
  SINCE JAN 1     53.17                     39.34  13.83    54.64

SNOWFALL (IN)
  TODAY            0.0           T    1993   0.0    0.0      0.0
                                      1925
  MONTH TO DATE    0.0                       0.0    0.0      0.0
  SINCE SEP 1      0.0                       0.0    0.0      0.0
  SINCE JUL 1      0.0                       0.0    0.0      0.0
  SNOW DEPTH       0

DEGREE DAYS
 HEATING
  TODAY           16                         7      9       14
  MONTH TO DATE  168                       115     53      153
  SINCE SEP 1    174                       126     48      153
  SINCE JUL 1    174                       126     48      153

 COOLING
  TODAY            0                         1     -1        0
  MONTH TO DATE   56                        79    -23       96
  SINCE SEP 1    322                       391    -69      591
  SINCE JAN 1   1925                      2192   -267     2248
..................................................................


WIND (MPH)
  HIGHEST WIND SPEED    12   HIGHEST WIND DIRECTION    NE (60)
  HIGHEST GUST SPEED    14   HIGHEST GUST DIRECTION     N (20)
  AVERAGE WIND SPEED     6.2


SKY COVER
  POSSIBLE SUNSHINE  MM
  AVERAGE SKY COVER 0.0


WEATHER CONDITIONS
 THE FOLLOWING WEATHER WAS RECORDED TODAY.
  NO SIGNIFICANT WEATHER WAS OBSERVED.


RELATIVE HUMIDITY (PERCENT)
 HIGHEST    93           100 AM
 LOWEST     44           200 PM
 AVERAGE    69

..........................................................


THE LITTLE ROCK ADAMS FIELD CLIMATE NORMALS FOR TOMORROW
                         NORMAL    RECORD    YEAR
 MAXIMUM TEMPERATURE (F)   70        86      1961
 MINIMUM TEMPERATURE (F)   48        29      1925


SUNRISE AND SUNSET
OCTOBER 30 2020.......SUNRISE   728 AM CDT   SUNSET   616 PM CDT
OCTOBER 31 2020.......SUNRISE   729 AM CDT   SUNSET   615 PM CDT


-  INDICATES NEGATIVE NUMBERS.
R  INDICATES RECORD WAS SET OR TIED.
MM INDICATES DATA IS MISSING.
T  INDICATES TRACE AMOUNT.




$$
