000
CDUS44 KLZK 200641
CLILIT


CLIMATE REPORT
NATIONAL WEATHER SERVICE LITTLE ROCK AR
1241 AM CST TUE FEB 20 2018


...................................

...THE LITTLE ROCK ADAMS FIELD CLIMATE SUMMARY FOR FEBRUARY 19 2018...

CLIMATE NORMAL PERIOD 1981 TO 2010
CLIMATE RECORD PERIOD 1874 TO 2018


WEATHER ITEM   OBSERVED TIME   RECORD YEAR NORMAL DEPARTURE LAST
                VALUE   (LST)  VALUE       VALUE  FROM      YEAR
                                                  NORMAL
..................................................................
TEMPERATURE (F)
 YESTERDAY
  MAXIMUM         77    209 PM  82    1986  56     21       76
  MINIMUM         51    124 AM  17    1910  36     15       45
  AVERAGE         64                        46     18       61

PRECIPITATION (IN)
  YESTERDAY        0.01          1.90 1911   0.14  -0.13     0.00
  MONTH TO DATE    2.05                      2.39  -0.34     1.43
  SINCE DEC 1     12.01                     10.91   1.10     7.29
  SINCE JAN 1      4.27                      5.94  -1.67     2.90

SNOWFALL (IN)
  YESTERDAY        0.0           4.1  1921   0.0    0.0      0.0
  MONTH TO DATE    0.0                       0.9   -0.9      0.0
  SINCE DEC 1      1.7                       2.7   -1.0      0.2
  SINCE JUL 1      1.7                       2.7   -1.0      0.2
  SNOW DEPTH       0

DEGREE DAYS
 HEATING
  YESTERDAY        1                        19    -18        4
  MONTH TO DATE  420                       408     12      256
  SINCE DEC 1   1947                      1840    107     1497
  SINCE JUL 1   2413                      2354     59     1836

 COOLING
  YESTERDAY        0                         0      0        0
  MONTH TO DATE    3                         0      3        8
  SINCE DEC 1      3                         3      0       10
  SINCE JAN 1      3                         1      2        8
..................................................................


WIND (MPH)
  HIGHEST WIND SPEED    23   HIGHEST WIND DIRECTION     S (180)
  HIGHEST GUST SPEED    32   HIGHEST GUST DIRECTION     S (200)
  AVERAGE WIND SPEED    11.0


SKY COVER
  POSSIBLE SUNSHINE  MM
  AVERAGE SKY COVER 0.8


WEATHER CONDITIONS
 THE FOLLOWING WEATHER WAS RECORDED YESTERDAY.
  LIGHT RAIN
  FOG
  FOG W/VISIBILITY <= 1/4 MILE


RELATIVE HUMIDITY (PERCENT)
 HIGHEST   100           100 AM
 LOWEST     56           200 PM
 AVERAGE    78

..........................................................


THE LITTLE ROCK ADAMS FIELD CLIMATE NORMALS FOR TODAY
                         NORMAL    RECORD    YEAR
 MAXIMUM TEMPERATURE (F)   56        85      1986
 MINIMUM TEMPERATURE (F)   36        20      1936
                                             1929


SUNRISE AND SUNSET
FEBRUARY 20 2018......SUNRISE   649 AM CST   SUNSET   557 PM CST
FEBRUARY 21 2018......SUNRISE   648 AM CST   SUNSET   558 PM CST


-  INDICATES NEGATIVE NUMBERS.
R  INDICATES RECORD WAS SET OR TIED.
MM INDICATES DATA IS MISSING.
T  INDICATES TRACE AMOUNT.




$$
