279
CDUS44 KLZK 230651
CLILIT


CLIMATE REPORT
NATIONAL WEATHER SERVICE LITTLE ROCK AR
151 AM CDT WED OCT 23 2019


...................................

...THE LITTLE ROCK ADAMS FIELD CLIMATE SUMMARY FOR OCTOBER 22 2019...

CLIMATE NORMAL PERIOD 1981 TO 2010
CLIMATE RECORD PERIOD 1874 TO 2019


WEATHER ITEM   OBSERVED TIME   RECORD YEAR NORMAL DEPARTURE LAST
                VALUE   (LST)  VALUE       VALUE  FROM      YEAR
                                                  NORMAL
..................................................................
TEMPERATURE (F)
 YESTERDAY
  MAXIMUM         68    332 PM  89    1963  73     -5       64
  MINIMUM         45   1159 PM  32    1898  51     -6       36
  AVERAGE         57                        62     -5       50

PRECIPITATION (IN)
  YESTERDAY        0.00          2.21 1957   0.18  -0.18     0.00
  MONTH TO DATE    3.85                      3.42   0.43     6.07
  SINCE SEP 1      5.21                      6.60  -1.39    13.09
  SINCE JAN 1     51.47                     38.01  13.46    54.37

SNOWFALL (IN)
  YESTERDAY        0.0          MM      MM   0.0    0.0      0.0
  MONTH TO DATE    0.0                       0.0    0.0      0.0
  SINCE SEP 1      0.0                       0.0    0.0      0.0
  SINCE JUL 1      0.0                       0.0    0.0      0.0
  SNOW DEPTH       0

DEGREE DAYS
 HEATING
  YESTERDAY        8                         5      3       15
  MONTH TO DATE   79                        65     14      106
  SINCE SEP 1     79                        76      3      111
  SINCE JUL 1     79                        76      3      111

 COOLING
  YESTERDAY        0                         2     -2        0
  MONTH TO DATE   96                        69     27      124
  SINCE SEP 1    591                       381    210      457
  SINCE JAN 1   2248                      2182     66     2360
..................................................................


WIND (MPH)
  HIGHEST WIND SPEED    22   HIGHEST WIND DIRECTION    NW (300)
  HIGHEST GUST SPEED    29   HIGHEST GUST DIRECTION     W (270)
  AVERAGE WIND SPEED     9.4


SKY COVER
  POSSIBLE SUNSHINE  MM
  AVERAGE SKY COVER 0.0


WEATHER CONDITIONS
 THE FOLLOWING WEATHER WAS RECORDED YESTERDAY.
  NO SIGNIFICANT WEATHER WAS OBSERVED.


RELATIVE HUMIDITY (PERCENT)
 HIGHEST    82          1100 PM
 LOWEST     24           100 PM
 AVERAGE    53

..........................................................


THE LITTLE ROCK ADAMS FIELD CLIMATE NORMALS FOR TODAY
                         NORMAL    RECORD    YEAR
 MAXIMUM TEMPERATURE (F)   73        92      1939
 MINIMUM TEMPERATURE (F)   50        31      1952
                                             1937


SUNRISE AND SUNSET
OCTOBER 23 2019.......SUNRISE   721 AM CDT   SUNSET   625 PM CDT
OCTOBER 24 2019.......SUNRISE   722 AM CDT   SUNSET   624 PM CDT


-  INDICATES NEGATIVE NUMBERS.
R  INDICATES RECORD WAS SET OR TIED.
MM INDICATES DATA IS MISSING.
T  INDICATES TRACE AMOUNT.




$$
