000
CDUS44 KLZK 250654
CLILIT


CLIMATE REPORT
NATIONAL WEATHER SERVICE LITTLE ROCK AR
153 AM CDT MON MAY 25 2020


...................................

...THE LITTLE ROCK ADAMS FIELD CLIMATE SUMMARY FOR MAY 24 2020...

CLIMATE NORMAL PERIOD 1981 TO 2010
CLIMATE RECORD PERIOD 1874 TO 2020


WEATHER ITEM   OBSERVED TIME   RECORD YEAR NORMAL DEPARTURE LAST
                VALUE   (LST)  VALUE       VALUE  FROM      YEAR
                                                  NORMAL
..................................................................
TEMPERATURE (F)
 YESTERDAY
  MAXIMUM         86    420 PM  95    1978  83      3       90
  MINIMUM         65    535 AM  48    1963  64      1       68
  AVERAGE         76                        74      2       79

PRECIPITATION (IN)
  YESTERDAY        0.00          2.42 2009   0.14  -0.14     0.00
  MONTH TO DATE    5.19                      3.92   1.27     7.27
  SINCE MAR 1     17.02                     13.74   3.28    22.15
  SINCE JAN 1     29.88                     20.95   8.93    32.34

SNOWFALL (IN)
  YESTERDAY        0.0          MM      MM   0.0    0.0      0.0
  MONTH TO DATE    0.0                       0.0    0.0      0.0
  SINCE MAR 1      0.0                       0.4   -0.4       T
  SINCE JUL 1      T                         3.5   -3.5      0.2
  SNOW DEPTH       0

DEGREE DAYS
 HEATING
  YESTERDAY        0                         0      0        0
  MONTH TO DATE   44                        18     26       15
  SINCE MAR 1    468                       537    -69      593
  SINCE JUL 1   2929                      3050   -121     3118

 COOLING
  YESTERDAY       11                         9      2       14
  MONTH TO DATE  102                       141    -39      138
  SINCE MAR 1    139                       211    -72      178
  SINCE JAN 1    139                       213    -74      184
..................................................................


WIND (MPH)
  HIGHEST WIND SPEED    15   HIGHEST WIND DIRECTION     W (250)
  HIGHEST GUST SPEED    21   HIGHEST GUST DIRECTION    SW (240)
  AVERAGE WIND SPEED     5.0


SKY COVER
  POSSIBLE SUNSHINE  MM
  AVERAGE SKY COVER 0.8


WEATHER CONDITIONS
 THE FOLLOWING WEATHER WAS RECORDED YESTERDAY.
  THUNDERSTORM


RELATIVE HUMIDITY (PERCENT)
 HIGHEST   100           400 AM
 LOWEST     61           400 PM
 AVERAGE    81

..........................................................


THE LITTLE ROCK ADAMS FIELD CLIMATE NORMALS FOR TODAY
                         NORMAL    RECORD    YEAR
 MAXIMUM TEMPERATURE (F)   84        94      1978
                                             1964
                                             1962
 MINIMUM TEMPERATURE (F)   64        46      1925


SUNRISE AND SUNSET
MAY 25 2020...........SUNRISE   559 AM CDT   SUNSET   813 PM CDT
MAY 26 2020...........SUNRISE   559 AM CDT   SUNSET   813 PM CDT


-  INDICATES NEGATIVE NUMBERS.
R  INDICATES RECORD WAS SET OR TIED.
MM INDICATES DATA IS MISSING.
T  INDICATES TRACE AMOUNT.




$$
