000
CDUS45 KPIH 210732
CLILLJ


CLIMATE REPORT
NATIONAL WEATHER SERVICE POCATELLO ID
130 AM MDT FRI SEP 21 2018


...................................

...THE CHALLIS ID CLIMATE SUMMARY FOR SEPTEMBER 20 2018...

CLIMATE NORMAL PERIOD 1981 TO 2010
CLIMATE RECORD PERIOD 1898 TO 2018


WEATHER ITEM   OBSERVED TIME   RECORD YEAR NORMAL DEPARTURE LAST
                VALUE   (LST)  VALUE       VALUE  FROM      YEAR
                                                  NORMAL
..................................................................
TEMPERATURE (F)
 YESTERDAY
  MAXIMUM         72    508 PM  90    1928  71      1       54
  MINIMUM         34    600 AM  21    1983  38     -4       35
  AVERAGE         53                        54     -1       45

PRECIPITATION (IN)
  YESTERDAY        0.00          1.10 1968   0.03  -0.03     0.04
  MONTH TO DATE    0.01                      0.54  -0.53     0.87
  SINCE OCT 1      5.81                      9.86  -4.05    10.29
  SINCE JAN 1      4.67                      7.93  -3.26     6.88

SNOWFALL (IN)
  YESTERDAY       MM
  MONTH TO DATE   MM
  SINCE SEP 1     MM
  SINCE JUL 1     MM
  SNOW DEPTH      MM

DEGREE DAYS
 HEATING
  YESTERDAY       12                        11      1       20
  MONTH TO DATE   79                       150    -71      118
  SINCE SEP 1     79                       150    -71      118
  SINCE JUL 1    106                       223   -117      122

 COOLING
  YESTERDAY        0                         0      0        0
  MONTH TO DATE   12                         4      8       37
  SINCE SEP 1     12                         4      8       37
  SINCE JAN 1    481                       246    235      378
..................................................................


WIND (MPH)
  HIGHEST WIND SPEED    10   HIGHEST WIND DIRECTION    NW (300)
  HIGHEST GUST SPEED    14   HIGHEST GUST DIRECTION    SE (130)
  AVERAGE WIND SPEED     3.2


SKY COVER
  POSSIBLE SUNSHINE  MM
  AVERAGE SKY COVER 0.0


WEATHER CONDITIONS
 THE FOLLOWING WEATHER WAS RECORDED YESTERDAY.
  NO SIGNIFICANT WEATHER WAS OBSERVED.


RELATIVE HUMIDITY (PERCENT)
 HIGHEST    75           600 AM
 LOWEST     17           400 PM
 AVERAGE    46

..........................................................


THE CHALLIS ID CLIMATE NORMALS FOR TODAY
                         NORMAL    RECORD    YEAR
 MAXIMUM TEMPERATURE (F)   71        89      1928
 MINIMUM TEMPERATURE (F)   37        23      1983


SUNRISE AND SUNSET
SEPTEMBER 21 2018.....SUNRISE   723 AM MDT   SUNSET   736 PM MDT
SEPTEMBER 22 2018.....SUNRISE   724 AM MDT   SUNSET   734 PM MDT


-  INDICATES NEGATIVE NUMBERS.
R  INDICATES RECORD WAS SET OR TIED.
MM INDICATES DATA IS MISSING.
T  INDICATES TRACE AMOUNT.




$$
