000
CDUS45 KPIH 112329
CLILLJ


CLIMATE REPORT
NATIONAL WEATHER SERVICE POCATELLO ID
426 PM MST TUE DEC 11 2018


...................................

...THE CHALLIS ID CLIMATE SUMMARY FOR DECEMBER 11 2018...
VALID TODAY AS OF 0400 PM LOCAL TIME.

CLIMATE NORMAL PERIOD 1981 TO 2010
CLIMATE RECORD PERIOD 1898 TO 2018


WEATHER ITEM   OBSERVED TIME   RECORD YEAR NORMAL DEPARTURE LAST
                VALUE   (LST)  VALUE       VALUE  FROM      YEAR
                                                  NORMAL
..................................................................
TEMPERATURE (F)
 TODAY
  MAXIMUM         23    148 PM  57    1933  27     -4       31
  MINIMUM          2    631 AM -28    1932   9     -7        5
  AVERAGE         13                        18     -5       18

PRECIPITATION (IN)
  TODAY            0.00          0.90 1937   0.02  -0.02     0.00
  MONTH TO DATE    T                         0.27  -0.27     0.06
  SINCE OCT 1      0.91                      1.46  -0.55     1.02
  SINCE JAN 1      5.70                      9.59  -3.89     8.10

SNOWFALL (IN)
  TODAY           MM
  MONTH TO DATE   MM
  SINCE DEC 1     MM
  SINCE JUL 1     MM
  SNOW DEPTH      MM

DEGREE DAYS
 HEATING
  TODAY           52                        47      5       47
  MONTH TO DATE  583                       494     89      477
  SINCE DEC 1    583                       494     89      477
  SINCE JUL 1   2355                      2537   -182     2383

 COOLING
  TODAY            0                         0      0        0
  MONTH TO DATE    0                         0      0        0
  SINCE DEC 1      0                         0      0        0
  SINCE JAN 1    481                       248    233      378
..................................................................


WIND (MPH)
  HIGHEST WIND SPEED     8   HIGHEST WIND DIRECTION     S (190)
  HIGHEST GUST SPEED     8   HIGHEST GUST DIRECTION     S (190)
  AVERAGE WIND SPEED     0.9


SKY COVER
  POSSIBLE SUNSHINE  MM
  AVERAGE SKY COVER 0.1


WEATHER CONDITIONS
 THE FOLLOWING WEATHER WAS RECORDED TODAY.
  FOG
  HAZE


RELATIVE HUMIDITY (PERCENT)
 HIGHEST    91           200 AM
 LOWEST     68           200 PM
 AVERAGE    80

..........................................................


THE CHALLIS ID CLIMATE NORMALS FOR TOMORROW
                         NORMAL    RECORD    YEAR
 MAXIMUM TEMPERATURE (F)   27        52      2014
 MINIMUM TEMPERATURE (F)    9       -22      1932


SUNRISE AND SUNSET
DECEMBER 11 2018......SUNRISE   803 AM MST   SUNSET   457 PM MST
DECEMBER 12 2018......SUNRISE   804 AM MST   SUNSET   457 PM MST


-  INDICATES NEGATIVE NUMBERS.
R  INDICATES RECORD WAS SET OR TIED.
MM INDICATES DATA IS MISSING.
T  INDICATES TRACE AMOUNT.




$$
