011
CDUS45 KPIH 200911
CLILLJ


CLIMATE REPORT
NATIONAL WEATHER SERVICE POCATELLO ID
300 AM MDT SUN OCT 20 2019


...................................

...THE CHALLIS ID CLIMATE SUMMARY FOR OCTOBER 19 2019...

CLIMATE NORMAL PERIOD 1981 TO 2010
CLIMATE RECORD PERIOD 1898 TO 2019


WEATHER ITEM   OBSERVED TIME   RECORD YEAR NORMAL DEPARTURE LAST
                VALUE   (LST)  VALUE       VALUE  FROM      YEAR
                                                  NORMAL
..................................................................
TEMPERATURE (F)
 YESTERDAY
  MAXIMUM         42    334 PM  78    1927  58    -16       69
  MINIMUM         21    436 AM  14    1916  29     -8       30
  AVERAGE         32                        43    -11       50

PRECIPITATION (IN)
  YESTERDAY        0.16          0.37 1920   0.02   0.14     0.00
  MONTH TO DATE    0.70                      0.36   0.34     0.49
  SINCE OCT 1      0.70                      0.36   0.34     0.49
  SINCE JAN 1      6.22                      8.49  -2.27     5.28

SNOWFALL (IN)
  YESTERDAY       MM
  MONTH TO DATE   MM
  SINCE SEP 1     MM
  SINCE JUL 1     MM
  SNOW DEPTH      MM

DEGREE DAYS
 HEATING
  YESTERDAY       33                        22     11       15
  MONTH TO DATE  479                       350    129      349
  SINCE SEP 1    726                       626    100      524
  SINCE JUL 1    742                       699     43      551

 COOLING
  YESTERDAY        0                         0      0        0
  MONTH TO DATE    0                         0      0        0
  SINCE SEP 1     32                         6     26       12
  SINCE JAN 1    339                       248     91      481
..................................................................


WIND (MPH)
  HIGHEST WIND SPEED    16   HIGHEST WIND DIRECTION    SW (230)
  HIGHEST GUST SPEED    20   HIGHEST GUST DIRECTION    SE (140)
  AVERAGE WIND SPEED     3.8


SKY COVER
  POSSIBLE SUNSHINE  MM
  AVERAGE SKY COVER 0.7


WEATHER CONDITIONS
 THE FOLLOWING WEATHER WAS RECORDED YESTERDAY.
  HEAVY RAIN
  LIGHT RAIN
  SNOW
  LIGHT SNOW
  FOG


RELATIVE HUMIDITY (PERCENT)
 HIGHEST    92          1200 PM
 LOWEST     60           300 PM
 AVERAGE    76

..........................................................


THE CHALLIS ID CLIMATE NORMALS FOR TODAY
                         NORMAL    RECORD    YEAR
 MAXIMUM TEMPERATURE (F)   57        79      2003
 MINIMUM TEMPERATURE (F)   28        18      1976
                                             1943
                                             1916


SUNRISE AND SUNSET
OCTOBER 20 2019.......SUNRISE   758 AM MDT   SUNSET   644 PM MDT
OCTOBER 21 2019.......SUNRISE   800 AM MDT   SUNSET   643 PM MDT


-  INDICATES NEGATIVE NUMBERS.
R  INDICATES RECORD WAS SET OR TIED.
MM INDICATES DATA IS MISSING.
T  INDICATES TRACE AMOUNT.




$$
