000
CDUS45 KPIH 242323
CLILLJ


CLIMATE REPORT
NATIONAL WEATHER SERVICE POCATELLO ID
522 PM MDT SUN JUN 24 2018


...................................

...THE CHALLIS ID CLIMATE SUMMARY FOR JUNE 24 2018...
VALID TODAY AS OF 0500 PM LOCAL TIME.

CLIMATE NORMAL PERIOD 1981 TO 2010
CLIMATE RECORD PERIOD 1898 TO 2018


WEATHER ITEM   OBSERVED TIME   RECORD YEAR NORMAL DEPARTURE LAST
                VALUE   (LST)  VALUE       VALUE  FROM      YEAR
                                                  NORMAL
..................................................................
TEMPERATURE (F)
 TODAY
  MAXIMUM         79    355 PM  97    1988  79      0       84
  MINIMUM         50    147 AM  32    1914  47      3       45
  AVERAGE         65                        63      2       65

PRECIPITATION (IN)
  TODAY            0.00          0.61 1969   0.04  -0.04     0.00
  MONTH TO DATE    1.61                      1.37   0.24     1.02
  SINCE OCT 1      5.59                      7.44  -1.85     8.86
  SINCE JAN 1      4.45                      5.51  -1.06     5.45

SNOWFALL (IN)
  TODAY           MM
  MONTH TO DATE   MM
  SINCE JUN 1     MM
  SINCE JUL 1     MM
  SNOW DEPTH      MM

DEGREE DAYS
 HEATING
  TODAY            0                         3     -3        0
  MONTH TO DATE   75                       150    -75      119
  SINCE JUN 1     75                       150    -75      119
  SINCE JUL 1   7001                      8146  -1145     8346

 COOLING
  TODAY            0                         1     -1        0
  MONTH TO DATE   24                        12     12       24
  SINCE JUN 1     24                        12     12       24
  SINCE JAN 1     24                        14     10       26
..................................................................


WIND (MPH)
  HIGHEST WIND SPEED     9   HIGHEST WIND DIRECTION     N (10)
  HIGHEST GUST SPEED    12   HIGHEST GUST DIRECTION    NW (320)
  AVERAGE WIND SPEED     4.3


SKY COVER
  POSSIBLE SUNSHINE  MM
  AVERAGE SKY COVER 0.4


WEATHER CONDITIONS
 THE FOLLOWING WEATHER WAS RECORDED TODAY.
  NO SIGNIFICANT WEATHER WAS OBSERVED.


RELATIVE HUMIDITY (PERCENT)
 HIGHEST    68           200 AM
 LOWEST     25           300 PM
 AVERAGE    47

..........................................................


THE CHALLIS ID CLIMATE NORMALS FOR TOMORROW
                         NORMAL    RECORD    YEAR
 MAXIMUM TEMPERATURE (F)   79        97      1988
 MINIMUM TEMPERATURE (F)   47        30      1966


SUNRISE AND SUNSET
JUNE 24 2018..........SUNRISE   553 AM MDT   SUNSET   926 PM MDT
JUNE 25 2018..........SUNRISE   553 AM MDT   SUNSET   926 PM MDT


-  INDICATES NEGATIVE NUMBERS.
R  INDICATES RECORD WAS SET OR TIED.
MM INDICATES DATA IS MISSING.
T  INDICATES TRACE AMOUNT.




$$
