000
CDUS46 KMFR 260037
CLILMT


CLIMATE REPORT
NATIONAL WEATHER SERVICE MEDFORD, OR
536 PM PDT TUE SEP 25 2018


...................................

...THE KLAMATH FALLS OR CLIMATE SUMMARY FOR SEPTEMBER 25 2018...
VALID TODAY AS OF 0500 PM LOCAL TIME.

CLIMATE NORMAL PERIOD 1981 TO 2010
CLIMATE RECORD PERIOD 1928 TO 2018


WEATHER ITEM   OBSERVED TIME   RECORD YEAR NORMAL DEPARTURE LAST
                VALUE   (LST)  VALUE       VALUE  FROM      YEAR
                                                  NORMAL
..................................................................
TEMPERATURE (F)
 TODAY
  MAXIMUM         77    354 PM  90    2009  73      4       71
  MINIMUM         33    552 AM  26    1934  36     -3       33
  AVERAGE         55                        55      0       52

PRECIPITATION (IN)
  TODAY            0.00          0.75 2014   0.01  -0.01     0.00
  MONTH TO DATE    0.01                      0.47  -0.46     0.09
  SINCE OCT 1      8.19                     14.90  -6.71    12.61
  SINCE JAN 1      5.94                     10.21  -4.27     7.86

SNOWFALL (IN)
  TODAY           MM                        MM     MM       MM
  MONTH TO DATE   MM                        MM     MM       MM
  SINCE JUL 1     MM                        MM     MM       MM
  SNOW DEPTH      MM

DEGREE DAYS
 HEATING
  TODAY           10                        10      0       13
  MONTH TO DATE  231                       179     52      186
  SINCE SEP 1    231                       179     52      186
  SINCE JUL 1    288                       298    -10      190

 COOLING
  TODAY            0                         0      0        0
  MONTH TO DATE    0                         9     -9       66
  SINCE SEP 1      0                         9     -9       66
  SINCE JAN 1    225                       168     57      420
..................................................................


WIND (MPH)
  HIGHEST WIND SPEED    14   HIGHEST WIND DIRECTION     N (340)
  HIGHEST GUST SPEED    17   HIGHEST GUST DIRECTION     N (340)
  AVERAGE WIND SPEED     4.3


SKY COVER
  POSSIBLE SUNSHINE  MM
  AVERAGE SKY COVER 0.0


WEATHER CONDITIONS
 THE FOLLOWING WEATHER WAS RECORDED TODAY.
  NO SIGNIFICANT WEATHER WAS OBSERVED.


RELATIVE HUMIDITY (PERCENT)
 HIGHEST    70           600 AM
 LOWEST     11           300 PM

..........................................................


THE KLAMATH FALLS OR CLIMATE NORMALS FOR TOMORROW
                         NORMAL    RECORD    YEAR
 MAXIMUM TEMPERATURE (F)   73        91      1994
 MINIMUM TEMPERATURE (F)   36        26      1934


SUNRISE AND SUNSET
SEPTEMBER 25 2018.....SUNRISE   658 AM PDT   SUNSET   659 PM PDT
SEPTEMBER 26 2018.....SUNRISE   659 AM PDT   SUNSET   657 PM PDT


-  INDICATES NEGATIVE NUMBERS.
R  INDICATES RECORD WAS SET OR TIED.
MM INDICATES DATA IS MISSING.
T  INDICATES TRACE AMOUNT.




$$
