000
CDUS46 KMFR 160039
CLILMT


CLIMATE REPORT
NATIONAL WEATHER SERVICE MEDFORD, OR
439 PM PST SAT DEC 15 2018


...................................

...THE KLAMATH FALLS OR CLIMATE SUMMARY FOR DECEMBER 15 2018...
VALID TODAY AS OF 0400 PM LOCAL TIME.

CLIMATE NORMAL PERIOD 1981 TO 2010
CLIMATE RECORD PERIOD 1928 TO 2018


WEATHER ITEM   OBSERVED TIME   RECORD YEAR NORMAL DEPARTURE LAST
                VALUE   (LST)  VALUE       VALUE  FROM      YEAR
                                                  NORMAL
..................................................................
TEMPERATURE (F)
 TODAY
  MAXIMUM         44    307 PM  55    1941  38      6       39
  MINIMUM         22   1216 AM  -7    1919  21      1       20
  AVERAGE         33                        29      4       30

PRECIPITATION (IN)
  TODAY            0.00          0.98 1995   0.04  -0.04      T
  MONTH TO DATE    0.41                      0.69  -0.28     0.21
  SINCE OCT 1      1.72                      3.93  -2.21     2.13
  SINCE JAN 1      7.89                     14.20  -6.31     9.99

SNOWFALL (IN)
  TODAY           MM                        MM     MM       MM
  MONTH TO DATE   MM                        MM     MM       MM
  SINCE JUL 1     MM                        MM     MM       MM
  SNOW DEPTH      MM

DEGREE DAYS
 HEATING
  TODAY           32                        36     -4       35
  MONTH TO DATE  519                       526     -7      537
  SINCE DEC 1    519                       526     -7      537
  SINCE JUL 1   2223                      2328   -105     2123

 COOLING
  TODAY            0                         0      0        0
  MONTH TO DATE    0                         0      0        0
  SINCE DEC 1      0                         0      0        0
  SINCE JAN 1    225                       169     56      420
..................................................................


WIND (MPH)
  HIGHEST WIND SPEED    18   HIGHEST WIND DIRECTION    SE (150)
  HIGHEST GUST SPEED    23   HIGHEST GUST DIRECTION    SE (140)
  AVERAGE WIND SPEED     3.5


SKY COVER
  POSSIBLE SUNSHINE  MM
  AVERAGE SKY COVER 0.4


WEATHER CONDITIONS
 THE FOLLOWING WEATHER WAS RECORDED TODAY.
  NO SIGNIFICANT WEATHER WAS OBSERVED.


RELATIVE HUMIDITY (PERCENT)
 HIGHEST    92           200 AM
 LOWEST     76           300 PM

..........................................................


THE KLAMATH FALLS OR CLIMATE NORMALS FOR TOMORROW
                         NORMAL    RECORD    YEAR
 MAXIMUM TEMPERATURE (F)   38        52      1969
                                             1958
 MINIMUM TEMPERATURE (F)   21        -3      2008


SUNRISE AND SUNSET
DECEMBER 15 2018......SUNRISE   728 AM PST   SUNSET   436 PM PST
DECEMBER 16 2018......SUNRISE   729 AM PST   SUNSET   436 PM PST


-  INDICATES NEGATIVE NUMBERS.
R  INDICATES RECORD WAS SET OR TIED.
MM INDICATES DATA IS MISSING.
T  INDICATES TRACE AMOUNT.




$$
