000
CDUS46 KMFR 260843
CLILMT


CLIMATE REPORT
NATIONAL WEATHER SERVICE MEDFORD, OR
143 AM PDT MON OCT 26 2020


...................................

...THE KLAMATH FALLS OR CLIMATE SUMMARY FOR OCTOBER 25 2020...

CLIMATE NORMAL PERIOD 1981 TO 2010
CLIMATE RECORD PERIOD 1928 TO 2020


WEATHER ITEM   OBSERVED TIME   RECORD YEAR NORMAL DEPARTURE LAST
                VALUE   (LST)  VALUE       VALUE  FROM      YEAR
                                                  NORMAL
..................................................................
TEMPERATURE (F)
 YESTERDAY
  MAXIMUM         45    313 PM  79    1907  58    -13       73
  MINIMUM         20   1128 PM  18    2006  29     -9       26
  AVERAGE         33                        44    -11       50

PRECIPITATION (IN)
  YESTERDAY        0.00          0.96 1979   0.06  -0.06     0.00
  MONTH TO DATE    0.06                      0.66  -0.60     0.39
  SINCE OCT 1      0.06                      0.66  -0.60     0.39
  SINCE JAN 1      4.27                     10.93  -6.66    10.63

SNOWFALL (IN)
  YESTERDAY       MM                        MM     MM       MM
  MONTH TO DATE   MM                        MM     MM       MM
  SINCE JUL 1     MM                        MM     MM       MM
  SNOW DEPTH      MM

DEGREE DAYS
 HEATING
  YESTERDAY       32                        22     10       15
  MONTH TO DATE  340                       423    -83      507
  SINCE SEP 1    473                       660   -187      798
  SINCE JUL 1    541                       779   -238      873

 COOLING
  YESTERDAY        0                         0      0        0
  MONTH TO DATE    0                         0      0        0
  SINCE SEP 1     45                        10     35       11
  SINCE JAN 1    304                       169    135      165
..................................................................


WIND (MPH)
  HIGHEST WIND SPEED    23   HIGHEST WIND DIRECTION    NE (30)
  HIGHEST GUST SPEED    29   HIGHEST GUST DIRECTION    NE (40)
  AVERAGE WIND SPEED    11.4


SKY COVER
  POSSIBLE SUNSHINE  MM
  AVERAGE SKY COVER 0.1


WEATHER CONDITIONS
 THE FOLLOWING WEATHER WAS RECORDED YESTERDAY.
  NO SIGNIFICANT WEATHER WAS OBSERVED.


RELATIVE HUMIDITY (PERCENT)
 HIGHEST    69           100 AM
 LOWEST     16           300 PM

..........................................................


THE KLAMATH FALLS OR CLIMATE NORMALS FOR TODAY
                         NORMAL    RECORD    YEAR
 MAXIMUM TEMPERATURE (F)   57        80      1907
 MINIMUM TEMPERATURE (F)   29        20      2011
                                             2006


SUNRISE AND SUNSET
OCTOBER 26 2020.......SUNRISE   733 AM PDT   SUNSET   608 PM PDT
OCTOBER 27 2020.......SUNRISE   735 AM PDT   SUNSET   606 PM PDT


-  INDICATES NEGATIVE NUMBERS.
R  INDICATES RECORD WAS SET OR TIED.
MM INDICATES DATA IS MISSING.
T  INDICATES TRACE AMOUNT.




$$
