000
CDUS46 KMFR 220836
CLILMT


CLIMATE REPORT
NATIONAL WEATHER SERVICE MEDFORD, OR
136 AM PDT FRI JUN 22 2018


...................................

...THE KLAMATH FALLS OR CLIMATE SUMMARY FOR JUNE 21 2018...

CLIMATE NORMAL PERIOD 1981 TO 2010
CLIMATE RECORD PERIOD 1928 TO 2018


WEATHER ITEM   OBSERVED TIME   RECORD YEAR NORMAL DEPARTURE LAST
                VALUE   (LST)  VALUE       VALUE  FROM      YEAR
                                                  NORMAL
..................................................................
TEMPERATURE (F)
 YESTERDAY
  MAXIMUM         83    425 PM  93    1992  76      7       87
  MINIMUM         44    502 AM  32    2013  44      0       54
  AVERAGE         64                        60      4       71

PRECIPITATION (IN)
  YESTERDAY        0.00          0.59 1944   0.04  -0.04     0.00
  MONTH TO DATE    0.39                      0.62  -0.23     0.22
  SINCE OCT 1      8.16                     13.10  -4.94    11.19
  SINCE JAN 1      5.91                      8.41  -2.50     6.44

SNOWFALL (IN)
  YESTERDAY       MM                        MM     MM       MM
  MONTH TO DATE   MM                        MM     MM       MM
  SINCE JUL 1      0.0                      MM     MM       MM
  SNOW DEPTH      MM

DEGREE DAYS
 HEATING
  YESTERDAY        1                         6     -5        0
  MONTH TO DATE  145                       176    -31      162
  SINCE JUN 1    145                       176    -31      162
  SINCE JUL 1   6323                      6932   -609     6739

 COOLING
  YESTERDAY        0                         0      0        6
  MONTH TO DATE    1                         0      1       29
  SINCE JUN 1      1                         0      1       29
  SINCE JAN 1      2                         1      1       32
..................................................................


WIND (MPH)
  HIGHEST WIND SPEED    18   HIGHEST WIND DIRECTION    NW (330)
  HIGHEST GUST SPEED    21   HIGHEST GUST DIRECTION    NW (330)
  AVERAGE WIND SPEED     4.1


SKY COVER
  POSSIBLE SUNSHINE  MM
  AVERAGE SKY COVER 0.1


WEATHER CONDITIONS
 THE FOLLOWING WEATHER WAS RECORDED YESTERDAY.
  NO SIGNIFICANT WEATHER WAS OBSERVED.


RELATIVE HUMIDITY (PERCENT)
 HIGHEST   100           400 AM
 LOWEST     11           400 PM

..........................................................


THE KLAMATH FALLS OR CLIMATE NORMALS FOR TODAY
                         NORMAL    RECORD    YEAR
 MAXIMUM TEMPERATURE (F)   76        97      1992
 MINIMUM TEMPERATURE (F)   44        31      1952


SUNRISE AND SUNSET
JUNE 22 2018..........SUNRISE   531 AM PDT   SUNSET   847 PM PDT
JUNE 23 2018..........SUNRISE   531 AM PDT   SUNSET   847 PM PDT


-  INDICATES NEGATIVE NUMBERS.
R  INDICATES RECORD WAS SET OR TIED.
MM INDICATES DATA IS MISSING.
T  INDICATES TRACE AMOUNT.




$$
