000
CDUS46 KMFR 150036
CLILMT


CLIMATE REPORT
NATIONAL WEATHER SERVICE MEDFORD, OR
536 PM PDT MON OCT 14 2019


...................................

...THE KLAMATH FALLS OR CLIMATE SUMMARY FOR OCTOBER 14 2019...
VALID TODAY AS OF 0500 PM LOCAL TIME.

CLIMATE NORMAL PERIOD 1981 TO 2010
CLIMATE RECORD PERIOD 1928 TO 2019


WEATHER ITEM   OBSERVED TIME   RECORD YEAR NORMAL DEPARTURE LAST
                VALUE   (LST)  VALUE       VALUE  FROM      YEAR
                                                  NORMAL
..................................................................
TEMPERATURE (F)
 TODAY
  MAXIMUM         67    357 PM  85    2015  64      3       57
  MINIMUM         22    612 AM  19    1966  31     -9       30
  AVERAGE         45                        48     -3       44

PRECIPITATION (IN)
  TODAY            0.00          1.75 1908   0.03  -0.03     0.00
  MONTH TO DATE    T                         0.23  -0.23     0.38
  SINCE OCT 1      T                         0.23  -0.23     0.38
  SINCE JAN 1     10.24                     10.50  -0.26     6.55

SNOWFALL (IN)
  TODAY           MM                        MM     MM       MM
  MONTH TO DATE   MM                        MM     MM       MM
  SINCE JUL 1     MM                        MM     MM       MM
  SNOW DEPTH      MM

DEGREE DAYS
 HEATING
  TODAY           20                        17      3       21
  MONTH TO DATE  294                       207     87      231
  SINCE SEP 1    585                       444    141      498
  SINCE JUL 1    660                       563     97      555

 COOLING
  TODAY            0                         0      0        0
  MONTH TO DATE    0                         0      0        0
  SINCE SEP 1     11                        10      1        0
  SINCE JAN 1    165                       169     -4      225
..................................................................


WIND (MPH)
  HIGHEST WIND SPEED     9   HIGHEST WIND DIRECTION     W (280)
  HIGHEST GUST SPEED    12   HIGHEST GUST DIRECTION     W (270)
  AVERAGE WIND SPEED     2.1


SKY COVER
  POSSIBLE SUNSHINE  MM
  AVERAGE SKY COVER 0.0


WEATHER CONDITIONS
 THE FOLLOWING WEATHER WAS RECORDED TODAY.
  NO SIGNIFICANT WEATHER WAS OBSERVED.


RELATIVE HUMIDITY (PERCENT)
 HIGHEST    88           500 AM
 LOWEST     15           400 PM

..........................................................


THE KLAMATH FALLS OR CLIMATE NORMALS FOR TOMORROW
                         NORMAL    RECORD    YEAR
 MAXIMUM TEMPERATURE (F)   64        85      2015
 MINIMUM TEMPERATURE (F)   31        19      2018


SUNRISE AND SUNSET
OCTOBER 14 2019.......SUNRISE   718 AM PDT   SUNSET   627 PM PDT
OCTOBER 15 2019.......SUNRISE   719 AM PDT   SUNSET   625 PM PDT


-  INDICATES NEGATIVE NUMBERS.
R  INDICATES RECORD WAS SET OR TIED.
MM INDICATES DATA IS MISSING.
T  INDICATES TRACE AMOUNT.




$$
