000
CDUS46 KMFR 220036
CLILMT


CLIMATE REPORT
NATIONAL WEATHER SERVICE MEDFORD, OR
436 PM PST FRI FEB 21 2020


...................................

...THE KLAMATH FALLS OR CLIMATE SUMMARY FOR FEBRUARY 21 2020...
VALID TODAY AS OF 0400 PM LOCAL TIME.

CLIMATE NORMAL PERIOD 1981 TO 2010
CLIMATE RECORD PERIOD 1928 TO 2020


WEATHER ITEM   OBSERVED TIME   RECORD YEAR NORMAL DEPARTURE LAST
                VALUE   (LST)  VALUE       VALUE  FROM      YEAR
                                                  NORMAL
..................................................................
TEMPERATURE (F)
 TODAY
  MAXIMUM         58    359 PM  64    1995  46     12       33
  MINIMUM         18    543 AM   2    1975  25     -7       18
  AVERAGE         38                        36      2       26

PRECIPITATION (IN)
  TODAY            0.00          1.00 1904   0.07  -0.07     0.00
  MONTH TO DATE    0.12                      1.45  -1.33     1.47
  SINCE OCT 1      3.79                      7.99  -4.20     5.89
  SINCE JAN 1      1.62                      3.30  -1.68     2.96

SNOWFALL (IN)
  TODAY           MM                        MM     MM       MM
  MONTH TO DATE   MM                        MM     MM       MM
  SINCE JUL 1     MM                        MM     MM       MM
  SNOW DEPTH      MM

DEGREE DAYS
 HEATING
  TODAY           27                        29     -2       39
  MONTH TO DATE  644                       659    -15      790
  SINCE DEC 1   2570                      2837   -267     2753
  SINCE JUL 1   4442                      4639   -197     4457

 COOLING
  TODAY            0                         0      0        0
  MONTH TO DATE    0                         0      0        0
  SINCE DEC 1      0                         0      0        0
  SINCE JAN 1      0                         0      0        0
..................................................................


WIND (MPH)
  HIGHEST WIND SPEED     7   HIGHEST WIND DIRECTION     N (10)
  HIGHEST GUST SPEED     9   HIGHEST GUST DIRECTION     N (360)
  AVERAGE WIND SPEED     1.4


SKY COVER
  POSSIBLE SUNSHINE  MM
  AVERAGE SKY COVER 0.0


WEATHER CONDITIONS
 THE FOLLOWING WEATHER WAS RECORDED TODAY.
  NO SIGNIFICANT WEATHER WAS OBSERVED.


RELATIVE HUMIDITY (PERCENT)
 HIGHEST    88           200 AM
 LOWEST     22           300 PM

..........................................................


THE KLAMATH FALLS OR CLIMATE NORMALS FOR TOMORROW
                         NORMAL    RECORD    YEAR
 MAXIMUM TEMPERATURE (F)   47        65      1968
 MINIMUM TEMPERATURE (F)   25         5      1913


SUNRISE AND SUNSET
FEBRUARY 21 2020......SUNRISE   655 AM PST   SUNSET   547 PM PST
FEBRUARY 22 2020......SUNRISE   653 AM PST   SUNSET   548 PM PST


-  INDICATES NEGATIVE NUMBERS.
R  INDICATES RECORD WAS SET OR TIED.
MM INDICATES DATA IS MISSING.
T  INDICATES TRACE AMOUNT.




$$
