000
CDUS45 KRIW 220030
CLILND


CLIMATE REPORT
NATIONAL WEATHER SERVICE RIVERTON WY
529 PM MST FRI FEB 21 2020


...................................

...THE LANDER WY CLIMATE SUMMARY FOR FEBRUARY 21 2020...
VALID TODAY AS OF 0500 PM LOCAL TIME.

CLIMATE NORMAL PERIOD 1981 TO 2010
CLIMATE RECORD PERIOD 1891 TO 2020


WEATHER ITEM   OBSERVED TIME   RECORD YEAR NORMAL DEPARTURE LAST
                VALUE   (LST)  VALUE       VALUE  FROM      YEAR
                                                  NORMAL
..................................................................
TEMPERATURE (F)
 TODAY
  MAXIMUM         18        MM  65    1982  38    -20       17
  MINIMUM         -4        MM -16    1939  16    -20        8
  AVERAGE          7                        27    -20       13

PRECIPITATION (IN)
  TODAY            0.00          0.38 2015   0.02  -0.02     0.11
  MONTH TO DATE    1.29                      0.40   0.89     0.26
  SINCE DEC 1      1.62                      1.39   0.23     1.64
  SINCE JAN 1      1.53                      0.81   0.72     1.06

SNOWFALL (IN)
  TODAY            0.0                       0.4   -0.4      1.2
  MONTH TO DATE   18.1                       7.5   10.6      3.0
  SINCE DEC 1     23.0                      25.2   -2.2     22.6
  SINCE JUL 1     55.1                      50.8    4.3     41.1
  SNOW DEPTH       4

DEGREE DAYS
 HEATING
  TODAY           58                        38     20       52
  MONTH TO DATE 1001                       858    143      983
  SINCE DEC 1   3702                      3575    127     3755
  SINCE JUL 1   5794                      5448    346     5601

 COOLING
  TODAY            0                         0      0        0
  MONTH TO DATE    0                         0      0        0
  SINCE DEC 1      0                         0      0        0
  SINCE JAN 1      0                         0      0        0
..................................................................


WIND (MPH)
  HIGHEST WIND SPEED     6   HIGHEST WIND DIRECTION     W (280)
  HIGHEST GUST SPEED    MM   HIGHEST GUST DIRECTION    MM
  AVERAGE WIND SPEED     1.6


SKY COVER
  POSSIBLE SUNSHINE  MM
  AVERAGE SKY COVER 0.0


WEATHER CONDITIONS
 THE FOLLOWING WEATHER WAS RECORDED TODAY.
  NO SIGNIFICANT WEATHER WAS OBSERVED.


RELATIVE HUMIDITY (PERCENT)
 HIGHEST    95          1200 AM
 LOWEST     67           300 PM
 AVERAGE    81

..........................................................


THE LANDER WY CLIMATE NORMALS FOR TOMORROW
                         NORMAL    RECORD    YEAR
 MAXIMUM TEMPERATURE (F)   39        61      1982
                                             1958
 MINIMUM TEMPERATURE (F)   16       -18      1913


SUNRISE AND SUNSET
FEBRUARY 21 2020......SUNRISE   704 AM MST   SUNSET   554 PM MST
FEBRUARY 22 2020......SUNRISE   702 AM MST   SUNSET   555 PM MST


-  INDICATES NEGATIVE NUMBERS.
R  INDICATES RECORD WAS SET OR TIED.
MM INDICATES DATA IS MISSING.
T  INDICATES TRACE AMOUNT.




$$
