000
CDUS45 KRIW 160814
CLILND


CLIMATE REPORT
NATIONAL WEATHER SERVICE RIVERTON WY
113 AM MST SAT FEB 16 2019


...................................

...THE LANDER WY CLIMATE SUMMARY FOR FEBRUARY 15 2019...

CLIMATE NORMAL PERIOD 1981 TO 2010
CLIMATE RECORD PERIOD 1891 TO 2019


WEATHER ITEM   OBSERVED TIME   RECORD YEAR NORMAL DEPARTURE LAST
                VALUE   (LST)  VALUE       VALUE  FROM      YEAR
                                                  NORMAL
..................................................................
TEMPERATURE (F)
 YESTERDAY
  MAXIMUM         44    319 PM  57    2011  36      8       33
  MINIMUM         18    652 AM -27    1903  14      4        5
  AVERAGE         31                        25      6       19

PRECIPITATION (IN)
  YESTERDAY        T             0.53 2006   0.02  -0.02     0.09
  MONTH TO DATE    0.14                      0.27  -0.13     0.45
  SINCE DEC 1      1.52                      1.26   0.26     2.36
  SINCE JAN 1      0.94                      0.68   0.26     1.13

SNOWFALL (IN)
  YESTERDAY        T                         0.4   -0.4      1.5
  MONTH TO DATE    1.2                       5.2   -4.0      5.4
  SINCE DEC 1     20.8                      22.9   -2.1     35.3
  SINCE JUL 1     39.3                      48.5   -9.2     43.3
  SNOW DEPTH       4

DEGREE DAYS
 HEATING
  YESTERDAY       34                        40     -6       46
  MONTH TO DATE  681                       625     56      585
  SINCE DEC 1   3453                      3342    111     3205
  SINCE JUL 1   5299                      5215     84     4805

 COOLING
  YESTERDAY        0                         0      0        0
  MONTH TO DATE    0                         0      0        0
  SINCE DEC 1      0                         0      0        0
  SINCE JAN 1      0                         0      0        0
..................................................................


WIND (MPH)
  HIGHEST WIND SPEED    24   HIGHEST WIND DIRECTION     S (170)
  HIGHEST GUST SPEED    30   HIGHEST GUST DIRECTION    SW (220)
  AVERAGE WIND SPEED     8.1


SKY COVER
  POSSIBLE SUNSHINE  MM
  AVERAGE SKY COVER 0.2


WEATHER CONDITIONS
 THE FOLLOWING WEATHER WAS RECORDED YESTERDAY.
  LIGHT SNOW
  FOG


RELATIVE HUMIDITY (PERCENT)
 HIGHEST    91           500 AM
 LOWEST     27           300 PM
 AVERAGE    59

..........................................................


THE LANDER WY CLIMATE NORMALS FOR TODAY
                         NORMAL    RECORD    YEAR
 MAXIMUM TEMPERATURE (F)   37        60      1996
 MINIMUM TEMPERATURE (F)   14       -30      1900


SUNRISE AND SUNSET
FEBRUARY 16 2019......SUNRISE   711 AM MST   SUNSET   548 PM MST
FEBRUARY 17 2019......SUNRISE   709 AM MST   SUNSET   549 PM MST


-  INDICATES NEGATIVE NUMBERS.
R  INDICATES RECORD WAS SET OR TIED.
MM INDICATES DATA IS MISSING.
T  INDICATES TRACE AMOUNT.




$$
