000
CDUS45 KRIW 180734
CLILND


CLIMATE REPORT
NATIONAL WEATHER SERVICE RIVERTON WY
132 AM MDT MON JUN 18 2018


...................................

...THE LANDER WY CLIMATE SUMMARY FOR JUNE 17 2018...

CLIMATE NORMAL PERIOD 1981 TO 2010
CLIMATE RECORD PERIOD 1891 TO 2018


WEATHER ITEM   OBSERVED TIME   RECORD YEAR NORMAL DEPARTURE LAST
                VALUE   (LST)  VALUE       VALUE  FROM      YEAR
                                                  NORMAL
..................................................................
TEMPERATURE (F)
 YESTERDAY
  MAXIMUM         58   1222 AM  95    1940  78    -20       71
  MINIMUM         51    939 AM  32    1907  49      2       53
  AVERAGE         55                        63     -8       62

PRECIPITATION (IN)
  YESTERDAY        1.21          1.41 1998   0.04   1.17     0.02
  MONTH TO DATE    1.31                      0.91   0.40     0.26
  SINCE JUN 1      1.31                      0.91   0.40     0.26
  SINCE JAN 1      9.58                      7.13   2.45    12.75

SNOWFALL (IN)
  YESTERDAY        0.0                       0.0    0.0      0.0
  MONTH TO DATE    0.0                       0.1   -0.1      0.0
  SINCE JUN 1      0.0                       0.1   -0.1      0.0
  SINCE JUL 1     58.4                      91.4  -33.0     90.9
  SNOW DEPTH       0

DEGREE DAYS
 HEATING
  YESTERDAY       10                         4      6        3
  MONTH TO DATE   53                        96    -43       42
  SINCE JUN 1     53                        96    -43       42
  SINCE JUL 1   7303                      7718   -415     7509

 COOLING
  YESTERDAY        0                         2     -2        0
  MONTH TO DATE   37                        23     14       20
  SINCE JUN 1     37                        23     14       20
  SINCE JAN 1     38                        28     10       20
..................................................................


WIND (MPH)
  HIGHEST WIND SPEED    15   HIGHEST WIND DIRECTION     E (80)
  HIGHEST GUST SPEED    20   HIGHEST GUST DIRECTION     E (70)
  AVERAGE WIND SPEED     6.2


SKY COVER
  POSSIBLE SUNSHINE  MM
  AVERAGE SKY COVER 1.0


WEATHER CONDITIONS
 THE FOLLOWING WEATHER WAS RECORDED YESTERDAY.
  THUNDERSTORM
  HEAVY RAIN
  RAIN
  LIGHT RAIN
  FOG


RELATIVE HUMIDITY (PERCENT)
 HIGHEST   100           900 AM
 LOWEST     89           200 AM
 AVERAGE    95

..........................................................


THE LANDER WY CLIMATE NORMALS FOR TODAY
                         NORMAL    RECORD    YEAR
 MAXIMUM TEMPERATURE (F)   79        92      1974
                                             1940
 MINIMUM TEMPERATURE (F)   49        29      1895


SUNRISE AND SUNSET
JUNE 18 2018..........SUNRISE   536 AM MDT   SUNSET   856 PM MDT
JUNE 19 2018..........SUNRISE   536 AM MDT   SUNSET   857 PM MDT


-  INDICATES NEGATIVE NUMBERS.
R  INDICATES RECORD WAS SET OR TIED.
MM INDICATES DATA IS MISSING.
T  INDICATES TRACE AMOUNT.




$$
