537
CDUS45 KRIW 150109
CLILND


CLIMATE REPORT
NATIONAL WEATHER SERVICE RIVERTON WY
708 PM MDT MON OCT 14 2019


...................................

...THE LANDER WY CLIMATE SUMMARY FOR OCTOBER 14 2019...
VALID TODAY AS OF 0500 PM LOCAL TIME.

CLIMATE NORMAL PERIOD 1981 TO 2010
CLIMATE RECORD PERIOD 1891 TO 2019


WEATHER ITEM   OBSERVED TIME   RECORD YEAR NORMAL DEPARTURE LAST
                VALUE   (LST)  VALUE       VALUE  FROM      YEAR
                                                  NORMAL
..................................................................
TEMPERATURE (F)
 TODAY
  MAXIMUM         67    200 PM  81    1958  59      8       30
  MINIMUM         35    300 AM  13    2008  33      2       16
  AVERAGE         51                        46      5       23

PRECIPITATION (IN)
  TODAY            0.00          0.56 1942   0.04  -0.04     0.02
  MONTH TO DATE    0.10                      0.63  -0.53     1.10
  SINCE SEP 1      1.58                      1.68  -0.10     1.15
  SINCE JAN 1     13.83                     10.56   3.27    11.96

SNOWFALL (IN)
  TODAY            0.0                       0.3   -0.3      0.9
  MONTH TO DATE    1.7                       3.8   -2.1      6.8
  SINCE SEP 1      1.7                       6.5   -4.8      6.8
  SINCE JUL 1      1.7                       6.5   -4.8      6.8
  SNOW DEPTH       0

DEGREE DAYS
 HEATING
  TODAY           14                        19     -5       42
  MONTH TO DATE  317                       227     90      309
  SINCE SEP 1    512                       446     66      434
  SINCE JUL 1    521                       486     35      459

 COOLING
  TODAY            0                         0      0        0
  MONTH TO DATE    0                         0      0        0
  SINCE SEP 1     61                        27     34       39
  SINCE JAN 1    458                       472    -14      514
..................................................................


WIND (MPH)
  HIGHEST WIND SPEED    20   HIGHEST WIND DIRECTION     W (270)
  HIGHEST GUST SPEED    36   HIGHEST GUST DIRECTION     W (290)
  AVERAGE WIND SPEED     8.6


SKY COVER
  POSSIBLE SUNSHINE  MM
  AVERAGE SKY COVER 0.0


WEATHER CONDITIONS
 THE FOLLOWING WEATHER WAS RECORDED TODAY.
  NO SIGNIFICANT WEATHER WAS OBSERVED.


RELATIVE HUMIDITY (PERCENT)
 HIGHEST    44           300 AM
 LOWEST     10           100 PM
 AVERAGE    27

..........................................................


THE LANDER WY CLIMATE NORMALS FOR TOMORROW
                         NORMAL    RECORD    YEAR
 MAXIMUM TEMPERATURE (F)   59        81      1991
 MINIMUM TEMPERATURE (F)   33        10      1966


SUNRISE AND SUNSET
OCTOBER 14 2019.......SUNRISE   727 AM MDT   SUNSET   634 PM MDT
OCTOBER 15 2019.......SUNRISE   728 AM MDT   SUNSET   633 PM MDT


-  INDICATES NEGATIVE NUMBERS.
R  INDICATES RECORD WAS SET OR TIED.
MM INDICATES DATA IS MISSING.
T  INDICATES TRACE AMOUNT.




$$
