000
CDUS45 KRIW 260732
CLILND

CLIMATE REPORT
NATIONAL WEATHER SERVICE RIVERTON WY
132 AM MDT MON OCT 26 2020

...................................

...THE LANDER WY CLIMATE SUMMARY FOR OCTOBER 25 2020...

CLIMATE NORMAL PERIOD: 1981 TO 2010
CLIMATE RECORD PERIOD: 1891 TO 2020


WEATHER ITEM   OBSERVED TIME   RECORD YEAR NORMAL DEPARTURE LAST
                VALUE   (LST)  VALUE       VALUE  FROM      YEAR
                                                  NORMAL
...................................................................
TEMPERATURE (F)
 YESTERDAY
  MAXIMUM         13   1:23 PM  76    2014  55    -42       63
  MINIMUM         -5R 11:00 PM   4    1919  30    -35       26
  AVERAGE          4                        42    -38

PRECIPITATION (IN)
  YESTERDAY        0.12          0.97 1996   0.04   0.08     0.00
  MONTH TO DATE    0.68                      1.07  -0.39     0.10
  SINCE SEP 1      1.34                      2.12  -0.78     1.58
  SINCE JAN 1      6.56                     11.00  -4.44    13.83

SNOWFALL (IN)
  YESTERDAY        2.2                       0.4    1.8      0.0
  MONTH TO DATE    7.8                       7.6    0.2      1.7
  SINCE SEP 1     12.5                      10.3    2.2      1.7
  SINCE JUL 1     12.5                      10.3    2.2      1.7

DEGREE DAYS
 HEATING
  YESTERDAY       61                        23     38       20
  MONTH TO DATE  440                       456    -16      554
  SINCE SEP 1    628                       675    -47      749
  SINCE JUL 1    647                       715    -68      758

 COOLING
  YESTERDAY        0                         0      0        0
  MONTH TO DATE    0                         0      0        0
  SINCE SEP 1     49                        27     22       61
  SINCE JAN 1    686                       472    214      458
...................................................................


WIND (MPH)
  HIGHEST WIND SPEED    12   HIGHEST WIND DIRECTION     N (10)
  HIGHEST GUST SPEED    14   HIGHEST GUST DIRECTION     N (360)
  AVERAGE WIND SPEED     5.1


SKY COVER
  POSSIBLE SUNSHINE  MM
  AVERAGE SKY COVER 0.7


WEATHER CONDITIONS
THE FOLLOWING WEATHER WAS RECORDED YESTERDAY.
  LIGHT SNOW
  FOG
  HAZE


RELATIVE HUMIDITY (PERCENT)
 HIGHEST    88           2:00 AM
 LOWEST     61           2:00 PM
 AVERAGE    75

..........................................................


THE LANDER WY CLIMATE NORMALS FOR TODAY
                         NORMAL    RECORD    YEAR
 MAXIMUM TEMPERATURE (F)   54        75      1977
 MINIMUM TEMPERATURE (F)   29         2      1913


SUNRISE AND SUNSET
OCTOBER 26 2020.......SUNRISE   7:42 AM MDT   SUNSET   6:15 PM MDT
OCTOBER 27 2020.......SUNRISE   7:44 AM MDT   SUNSET   6:13 PM MDT


-  INDICATES NEGATIVE NUMBERS.
R  INDICATES RECORD WAS SET OR TIED.
MM INDICATES DATA IS MISSING.
T  INDICATES TRACE AMOUNT.




$$
