201
CDUS43 KOAX 190628
CLILNK


CLIMATE REPORT
NATIONAL WEATHER SERVICE OMAHA NEBRASKA
128 AM CDT SAT OCT 19 2019


...................................

...THE LINCOLN NE CLIMATE SUMMARY FOR OCTOBER 18 2019...

CLIMATE NORMAL PERIOD 1981 TO 2010
CLIMATE RECORD PERIOD 1887 TO 2019


WEATHER ITEM   OBSERVED TIME   RECORD YEAR NORMAL DEPARTURE LAST
                VALUE   (LST)  VALUE       VALUE  FROM      YEAR
                                                  NORMAL
..................................................................
TEMPERATURE (F)
 YESTERDAY
  MAXIMUM         79    301 PM  87    2005  65     14       71
                                      1945
  MINIMUM         53    541 AM  21    1972  40     13       38
  AVERAGE         66                        52     14       55

PRECIPITATION (IN)
  YESTERDAY        T             1.27 1971   0.06  -0.06      T
  MONTH TO DATE    4.50                      1.23   3.27     2.38
  SINCE SEP 1      7.90                      4.25   3.65     9.51
  SINCE JAN 1     32.56                     25.83   6.73    30.80

SNOWFALL (IN)
  YESTERDAY        0.0           0.4  1976   0.0    0.0      0.0
  MONTH TO DATE    0.0                       0.2   -0.2      3.5
  SINCE SEP 1      0.0                       0.2   -0.2      3.5
  SINCE JUL 1      0.0                       0.2   -0.2      3.5
  SNOW DEPTH       0

DEGREE DAYS
 HEATING
  YESTERDAY        0                        13    -13       10
  MONTH TO DATE  210                       179     31      273
  SINCE SEP 1    218                       271    -53      354
  SINCE JUL 1    218                       277    -59      355

 COOLING
  YESTERDAY        1                         0      1        0
  MONTH TO DATE    1                        12    -11        6
  SINCE SEP 1    280                       135    145      197
  SINCE JAN 1   1332                      1170    162     1470
..................................................................


WIND (MPH)
  HIGHEST WIND SPEED    38   HIGHEST WIND DIRECTION     S (190)
  HIGHEST GUST SPEED    55   HIGHEST GUST DIRECTION     S (190)
  AVERAGE WIND SPEED    18.1




RELATIVE HUMIDITY (PERCENT)
 HIGHEST    71
 LOWEST     35
 AVERAGE    53

..........................................................


THE LINCOLN NE CLIMATE NORMALS FOR TODAY
                         NORMAL    RECORD    YEAR
 MAXIMUM TEMPERATURE (F)   65        88      2003
 MINIMUM TEMPERATURE (F)   40        12      1972


SUNRISE AND SUNSET
OCTOBER 19 2019.......SUNRISE   742 AM CDT   SUNSET   641 PM CDT
OCTOBER 20 2019.......SUNRISE   744 AM CDT   SUNSET   639 PM CDT


-  INDICATES NEGATIVE NUMBERS.
R  INDICATES RECORD WAS SET OR TIED.
MM INDICATES DATA IS MISSING.
T  INDICATES TRACE AMOUNT.




$$
