000
CDUS43 KOAX 112238
CLILNK


CLIMATE REPORT
NATIONAL WEATHER SERVICE OMAHA NEBRASKA
438 PM CST TUE DEC 11 2018


...................................

...THE LINCOLN, NEBRASKA CLIMATE SUMMARY FOR DECEMBER 11 2018...
VALID TODAY AS OF 0400 PM LOCAL TIME.

CLIMATE NORMAL PERIOD 1981 TO 2010
CLIMATE RECORD PERIOD 1887 TO 2018


WEATHER ITEM   OBSERVED TIME   RECORD YEAR NORMAL DEPARTURE LAST
                VALUE   (LST)  VALUE       VALUE  FROM      YEAR
                                                  NORMAL
..................................................................
TEMPERATURE (F)
 TODAY
  MAXIMUM         41    246 PM  66    1990  38      3       52
  MINIMUM         23    154 AM -10    1932  17      6       27
  AVERAGE         32                        27      5       40

PRECIPITATION (IN)
  TODAY            0.00          0.52 1961   0.03  -0.03      T
  MONTH TO DATE    1.50                      0.39   1.11      T
  SINCE DEC 1      1.50                      0.39   1.11      T
  SINCE JAN 1     33.82                     28.39   5.43    36.65

SNOWFALL (IN)
  TODAY            0.0                       0.2   -0.2      0.0
  MONTH TO DATE    3.0                       2.0    1.0       T
  SINCE JUL 1     13.7                       4.8    8.9       T
  SNOW DEPTH       0

DEGREE DAYS
 HEATING
  TODAY           33                        38     -5       25
  MONTH TO DATE  421                       395     26      309
  SINCE DEC 1    421                       395     26      309
  SINCE JUL 1   1884                      1656    228     1362

 COOLING
  TODAY            0                         0      0        0
  MONTH TO DATE    0                         0      0        0
  SINCE DEC 1      0                         0      0        0
  SINCE JAN 1   1470                      1173    297     1252
..................................................................


WIND (MPH)
  HIGHEST WIND SPEED    13   HIGHEST WIND DIRECTION    SW (210)
  HIGHEST GUST SPEED    14   HIGHEST GUST DIRECTION    SW (210)
  AVERAGE WIND SPEED     6.6


SKY COVER
  POSSIBLE SUNSHINE  MM
  AVERAGE SKY COVER 0.0


WEATHER CONDITIONS
 THE FOLLOWING WEATHER WAS RECORDED TODAY.
  NO SIGNIFICANT WEATHER WAS OBSERVED.


RELATIVE HUMIDITY (PERCENT)
 HIGHEST    88           200 AM
 LOWEST     55           100 PM
 AVERAGE    72

..........................................................


THE LINCOLN, NEBRASKA CLIMATE NORMALS FOR TOMORROW
                         NORMAL    RECORD    YEAR
 MAXIMUM TEMPERATURE (F)   38        67      1921
 MINIMUM TEMPERATURE (F)   17       -14      2000
                                             1932


SUNRISE AND SUNSET
DECEMBER 11 2018......SUNRISE   741 AM CST   SUNSET   459 PM CST
DECEMBER 12 2018......SUNRISE   742 AM CST   SUNSET   459 PM CST


-  INDICATES NEGATIVE NUMBERS.
R  INDICATES RECORD WAS SET OR TIED.
MM INDICATES DATA IS MISSING.
T  INDICATES TRACE AMOUNT.




$$
