000
CDUS43 KOAX 210703
CLILNK


CLIMATE REPORT
NATIONAL WEATHER SERVICE OMAHA NEBRASKA
201 AM CDT FRI SEP 21 2018


...................................

...THE LINCOLN  NE CLIMATE SUMMARY FOR SEPTEMBER 20 2018...

CLIMATE NORMAL PERIOD 1981 TO 2010
CLIMATE RECORD PERIOD 1887 TO 2018


WEATHER ITEM   OBSERVED TIME   RECORD YEAR NORMAL DEPARTURE LAST
                VALUE   (LST)  VALUE       VALUE  FROM      YEAR
                                                  NORMAL
..................................................................
TEMPERATURE (F)
 YESTERDAY
  MAXIMUM         96R   314 PM  96    2016  77     19       82
  MINIMUM         66   1159 PM  31    1918  51     15       60
  AVERAGE         81                        64     17       71

PRECIPITATION (IN)
  YESTERDAY        0.64          2.61 1955   0.10   0.54     0.00
  MONTH TO DATE    6.94                      2.13   4.81     0.46
  SINCE SEP 1      6.94                      2.13   4.81     0.46
  SINCE JAN 1     28.23                     23.71   4.52    30.29

SNOWFALL (IN)
  YESTERDAY        0.0           T    1983   0.0    0.0      0.0
                                      2001
  MONTH TO DATE    0.0                       0.0    0.0      0.0
  SINCE SEP 1      0.0                       0.0    0.0      0.0
  SINCE JUL 1      0.0                       0.0    0.0      0.0
  SNOW DEPTH       0

DEGREE DAYS
 HEATING
  YESTERDAY        0                         4     -4        0
  MONTH TO DATE    1                        39    -38       18
  SINCE SEP 1      1                        39    -38       18
  SINCE JUL 1      2                        45    -43       18

 COOLING
  YESTERDAY       16                         3     13        6
  MONTH TO DATE  189                       102     87      134
  SINCE SEP 1    189                       102     87      134
  SINCE JAN 1   1462                      1137    325     1164
..................................................................


WIND (MPH)
  HIGHEST WIND SPEED    33   HIGHEST WIND DIRECTION     W (290)
  HIGHEST GUST SPEED    47   HIGHEST GUST DIRECTION    SW (220)
  AVERAGE WIND SPEED    16.1




RELATIVE HUMIDITY (PERCENT)
 HIGHEST    93
 LOWEST     34
 AVERAGE    64

..........................................................


THE LINCOLN  NE CLIMATE NORMALS FOR TODAY
                         NORMAL    RECORD    YEAR
 MAXIMUM TEMPERATURE (F)   77       103      2005
 MINIMUM TEMPERATURE (F)   51        32      1999


SUNRISE AND SUNSET
SEPTEMBER 21 2018.....SUNRISE   714 AM CDT   SUNSET   726 PM CDT
SEPTEMBER 22 2018.....SUNRISE   715 AM CDT   SUNSET   724 PM CDT


-  INDICATES NEGATIVE NUMBERS.
R  INDICATES RECORD WAS SET OR TIED.
MM INDICATES DATA IS MISSING.
T  INDICATES TRACE AMOUNT.




$$
