000
CDUS43 KOAX 190702
CLILNK


CLIMATE REPORT
NATIONAL WEATHER SERVICE OMAHA NEBRASKA
201 AM CDT TUE JUN 19 2018


...................................

...THE LINCOLN, NEBRASKA CLIMATE SUMMARY FOR JUNE 18 2018...

CLIMATE NORMAL PERIOD 1981 TO 2010
CLIMATE RECORD PERIOD 1887 TO 2018


WEATHER ITEM   OBSERVED TIME   RECORD YEAR NORMAL DEPARTURE LAST
                VALUE   (LST)  VALUE       VALUE  FROM      YEAR
                                                  NORMAL
..................................................................
TEMPERATURE (F)
 YESTERDAY
  MAXIMUM         97    307 PM 105    1953  85     12       83
  MINIMUM         73   1159 PM  50    1976  62     11       61
  AVERAGE         85                        74     11       72

PRECIPITATION (IN)
  YESTERDAY        0.12          1.78 1951   0.15  -0.03      T
  MONTH TO DATE    1.69                      2.64  -0.95     4.76
  SINCE JUN 1      1.69                      2.64  -0.95     4.76
  SINCE JAN 1      8.45                     12.98  -4.53    17.87

SNOWFALL (IN)
  YESTERDAY        0.0                       0.0    0.0      0.0
  MONTH TO DATE    0.0                       0.0    0.0       T
  SINCE JUL 1     21.4                      25.9   -4.5      7.5
  SNOW DEPTH       0

DEGREE DAYS
 HEATING
  YESTERDAY        0                         0      0        0
  MONTH TO DATE    0                        13    -13        0
  SINCE JUN 1      0                        13    -13        0
  SINCE JUL 1   5999                      6053    -54     5016

 COOLING
  YESTERDAY       20                         9     11        7
  MONTH TO DATE  246                       118    128      213
  SINCE JUN 1    246                       118    128      213
  SINCE JAN 1    450                       197    253      296
..................................................................


WIND (MPH)
  HIGHEST WIND SPEED    32   HIGHEST WIND DIRECTION     S (170)
  HIGHEST GUST SPEED    41   HIGHEST GUST DIRECTION     S (170)
  AVERAGE WIND SPEED    10.8


SKY COVER
  POSSIBLE SUNSHINE  MM
  AVERAGE SKY COVER 0.2


WEATHER CONDITIONS
 THE FOLLOWING WEATHER WAS RECORDED YESTERDAY.
  THUNDERSTORM
  HEAVY RAIN
  RAIN
  LIGHT RAIN
  FOG


RELATIVE HUMIDITY (PERCENT)
 HIGHEST    93          1000 PM
 LOWEST     46           200 PM
 AVERAGE    70

..........................................................


THE LINCOLN, NEBRASKA CLIMATE NORMALS FOR TODAY
                         NORMAL    RECORD    YEAR
 MAXIMUM TEMPERATURE (F)   86       104      1988
 MINIMUM TEMPERATURE (F)   62        42      1976


SUNRISE AND SUNSET
JUNE 19 2018..........SUNRISE   555 AM CDT   SUNSET   902 PM CDT
JUNE 20 2018..........SUNRISE   555 AM CDT   SUNSET   902 PM CDT


-  INDICATES NEGATIVE NUMBERS.
R  INDICATES RECORD WAS SET OR TIED.
MM INDICATES DATA IS MISSING.
T  INDICATES TRACE AMOUNT.




$$
