000
CDUS43 KOAX 170633
CLILNK


CLIMATE REPORT
NATIONAL WEATHER SERVICE OMAHA NEBRASKA
1231 AM CST SAT FEB 17 2018


...................................

...THE LINCOLN, NEBRASKA CLIMATE SUMMARY FOR FEBRUARY 16 2018...

CLIMATE NORMAL PERIOD 1981 TO 2010
CLIMATE RECORD PERIOD 1887 TO 2018


WEATHER ITEM   OBSERVED TIME   RECORD YEAR NORMAL DEPARTURE LAST
                VALUE   (LST)  VALUE       VALUE  FROM      YEAR
                                                  NORMAL
..................................................................
TEMPERATURE (F)
 YESTERDAY
  MAXIMUM         34    411 PM  72    2017  40     -6       72
  MINIMUM         12    749 AM -18    1978  18     -6       35
  AVERAGE         23                        29     -6       54

PRECIPITATION (IN)
  YESTERDAY        0.00          0.73 1911   0.02  -0.02     0.00
  MONTH TO DATE    0.46                      0.41   0.05     0.01
  SINCE DEC 1      1.25                      2.00  -0.75     2.73
  SINCE JAN 1      0.87                      1.05  -0.18     1.11

SNOWFALL (IN)
  YESTERDAY        0.0                       0.2   -0.2      0.0
  MONTH TO DATE    7.7                       3.4    4.3      0.2
  SINCE JUL 1     15.4                      17.5   -2.1      5.1
  SNOW DEPTH       0

DEGREE DAYS
 HEATING
  YESTERDAY       42                        36      6       11
  MONTH TO DATE  737                       605    132      482
  SINCE DEC 1   3140                      3041     99     2816
  SINCE JUL 1   4193                      4302   -109     3624

 COOLING
  YESTERDAY        0                         0      0        0
  MONTH TO DATE    0                         0      0        0
  SINCE DEC 1      0                         0      0        0
  SINCE JAN 1      0                         0      0        0
..................................................................


WIND (MPH)
  HIGHEST WIND SPEED    30   HIGHEST WIND DIRECTION     N (350)
  HIGHEST GUST SPEED    38   HIGHEST GUST DIRECTION     N (350)
  AVERAGE WIND SPEED    11.5


SKY COVER
  POSSIBLE SUNSHINE  MM
  AVERAGE SKY COVER 0.1


WEATHER CONDITIONS
 THE FOLLOWING WEATHER WAS RECORDED YESTERDAY.
  NO SIGNIFICANT WEATHER WAS OBSERVED.


RELATIVE HUMIDITY (PERCENT)
 HIGHEST    74          1200 AM
 LOWEST     38           400 PM
 AVERAGE    56

..........................................................


THE LINCOLN, NEBRASKA CLIMATE NORMALS FOR TODAY
                         NORMAL    RECORD    YEAR
 MAXIMUM TEMPERATURE (F)   41        74      2017
 MINIMUM TEMPERATURE (F)   19       -19      1978


SUNRISE AND SUNSET
FEBRUARY 17 2018......SUNRISE   718 AM CST   SUNSET   604 PM CST
FEBRUARY 18 2018......SUNRISE   717 AM CST   SUNSET   605 PM CST


-  INDICATES NEGATIVE NUMBERS.
R  INDICATES RECORD WAS SET OR TIED.
MM INDICATES DATA IS MISSING.
T  INDICATES TRACE AMOUNT.




$$
