000
CDUS43 KOAX 192228
CLILNK

CLIMATE REPORT
NATIONAL WEATHER SERVICE OMAHA/VALLEY NE
528 PM CDT MON OCT 19 2020

...................................

...THE LINCOLN NE CLIMATE SUMMARY FOR OCTOBER 19 2020...
VALID TODAY AS OF 0400 PM LOCAL TIME.

CLIMATE NORMAL PERIOD 1981 TO 2010
CLIMATE RECORD PERIOD 1887 TO 2020


WEATHER ITEM   OBSERVED TIME   RECORD YEAR NORMAL DEPARTURE LAST
                VALUE   (LST)  VALUE       VALUE  FROM      YEAR
                                                  NORMAL
...................................................................
TEMPERATURE (F)
 TODAY
  MAXIMUM         50    327 PM  88    2003  65    -15       70
  MINIMUM         36   1206 AM  12    1972  40     -4       46
  AVERAGE         43                        52     -9       58

PRECIPITATION (IN)
  TODAY            T             1.02 1962   0.06  -0.06     0.11
  MONTH TO DATE    0.26                      1.29  -1.03     4.61
  SINCE SEP 1      1.88                      4.31  -2.43     8.01
  SINCE JAN 1     21.09                     25.89  -4.80    32.67

SNOWFALL (IN)
  TODAY            0.0           T    1982   0.0    0.0      0.0
                                      2001
  MONTH TO DATE    T                         0.2   -0.2      0.0
  SINCE SEP 1      T                         0.2   -0.2      0.0
  SINCE JUL 1      T                         0.2   -0.2      0.0
  SNOW DEPTH       0

DEGREE DAYS
 HEATING
  TODAY           22                        13      9        7
  MONTH TO DATE  161                       192    -31      217
  SINCE SEP 1    257                       284    -27      225
  SINCE JUL 1    260                       290    -30      225

 COOLING
  TODAY            0                         0      0        0
  MONTH TO DATE   22                        12     10        1
  SINCE SEP 1    111                       135    -24      280
  SINCE JAN 1   1271                      1170    101     1332
...................................................................


WIND (MPH)
  HIGHEST WIND SPEED    21   HIGHEST WIND DIRECTION    SE (150)
  HIGHEST GUST SPEED    25   HIGHEST GUST DIRECTION    SE (150)
  AVERAGE WIND SPEED     8.4


SKY COVER
  POSSIBLE SUNSHINE  MM
  AVERAGE SKY COVER 0.7


WEATHER CONDITIONS
THE FOLLOWING WEATHER WAS RECORDED TODAY.
  LIGHT RAIN

..........................................................


THE LINCOLN NE CLIMATE NORMALS FOR TOMORROW
                         NORMAL    RECORD    YEAR
 MAXIMUM TEMPERATURE (F)   64        90      1947
 MINIMUM TEMPERATURE (F)   39        18      1916


SUNRISE AND SUNSET
OCTOBER 19 2020.......SUNRISE   743 AM CDT   SUNSET   640 PM CDT
OCTOBER 20 2020.......SUNRISE   744 AM CDT   SUNSET   638 PM CDT


-  INDICATES NEGATIVE NUMBERS.
R  INDICATES RECORD WAS SET OR TIED.
MM INDICATES DATA IS MISSING.
T  INDICATES TRACE AMOUNT.




$$
