138
CDUS43 KLOT 142140
CLILOT


CLIMATE REPORT
NATIONAL WEATHER SERVICE CHICAGO IL
439 PM CDT MON OCT 14 2019


...................................

...THE ROMEOVILLE  WFO CLIMATE SUMMARY FOR OCTOBER 14 2019...
VALID TODAY AS OF 0400 PM LOCAL TIME.

CLIMATE NORMAL PERIOD 1981 TO 2010
CLIMATE RECORD PERIOD 1992 TO 2019


WEATHER ITEM   OBSERVED TIME   RECORD YEAR NORMAL DEPARTURE
                VALUE   (LST)  VALUE       VALUE  FROM
                                                  NORMAL
...............................................................
TEMPERATURE (F)
 TODAY
  MAXIMUM         54        MM  77    2005  64    -10
  MINIMUM         34        MM  30    2002  43     -9
  AVERAGE         44                        54    -10

PRECIPITATION (IN)
  TODAY            0.00          4.02 2017   0.12  -0.12
  MONTH TO DATE    1.70                      1.57   0.13
  SINCE SEP 1     13.11                      4.70   8.41
  SINCE JAN 1     49.02                     32.52  16.50

SNOWFALL (IN)
  TODAY            0.0          MM      MM   0.0    0.0
  MONTH TO DATE    0.0                       0.0    0.0
  SINCE SEP 1      0.0                       0.0    0.0
  SINCE JUL 1      0.0                       0.0    0.0

DEGREE DAYS
 HEATING
  TODAY           21                        12      9
  MONTH TO DATE  129                       138     -9
  SINCE SEP 1    138                       229    -91
  SINCE JUL 1    138                       237    -99

 COOLING
  TODAY            0                         0      0
  MONTH TO DATE   17                        12      5
  SINCE SEP 1    164                       106     58
  SINCE JAN 1    996                       859    137
...............................................................







THE ROMEOVILLE  WFO CLIMATE NORMALS FOR TOMORROW
                         NORMAL    RECORD    YEAR
 MAXIMUM TEMPERATURE (F)   63        80      1999
 MINIMUM TEMPERATURE (F)   43        30      2006


SUNRISE AND SUNSET
OCTOBER 14 2019.......SUNRISE   703 AM CDT   SUNSET   613 PM CDT
OCTOBER 15 2019.......SUNRISE   704 AM CDT   SUNSET   611 PM CDT


-  INDICATES NEGATIVE NUMBERS.
R  INDICATES RECORD WAS SET OR TIED.
MM INDICATES DATA IS MISSING.
T  INDICATES TRACE AMOUNT.




$$
