000
CDUS43 KLOT 152136
CLILOT


CLIMATE REPORT
NATIONAL WEATHER SERVICE CHICAGO IL
434 PM CDT MON OCT 15 2018


...................................

...THE ROMEOVILLE  WFO CLIMATE SUMMARY FOR OCTOBER 15 2018...
VALID TODAY AS OF 0400 PM LOCAL TIME.

CLIMATE NORMAL PERIOD 1981 TO 2010
CLIMATE RECORD PERIOD 1992 TO 2018


WEATHER ITEM   OBSERVED TIME   RECORD YEAR NORMAL DEPARTURE
                VALUE   (LST)  VALUE       VALUE  FROM
                                                  NORMAL
...............................................................
TEMPERATURE (F)
 TODAY
  MAXIMUM         48    300 PM  80    1999  63    -15
  MINIMUM         36        MM  30    2006  43     -7
  AVERAGE         42                        53    -11

PRECIPITATION (IN)
  TODAY            0.09          0.45 1992   0.13  -0.04
  MONTH TO DATE    3.52                      1.70   1.82
  SINCE SEP 1      5.99                      4.83   1.16
  SINCE JAN 1     35.95                     32.65   3.30

SNOWFALL (IN)
  TODAY            0.0          MM      MM   0.0    0.0
  MONTH TO DATE    0.0                       0.0    0.0
  SINCE SEP 1      0.0                       0.0    0.0
  SINCE JUL 1      0.0                       0.0    0.0

DEGREE DAYS
 HEATING
  TODAY           23                        12     11
  MONTH TO DATE  129                       150    -21
  SINCE SEP 1    184                       241    -57
  SINCE JUL 1    184                       249    -65

 COOLING
  TODAY            0                         0      0
  MONTH TO DATE   31                        12     19
  SINCE SEP 1    208                       106    102
  SINCE JAN 1   1163                       859    304
...............................................................







THE ROMEOVILLE  WFO CLIMATE NORMALS FOR TOMORROW
                         NORMAL    RECORD    YEAR
 MAXIMUM TEMPERATURE (F)   63        81      1998
 MINIMUM TEMPERATURE (F)   43        31      1995


SUNRISE AND SUNSET
OCTOBER 15 2018.......SUNRISE   704 AM CDT   SUNSET   611 PM CDT
OCTOBER 16 2018.......SUNRISE   706 AM CDT   SUNSET   610 PM CDT


-  INDICATES NEGATIVE NUMBERS.
R  INDICATES RECORD WAS SET OR TIED.
MM INDICATES DATA IS MISSING.
T  INDICATES TRACE AMOUNT.




$$
