000
CDUS43 KLOT 230647
CLILOT


CLIMATE REPORT
NATIONAL WEATHER SERVICE CHICAGO IL
1242 AM CST WED JAN 23 2019


...................................

...THE ROMEOVILLE  WFO CLIMATE SUMMARY FOR JANUARY 22 2019...

CLIMATE NORMAL PERIOD 1981 TO 2010
CLIMATE RECORD PERIOD 1992 TO 2019


WEATHER ITEM   OBSERVED RECORD YEAR NORMAL DEPARTURE LAST
                VALUE   VALUE       VALUE  FROM      YEAR
                                           NORMAL
...........................................................
TEMPERATURE (F)
 YESTERDAY
  MAXIMUM         34     55    2002  31      3       54
  MINIMUM         13     -5    2014  16     -3       34
  AVERAGE         24                 23      1       44

PRECIPITATION (IN)
  YESTERDAY        0.16   0.78 2018   0.05   0.11     0.78
  MONTH TO DATE    0.97               1.47  -0.50     1.54
  SINCE DEC 1      4.14               3.72   0.42     2.02
  SINCE JAN 1      0.97               1.47  -0.50     1.54

SNOWFALL (IN)
  YESTERDAY        T      4.5  2005   0.4   -0.4      0.0
  MONTH TO DATE    6.3                7.8   -1.5      5.3
  SINCE DEC 1      7.2               17.1   -9.9     10.7
  SINCE JUL 1     12.9               18.0   -5.1     10.7
  SNOW DEPTH       2

DEGREE DAYS
 HEATING
  YESTERDAY       41                 42     -1
  MONTH TO DATE  815                921   -106
  SINCE DEC 1   1804               2088   -284
  SINCE JUL 1   3221               3307    -86

 COOLING
  YESTERDAY        0                  0      0
  MONTH TO DATE    0                  0      0
  SINCE DEC 1      0                  0      0
  SINCE JAN 1      0                  0      0
...........................................................







THE ROMEOVILLE  WFO CLIMATE NORMALS FOR TODAY
                         NORMAL    RECORD    YEAR
 MAXIMUM TEMPERATURE (F)   31        49      2002
 MINIMUM TEMPERATURE (F)   16       -11      2014


SUNRISE AND SUNSET
JANUARY 23 2019.......SUNRISE   712 AM CST   SUNSET   457 PM CST
JANUARY 24 2019.......SUNRISE   711 AM CST   SUNSET   458 PM CST


-  INDICATES NEGATIVE NUMBERS.
R  INDICATES RECORD WAS SET OR TIED.
MM INDICATES DATA IS MISSING.
T  INDICATES TRACE AMOUNT.




$$
