000
CDUS43 KLOT 250633
CLILOT


CLIMATE REPORT
NATIONAL WEATHER SERVICE CHICAGO IL
132 AM CDT WED APR 25 2018


...................................

...THE ROMEOVILLE  WFO CLIMATE SUMMARY FOR APRIL 24 2018...

CLIMATE NORMAL PERIOD 1981 TO 2010
CLIMATE RECORD PERIOD 1992 TO 2018


WEATHER ITEM   OBSERVED RECORD YEAR NORMAL DEPARTURE LAST
                VALUE   VALUE       VALUE  FROM      YEAR
                                           NORMAL
...........................................................
TEMPERATURE (F)
 YESTERDAY
  MAXIMUM         67     84    1994  64      3       75
  MINIMUM         47     31    2015  43      4       41
                               1995
  AVERAGE         57                 53      4       58

PRECIPITATION (IN)
  YESTERDAY        T      0.66 2004   0.14  -0.14     0.00
  MONTH TO DATE    2.12               3.02  -0.90     2.75
  SINCE MAR 1      4.21               5.79  -1.58     7.67
  SINCE JAN 1     10.99               9.50   1.49    13.38

SNOWFALL (IN)
  YESTERDAY        0.0    0.0  2011   0.0    0.0      0.0
                               2010
                               2009
  MONTH TO DATE    4.2                0.5    3.7       T
  SINCE MAR 1      6.1                4.9    1.2      4.9
  SINCE JUL 1     37.7               32.3    5.4     24.3
  SNOW DEPTH       0

DEGREE DAYS
 HEATING
  YESTERDAY        8                 12     -4
  MONTH TO DATE  608                385    223
  SINCE MAR 1   1481               1202    279
  SINCE JUL 1   6163               5930    233

 COOLING
  YESTERDAY        0                  0      0
  MONTH TO DATE    0                  0      0
  SINCE MAR 1      0                  0      0
  SINCE JAN 1      0                  0      0
...........................................................







THE ROMEOVILLE  WFO CLIMATE NORMALS FOR TODAY
                         NORMAL    RECORD    YEAR
 MAXIMUM TEMPERATURE (F)   65        86      1994
 MINIMUM TEMPERATURE (F)   43        34      2005


SUNRISE AND SUNSET
APRIL 25 2018.........SUNRISE   557 AM CDT   SUNSET   744 PM CDT
APRIL 26 2018.........SUNRISE   556 AM CDT   SUNSET   745 PM CDT


-  INDICATES NEGATIVE NUMBERS.
R  INDICATES RECORD WAS SET OR TIED.
MM INDICATES DATA IS MISSING.
T  INDICATES TRACE AMOUNT.




$$
