000
CDUS43 KLOT 150637
CLILOT


CLIMATE REPORT
NATIONAL WEATHER SERVICE CHICAGO IL
137 AM CDT SUN JUL 15 2018


...................................

...THE ROMEOVILLE  WFO CLIMATE SUMMARY FOR JULY 14 2018...

CLIMATE NORMAL PERIOD 1981 TO 2010
CLIMATE RECORD PERIOD 1992 TO 2018


WEATHER ITEM   OBSERVED RECORD YEAR NORMAL DEPARTURE LAST
                VALUE   VALUE       VALUE  FROM      YEAR
                                           NORMAL
...........................................................
TEMPERATURE (F)
 YESTERDAY
  MAXIMUM         84     97    1995  84      0       73
  MINIMUM         71     55    2001  64      7       62
  AVERAGE         78                 74      4       68

PRECIPITATION (IN)
  YESTERDAY        0.15R  0.15 2006   0.16  -0.01     0.00
  MONTH TO DATE    2.77               1.93   0.84     1.11
  SINCE JUN 1      9.06               6.27   2.79     2.89
  SINCE JAN 1     24.86              20.97   3.89    25.11

DEGREE DAYS
 HEATING
  YESTERDAY        0                  0      0
  MONTH TO DATE    0                  0      0
  SINCE JUN 1      3                 33    -30
  SINCE JUL 1      0                  0      0

 COOLING
  YESTERDAY       13                  9      4
  MONTH TO DATE  164                126     38
  SINCE JUN 1    373                306     67
  SINCE JAN 1    507                364    143
...........................................................







THE ROMEOVILLE  WFO CLIMATE NORMALS FOR TODAY
                         NORMAL    RECORD    YEAR
 MAXIMUM TEMPERATURE (F)   84        94      2012
                                             1995
 MINIMUM TEMPERATURE (F)   64        53      2014


SUNRISE AND SUNSET
JULY 15 2018..........SUNRISE   531 AM CDT   SUNSET   825 PM CDT
JULY 16 2018..........SUNRISE   532 AM CDT   SUNSET   824 PM CDT


-  INDICATES NEGATIVE NUMBERS.
R  INDICATES RECORD WAS SET OR TIED.
MM INDICATES DATA IS MISSING.
T  INDICATES TRACE AMOUNT.




$$
