565
CDUS43 KLMK 242030
CLILOU


CLIMATE REPORT
NATIONAL WEATHER SERVICE LOUISVILLE KY
430 PM EDT SUN JUN 24 2018


...................................

...THE LOUISVILLE BOWMAN KY CLIMATE SUMMARY FOR JUNE 24 2018...
VALID TODAY AS OF 0400 PM LOCAL TIME.

CLIMATE NORMAL PERIOD 1981 TO 2010
CLIMATE RECORD PERIOD 9999 TO 9999


WEATHER ITEM   OBSERVED TIME   RECORD YEAR NORMAL DEPARTURE LAST
                VALUE   (LST)  VALUE       VALUE  FROM      YEAR
                                                  NORMAL
..................................................................
TEMPERATURE (F)
 TODAY
  MAXIMUM         88    259 PM  MM      MM  86      2       82
  MINIMUM         71    619 AM  MM      MM  68      3       64
  AVERAGE         80                        77      3       73

PRECIPITATION (IN)
  TODAY            0.01         MM      MM   0.10  -0.09     0.00
  MONTH TO DATE    3.96                      3.45   0.51     2.94
  SINCE JUN 1      3.96                      3.45   0.51     2.94
  SINCE JAN 1     27.13                     23.37   3.76    22.50

SNOWFALL (IN)
  TODAY            0.0          MM      MM  MM     MM       MM
  MONTH TO DATE    0.0                      MM     MM       MM
  SINCE JUN 1      0.0                      MM     MM       MM
  SINCE JUL 1      0.0                      MM     MM       MM
  SNOW DEPTH       0

DEGREE DAYS
 HEATING
  TODAY            0                         0      0        0
  MONTH TO DATE    0                         2     -2        0
  SINCE JUN 1      0                         2     -2        0
  SINCE JUL 1   4294                      4267     27     3225

 COOLING
  TODAY           15                        12      3        8
  MONTH TO DATE  306                       232     74      255
  SINCE JUN 1    306                       232     74      255
  SINCE JAN 1    638                       379    259      508
..................................................................


WIND (MPH)
  HIGHEST WIND SPEED    13   HIGHEST WIND DIRECTION     W (250)
  HIGHEST GUST SPEED    17   HIGHEST GUST DIRECTION     W (250)
  AVERAGE WIND SPEED     2.2


SKY COVER
  POSSIBLE SUNSHINE  MM
  AVERAGE SKY COVER 0.5


WEATHER CONDITIONS
 THE FOLLOWING WEATHER WAS RECORDED TODAY.
  FOG
  FOG W/VISIBILITY <= 1/4 MILE


RELATIVE HUMIDITY (PERCENT)
 HIGHEST   100           400 AM
 LOWEST     53           300 PM
 AVERAGE    77

..........................................................




SUNRISE AND SUNSET
JUNE 24 2018..........SUNRISE   620 AM EDT   SUNSET   910 PM EDT
JUNE 25 2018..........SUNRISE   621 AM EDT   SUNSET   910 PM EDT


-  INDICATES NEGATIVE NUMBERS.
R  INDICATES RECORD WAS SET OR TIED.
MM INDICATES DATA IS MISSING.
T  INDICATES TRACE AMOUNT.




$$
