000
CDUS43 KLMK 310631
CLILOU


CLIMATE REPORT
NATIONAL WEATHER SERVICE LOUISVILLE KY
229 AM EDT SAT OCT 31 2020


...................................

...THE LOUISVILLE BOWMAN KY CLIMATE SUMMARY FOR OCTOBER 30 2020...

CLIMATE NORMAL PERIOD 1981 TO 2010
CLIMATE RECORD PERIOD 9999 TO 9999


WEATHER ITEM   OBSERVED TIME   RECORD YEAR NORMAL DEPARTURE LAST
                VALUE   (LST)  VALUE       VALUE  FROM      YEAR
                                                  NORMAL
..................................................................
TEMPERATURE (F)
 YESTERDAY
  MAXIMUM         55    403 PM  MM      MM  64     -9       61
  MINIMUM         38   1159 PM  MM      MM  44     -6       54
  AVERAGE         47                        54     -7       58

PRECIPITATION (IN)
  YESTERDAY        0.00         MM      MM   0.09  -0.09     1.02
  MONTH TO DATE    5.39                      3.12   2.27     4.74
  SINCE SEP 1      7.80                      6.28   1.52     4.95
  SINCE JAN 1     45.55                     37.82   7.73    47.74

SNOWFALL (IN)
  YESTERDAY       MM            MM      MM  MM     MM       MM
  MONTH TO DATE   MM                        MM     MM       MM
  SINCE SEP 1     MM                        MM     MM       MM
  SINCE JUL 1     MM                        MM     MM       MM
  SNOW DEPTH      MM

DEGREE DAYS
 HEATING
  YESTERDAY       18                        11      7        7
  MONTH TO DATE  213                       228    -15      187
  SINCE SEP 1    246                       264    -18      187
  SINCE JUL 1    246                       264    -18      187

 COOLING
  YESTERDAY        0                         0      0        0
  MONTH TO DATE   39                        30      9       70
  SINCE SEP 1    222                       204     18      442
  SINCE JAN 1   1531                      1443     88     1794
..................................................................


WIND (MPH)
  HIGHEST WIND SPEED    12   HIGHEST WIND DIRECTION    NW (310)
  HIGHEST GUST SPEED    20   HIGHEST GUST DIRECTION    NW (310)
  AVERAGE WIND SPEED     5.1


SKY COVER
  POSSIBLE SUNSHINE  MM
  AVERAGE SKY COVER 0.6


WEATHER CONDITIONS
 THE FOLLOWING WEATHER WAS RECORDED YESTERDAY.
  NO SIGNIFICANT WEATHER WAS OBSERVED.


RELATIVE HUMIDITY (PERCENT)
 HIGHEST    86          1200 AM
 LOWEST     46           400 PM
 AVERAGE    66

..........................................................


THE LOUISVILLE BOWMAN KY CLIMATE NORMALS FOR TODAY
                         NORMAL
 MAXIMUM TEMPERATURE (F)   64
 MINIMUM TEMPERATURE (F)   44


SUNRISE AND SUNSET
OCTOBER 31 2020.......SUNRISE   808 AM EDT   SUNSET   644 PM EDT
NOVEMBER  1 2020......SUNRISE   709 AM EST   SUNSET   543 PM EST


-  INDICATES NEGATIVE NUMBERS.
R  INDICATES RECORD WAS SET OR TIED.
MM INDICATES DATA IS MISSING.
T  INDICATES TRACE AMOUNT.

$$

SCHOETTMER
