000
CDUS43 KLMK 220640
CLILOU


CLIMATE REPORT
NATIONAL WEATHER SERVICE LOUISVILLE KY
239 AM EDT TUE OCT 22 2019


...................................

...THE LOUISVILLE BOWMAN KY CLIMATE SUMMARY FOR OCTOBER 21 2019...

CLIMATE NORMAL PERIOD 1981 TO 2010
CLIMATE RECORD PERIOD 9999 TO 9999


WEATHER ITEM   OBSERVED TIME   RECORD YEAR NORMAL DEPARTURE LAST
                VALUE   (LST)  VALUE       VALUE  FROM      YEAR
                                                  NORMAL
..................................................................
TEMPERATURE (F)
 YESTERDAY
  MAXIMUM         75    121 PM  MM      MM  67      8       55
  MINIMUM         58    441 AM  MM      MM  46     12       32
  AVERAGE         67                        57     10       44

PRECIPITATION (IN)
  YESTERDAY        0.02         MM      MM   0.10  -0.08     0.00
  MONTH TO DATE    2.47                      2.21   0.26     1.08
  SINCE SEP 1      2.68                      5.37  -2.69    11.18
  SINCE JAN 1     45.47                     36.91   8.56    53.84

SNOWFALL (IN)
  YESTERDAY       MM            MM      MM  MM     MM       MM
  MONTH TO DATE   MM                        MM     MM       MM
  SINCE SEP 1     MM                        MM     MM       MM
  SINCE JUL 1     MM                        MM     MM       MM
  SNOW DEPTH      MM

DEGREE DAYS
 HEATING
  YESTERDAY        0                         9     -9       21
  MONTH TO DATE  113                       137    -24      147
  SINCE SEP 1    113                       173    -60      155
  SINCE JUL 1    113                       173    -60      155

 COOLING
  YESTERDAY        2                         1      1        0
  MONTH TO DATE   70                        28     42      145
  SINCE SEP 1    442                       202    240      459
  SINCE JAN 1   1794                      1441    353     2069
..................................................................


WIND (MPH)
  HIGHEST WIND SPEED    28   HIGHEST WIND DIRECTION     S (180)
  HIGHEST GUST SPEED    40   HIGHEST GUST DIRECTION     S (190)
  AVERAGE WIND SPEED    11.9


SKY COVER
  POSSIBLE SUNSHINE  MM
  AVERAGE SKY COVER 0.5


WEATHER CONDITIONS
 THE FOLLOWING WEATHER WAS RECORDED YESTERDAY.
  LIGHT RAIN


RELATIVE HUMIDITY (PERCENT)
 HIGHEST    86           300 AM
 LOWEST     61          1200 PM
 AVERAGE    74

..........................................................


THE LOUISVILLE BOWMAN KY CLIMATE NORMALS FOR TODAY
                         NORMAL
 MAXIMUM TEMPERATURE (F)   67
 MINIMUM TEMPERATURE (F)   46


SUNRISE AND SUNSET
OCTOBER 22 2019.......SUNRISE   758 AM EDT   SUNSET   656 PM EDT
OCTOBER 23 2019.......SUNRISE   759 AM EDT   SUNSET   654 PM EDT


-  INDICATES NEGATIVE NUMBERS.
R  INDICATES RECORD WAS SET OR TIED.
MM INDICATES DATA IS MISSING.
T  INDICATES TRACE AMOUNT.




$$
