000
CDUS43 KLMK 160643
CLILOU


CLIMATE REPORT
NATIONAL WEATHER SERVICE LOUISVILLE KY
134 AM EST SUN DEC 16 2018


...................................

...THE LOUISVILLE BOWMAN KY CLIMATE SUMMARY FOR DECEMBER 15 2018...

CLIMATE NORMAL PERIOD 1981 TO 2010
CLIMATE RECORD PERIOD 9999 TO 9999


WEATHER ITEM   OBSERVED TIME   RECORD YEAR NORMAL DEPARTURE LAST
                VALUE   (LST)  VALUE       VALUE  FROM      YEAR
                                                  NORMAL
..................................................................
TEMPERATURE (F)
 YESTERDAY
  MAXIMUM         53   1213 AM  MM      MM  45      8       37
  MINIMUM         46   1159 PM  MM      MM  29     17       24
  AVERAGE         50                        37     13       31

PRECIPITATION (IN)
  YESTERDAY        1.32         MM      MM   0.11   1.21     0.00
  MONTH TO DATE    3.09                      1.97   1.12     0.92
  SINCE DEC 1      3.09                      1.97   1.12     0.92
  SINCE JAN 1     63.00                     43.50  19.50    43.70

SNOWFALL (IN)
  YESTERDAY       MM            MM      MM  MM     MM       MM
  MONTH TO DATE   MM                        MM     MM       MM
  SINCE DEC 1     MM                        MM     MM       MM
  SINCE JUL 1     MM                        MM     MM       MM
  SNOW DEPTH      MM

DEGREE DAYS
 HEATING
  YESTERDAY       15                        28    -13       34
  MONTH TO DATE  334                       393    -59      410
  SINCE DEC 1    334                       393    -59      410
  SINCE JUL 1   1236                      1197     39     1162

 COOLING
  YESTERDAY        0                         0      0        0
  MONTH TO DATE    0                         0      0        0
  SINCE DEC 1      0                         0      0        0
  SINCE JAN 1   2071                      1444    627     1569
..................................................................


WIND (MPH)
  HIGHEST WIND SPEED    16   HIGHEST WIND DIRECTION    NE (30)
  HIGHEST GUST SPEED    22   HIGHEST GUST DIRECTION    NE (40)
  AVERAGE WIND SPEED     5.3


SKY COVER
  POSSIBLE SUNSHINE  MM
  AVERAGE SKY COVER 1.0


WEATHER CONDITIONS
 THE FOLLOWING WEATHER WAS RECORDED YESTERDAY.
  HEAVY RAIN
  RAIN
  LIGHT RAIN
  FOG
  HAZE


RELATIVE HUMIDITY (PERCENT)
 HIGHEST    86           600 PM
 LOWEST     77          1200 AM
 AVERAGE    82

..........................................................


THE LOUISVILLE BOWMAN KY CLIMATE NORMALS FOR TODAY
                         NORMAL
 MAXIMUM TEMPERATURE (F)   45
 MINIMUM TEMPERATURE (F)   29


SUNRISE AND SUNSET
DECEMBER 16 2018......SUNRISE   753 AM EST   SUNSET   524 PM EST
DECEMBER 17 2018......SUNRISE   753 AM EST   SUNSET   524 PM EST


-  INDICATES NEGATIVE NUMBERS.
R  INDICATES RECORD WAS SET OR TIED.
MM INDICATES DATA IS MISSING.
T  INDICATES TRACE AMOUNT.




$$
