000
CDUS43 KLMK 210629
CLILOU


CLIMATE REPORT
NATIONAL WEATHER SERVICE LOUISVILLE KY
228 AM EDT FRI SEP 21 2018


...................................

...THE LOUISVILLE BOWMAN KY CLIMATE SUMMARY FOR SEPTEMBER 20 2018...

CLIMATE NORMAL PERIOD 1981 TO 2010
CLIMATE RECORD PERIOD 9999 TO 9999


WEATHER ITEM   OBSERVED TIME   RECORD YEAR NORMAL DEPARTURE LAST
                VALUE   (LST)  VALUE       VALUE  FROM      YEAR
                                                  NORMAL
..................................................................
TEMPERATURE (F)
 YESTERDAY
  MAXIMUM         95    308 PM  MM      MM  78     17       88
  MINIMUM         73    452 AM  MM      MM  57     16       63
  AVERAGE         84                        68     16       76

PRECIPITATION (IN)
  YESTERDAY        0.00         MM      MM   0.10  -0.10      T
  MONTH TO DATE    3.56                      1.98   1.58     5.10
  SINCE SEP 1      3.56                      1.98   1.58     5.10
  SINCE JAN 1     46.22                     33.52  12.70    34.83

SNOWFALL (IN)
  YESTERDAY       MM            MM      MM  MM     MM       MM
  MONTH TO DATE   MM                        MM     MM       MM
  SINCE SEP 1     MM                        MM     MM       MM
  SINCE JUL 1     MM                        MM     MM       MM
  SNOW DEPTH      MM

DEGREE DAYS
 HEATING
  YESTERDAY        0                         2     -2        0
  MONTH TO DATE    0                         8     -8       21
  SINCE SEP 1      0                         8     -8       21
  SINCE JUL 1      0                         8     -8       21

 COOLING
  YESTERDAY       19                         4     15       11
  MONTH TO DATE  264                       143    121       77
  SINCE SEP 1    264                       143    121       77
  SINCE JAN 1   1874                      1382    492     1411
..................................................................


WIND (MPH)
  HIGHEST WIND SPEED    13   HIGHEST WIND DIRECTION     S (180)
  HIGHEST GUST SPEED    18   HIGHEST GUST DIRECTION     S (180)
  AVERAGE WIND SPEED     5.2


SKY COVER
  POSSIBLE SUNSHINE  MM
  AVERAGE SKY COVER 0.0


WEATHER CONDITIONS
 THE FOLLOWING WEATHER WAS RECORDED YESTERDAY.
  NO SIGNIFICANT WEATHER WAS OBSERVED.


RELATIVE HUMIDITY (PERCENT)
 HIGHEST    94          1200 AM
 LOWEST     41           400 PM
 AVERAGE    68

..........................................................


THE LOUISVILLE BOWMAN KY CLIMATE NORMALS FOR TODAY
                         NORMAL
 MAXIMUM TEMPERATURE (F)   78
 MINIMUM TEMPERATURE (F)   57


SUNRISE AND SUNSET
SEPTEMBER 21 2018.....SUNRISE   729 AM EDT   SUNSET   741 PM EDT
SEPTEMBER 22 2018.....SUNRISE   730 AM EDT   SUNSET   740 PM EDT


-  INDICATES NEGATIVE NUMBERS.
R  INDICATES RECORD WAS SET OR TIED.
MM INDICATES DATA IS MISSING.
T  INDICATES TRACE AMOUNT.




$$
