000
CDUS43 KJKL 102028
CLILOZ

CLIMATE REPORT
NATIONAL WEATHER SERVICE JACKSON KY
428 PM EDT MON MAY 10 2021

...................................

...THE LONDON KY CLIMATE SUMMARY FOR MAY 10 2021...
VALID TODAY AS OF 0400 PM LOCAL TIME.

CLIMATE NORMAL PERIOD 1991 TO 2020
CLIMATE RECORD PERIOD 1954 TO 2021

WEATHER ITEM   OBSERVED TIME   RECORD YEAR NORMAL DEPARTURE LAST
                VALUE   (LST)  VALUE       VALUE  FROM      YEAR
                                                  NORMAL
...................................................................
TEMPERATURE (F)
 TODAY
  MAXIMUM         52    259 PM  86    2003  76    -24       68
                                      2007
                                      2015
  MINIMUM         44    723 AM  30    1966  53     -9       33
  AVERAGE         48                        64    -16       51

PRECIPITATION (IN)
  TODAY            0.05          0.74 1995   0.16  -0.11     0.02
  MONTH TO DATE    1.99                      1.72   0.27     3.50
  SINCE MAR 1      9.26                     10.94  -1.68    17.32
  SINCE JAN 1     20.81                     18.85   1.96    31.74

SNOWFALL (IN)
  TODAY           MM
  MONTH TO DATE   MM
  SINCE MAR 1     MM
  SINCE JUL 1     MM
  SNOW DEPTH      MM

DEGREE DAYS
 HEATING
  TODAY           17                         4     13       14
  MONTH TO DATE   72                        42     30      102
  SINCE MAR 1    836                       854    -18      853
  SINCE JUL 1   4072                      4104    -32     3793

COOLING
  TODAY            0                         2     -2        0
  MONTH TO DATE    5                        20    -15        7
  SINCE MAR 1     18                        47    -29       34
  SINCE JAN 1     18                        47    -29       34
...................................................................

WIND (MPH)
  HIGHEST WIND SPEED    12   HIGHEST WIND DIRECTION     N (20)
  HIGHEST GUST SPEED    18   HIGHEST GUST DIRECTION    NE (50)
  AVERAGE WIND SPEED     7.1

SKY COVER
  POSSIBLE SUNSHINE  MM
  AVERAGE SKY COVER 1.0

WEATHER CONDITIONS
THE FOLLOWING WEATHER WAS RECORDED TODAY.
  RAIN
  LIGHT RAIN
  FOG

RELATIVE HUMIDITY (PERCENT)
 HIGHEST    97           200 AM
 LOWEST     74           300 PM
 AVERAGE    86

..........................................................

THE LONDON KY CLIMATE NORMALS FOR TOMORROW
                         NORMAL    RECORD    YEAR
 MAXIMUM TEMPERATURE (F)   76        88      2015
 MINIMUM TEMPERATURE (F)   53        35      1997

SUNRISE AND SUNSET
MAY 10 2021...........SUNRISE   632 AM EDT   SUNSET   834 PM EDT
MAY 11 2021...........SUNRISE   631 AM EDT   SUNSET   835 PM EDT

-  INDICATES NEGATIVE NUMBERS.
R  INDICATES RECORD WAS SET OR TIED.
MM INDICATES DATA IS MISSING.
T  INDICATES TRACE AMOUNT.


$$
