000
CDUS43 KJKL 090530
CLILOZ

CLIMATE REPORT
NATIONAL WEATHER SERVICE JACKSON KY
130 AM EDT SUN AUG 9 2020

...................................

...THE LONDON KY CLIMATE SUMMARY FOR AUGUST 8 2020...

CLIMATE NORMAL PERIOD 1981 TO 2010
CLIMATE RECORD PERIOD 1954 TO 2020

WEATHER ITEM   OBSERVED TIME   RECORD YEAR NORMAL DEPARTURE LAST
                VALUE   (LST)  VALUE       VALUE  FROM      YEAR
                                                  NORMAL
..................................................................
TEMPERATURE (F)
 YESTERDAY
  MAXIMUM         86    407 PM  96    2007  86      0       86
  MINIMUM         62    638 AM  46    1986  66     -4       64
  AVERAGE         74                        76     -2       75

PRECIPITATION (IN)
  YESTERDAY        0.00          1.62 1964   0.13  -0.13     0.00
  MONTH TO DATE    0.24                      1.02  -0.78      T
  SINCE JUN 1     10.00                      9.46   0.54    15.32
  SINCE JAN 1     47.43                     29.99  17.44    40.74

SNOWFALL (IN)
  YESTERDAY       MM
  MONTH TO DATE   MM
  SINCE JUN 1     MM
  SINCE JUL 1     MM
  SNOW DEPTH      MM

DEGREE DAYS
 HEATING
  YESTERDAY        0                         0      0        0
  MONTH TO DATE    0                         0      0        0
  SINCE JUN 1      2                         9     -7       10
  SINCE JUL 1      0                         0      0        0

 COOLING
  YESTERDAY        9                        11     -2       10
  MONTH TO DATE   73                        88    -15       89
  SINCE JUN 1    733                       681     52      684
  SINCE JAN 1    841                       795     46      862
..................................................................

WIND (MPH)
  HIGHEST WIND SPEED     9   HIGHEST WIND DIRECTION     W (270)
  HIGHEST GUST SPEED    14   HIGHEST GUST DIRECTION     W (270)
  AVERAGE WIND SPEED     1.7

SKY COVER
  POSSIBLE SUNSHINE  MM
  AVERAGE SKY COVER 0.1

WEATHER CONDITIONS
 THE FOLLOWING WEATHER WAS RECORDED YESTERDAY.
  FOG
  FOG W/VISIBILITY <= 1/4 MILE

RELATIVE HUMIDITY (PERCENT)
 HIGHEST   100           500 AM
 LOWEST     44           200 PM
 AVERAGE    72

..........................................................

THE LONDON KY CLIMATE NORMALS FOR TODAY
                         NORMAL    RECORD    YEAR
 MAXIMUM TEMPERATURE (F)   86        98      2007
 MINIMUM TEMPERATURE (F)   66        48      1989

SUNRISE AND SUNSET
AUGUST  9 2020........SUNRISE   648 AM EDT   SUNSET   834 PM EDT
AUGUST 10 2020........SUNRISE   649 AM EDT   SUNSET   833 PM EDT

-  INDICATES NEGATIVE NUMBERS.
R  INDICATES RECORD WAS SET OR TIED.
MM INDICATES DATA IS MISSING.
T  INDICATES TRACE AMOUNT.

$$

HAS
