595
CDUS43 KJKL 180532
CLILOZ

CLIMATE REPORT
NATIONAL WEATHER SERVICE JACKSON KY
130 AM EDT TUE SEP 18 2018

...................................

...THE LONDON KY CLIMATE SUMMARY FOR SEPTEMBER 17 2018...

CLIMATE NORMAL PERIOD 1981 TO 2010
CLIMATE RECORD PERIOD 1954 TO 2018

WEATHER ITEM   OBSERVED TIME   RECORD YEAR NORMAL DEPARTURE LAST
                VALUE   (LST)  VALUE       VALUE  FROM      YEAR
                                                  NORMAL
..................................................................
TEMPERATURE (F)
 YESTERDAY
  MAXIMUM         73    619 PM  92    1955  79     -6       83
  MINIMUM         69    813 AM  38    2000  57     12       59
  AVERAGE         71                        68      3       71

PRECIPITATION (IN)
  YESTERDAY        0.19          4.32 2004   0.12   0.07     0.00
  MONTH TO DATE    3.63                      1.91   1.72     1.71
  SINCE SEP 1      3.63                      1.91   1.72     1.71
  SINCE JAN 1     46.77                     34.59  12.18    42.33

SNOWFALL (IN)
  YESTERDAY       MM
  MONTH TO DATE   MM
  SINCE SEP 1     MM
  SINCE JUL 1     MM
  SNOW DEPTH      MM

DEGREE DAYS
 HEATING
  YESTERDAY        0                         1     -1        0
  MONTH TO DATE    0                         7     -7       38
  SINCE SEP 1      0                         7     -7       38
  SINCE JUL 1      0                         8     -8       38

 COOLING
  YESTERDAY        6                         4      2        6
  MONTH TO DATE  191                       105     86       31
  SINCE SEP 1    191                       105     86       31
  SINCE JAN 1   1399                      1129    270     1000
..................................................................

WIND (MPH)
  HIGHEST WIND SPEED    12   HIGHEST WIND DIRECTION    NW (310)
  HIGHEST GUST SPEED    18   HIGHEST GUST DIRECTION     W (290)
  AVERAGE WIND SPEED     4.6

SKY COVER
  POSSIBLE SUNSHINE  MM
  AVERAGE SKY COVER 1.0

WEATHER CONDITIONS
 THE FOLLOWING WEATHER WAS RECORDED YESTERDAY.
  HEAVY RAIN
  RAIN
  LIGHT RAIN
  FOG

RELATIVE HUMIDITY (PERCENT)
 HIGHEST   100          1200 AM
 LOWEST     93           200 PM
 AVERAGE    97
..........................................................

THE LONDON KY CLIMATE NORMALS FOR TODAY
                         NORMAL    RECORD    YEAR
 MAXIMUM TEMPERATURE (F)   79        91      1998
 MINIMUM TEMPERATURE (F)   56        41      1961

SUNRISE AND SUNSET
SEPTEMBER 18 2018.....SUNRISE   721 AM EDT   SUNSET   739 PM EDT
SEPTEMBER 19 2018.....SUNRISE   722 AM EDT   SUNSET   738 PM EDT

-  INDICATES NEGATIVE NUMBERS.
R  INDICATES RECORD WAS SET OR TIED.
MM INDICATES DATA IS MISSING.
T  INDICATES TRACE AMOUNT.

$$

GREIF
