000
CDUS43 KJKL 172028
CLILOZ

CLIMATE REPORT
NATIONAL WEATHER SERVICE JACKSON KY
428 PM EDT THU OCT 17 2019

...................................

...THE LONDON KY CLIMATE SUMMARY FOR OCTOBER 17 2019...
VALID TODAY AS OF 0400 PM LOCAL TIME.

CLIMATE NORMAL PERIOD 1981 TO 2010
CLIMATE RECORD PERIOD 1954 TO 2019

WEATHER ITEM   OBSERVED TIME   RECORD YEAR NORMAL DEPARTURE LAST
                VALUE   (LST)  VALUE       VALUE  FROM      YEAR
                                                  NORMAL
..................................................................
TEMPERATURE (F)
 TODAY
  MAXIMUM         58    259 PM  82    2016  69    -11       65
                                      1965
  MINIMUM         35    703 AM  29    1991  45    -10       42
  AVERAGE         47                        57    -10       54

PRECIPITATION (IN)
  TODAY            0.00          3.71 1989   0.09  -0.09     0.00
  MONTH TO DATE    4.33                      1.60   2.73     1.34
  SINCE SEP 1      4.44                      4.97  -0.53     6.92

SNOWFALL (IN)
  TODAY           MM
  MONTH TO DATE   MM
  SINCE SEP 1     MM
  SINCE JUL 1     MM
  SNOW DEPTH      MM

DEGREE DAYS
 HEATING
  TODAY           18                         9      9       11
  MONTH TO DATE   81                       111    -30       75
  SINCE SEP 1     81                       157    -76       80
  SINCE JUL 1     81                       158    -77       80

 COOLING
  TODAY            0                         0      0        0
  MONTH TO DATE   67                        17     50       94
  SINCE SEP 1    370                       160    210      366
  SINCE JAN 1   1484                      1184    300     1574
..................................................................

WIND (MPH)
  HIGHEST WIND SPEED    14   HIGHEST WIND DIRECTION     W (270)
  HIGHEST GUST SPEED    20   HIGHEST GUST DIRECTION    NW (300)
  AVERAGE WIND SPEED     2.8

SKY COVER
  POSSIBLE SUNSHINE  MM
  AVERAGE SKY COVER 0.1

WEATHER CONDITIONS
 THE FOLLOWING WEATHER WAS RECORDED TODAY.
  NO SIGNIFICANT WEATHER WAS OBSERVED.

RELATIVE HUMIDITY (PERCENT)
 HIGHEST    92           200 AM
 LOWEST     40           300 PM
 AVERAGE    66

..........................................................

THE LONDON KY CLIMATE NORMALS FOR TOMORROW
                         NORMAL    RECORD    YEAR
 MAXIMUM TEMPERATURE (F)   69        85      2016
 MINIMUM TEMPERATURE (F)   44        25      1969

SUNRISE AND SUNSET
OCTOBER 17 2019.......SUNRISE   746 AM EDT   SUNSET   657 PM EDT
OCTOBER 18 2019.......SUNRISE   747 AM EDT   SUNSET   656 PM EDT

-  INDICATES NEGATIVE NUMBERS.
R  INDICATES RECORD WAS SET OR TIED.
MM INDICATES DATA IS MISSING.
T  INDICATES TRACE AMOUNT.

$$

CARICO
