000
CDUS43 KARX 240633
CLILSE


CLIMATE REPORT
NATIONAL WEATHER SERVICE LA CROSSE WI
1233 AM CST SAT FEB 24 2018


...................................

...THE LA CROSSE WI CLIMATE SUMMARY FOR FEBRUARY 23 2018...

CLIMATE NORMAL PERIOD 1981 TO 2010
CLIMATE RECORD PERIOD 1873 TO 2018


WEATHER ITEM   OBSERVED TIME   RECORD YEAR NORMAL DEPARTURE LAST
                VALUE   (LST)  VALUE       VALUE  FROM      YEAR
                                                  NORMAL
..................................................................
TEMPERATURE (F)
 YESTERDAY
  MAXIMUM         35        MM  62    2000  34      1       49
  MINIMUM         MM        MM -29    1873  17     MM       35
  AVERAGE         MM                        25     MM       42

PRECIPITATION (IN)
  YESTERDAY        0.20          1.09 1915   0.05   0.15     0.08
  MONTH TO DATE    0.91                      0.83   0.08     0.66
  SINCE DEC 1      2.82                      3.31  -0.49     5.54
  SINCE JAN 1      2.29                      1.95   0.34     3.35

SNOWFALL (IN)
  YESTERDAY        0.1           8.1  1959   0.3   -0.2       T
  MONTH TO DATE    8.1                       6.8    1.3      0.5
  SINCE JUL 1     23.3                      33.1   -9.8     30.8
  SNOW DEPTH       0

DEGREE DAYS
 HEATING
  YESTERDAY       MM                        40     MM       23
  MONTH TO DATE 1042                       999     43      719
  SINCE JUL 1   5027                      5318   -291     4116

 COOLING
  YESTERDAY       MM                         0     MM        0
  MONTH TO DATE    0                         0      0        0
  SINCE JAN 1      0                         0      0        0
..................................................................


WIND (MPH)
  HIGHEST WIND SPEED    16   HIGHEST WIND DIRECTION     W (280)
  HIGHEST GUST SPEED    23   HIGHEST GUST DIRECTION     W (280)
  AVERAGE WIND SPEED     9.6


SKY COVER
  POSSIBLE SUNSHINE  MM
  AVERAGE SKY COVER 0.9


WEATHER CONDITIONS
 THE FOLLOWING WEATHER WAS RECORDED YESTERDAY.
  RAIN
  LIGHT RAIN
  LIGHT SNOW
  FOG
  HAZE


RELATIVE HUMIDITY (PERCENT)
 HIGHEST   100           300 AM
 LOWEST     69           200 PM
 AVERAGE    85

..........................................................


THE LA CROSSE WI CLIMATE NORMALS FOR TODAY
                         NORMAL    RECORD    YEAR
 MAXIMUM TEMPERATURE (F)   35        59      1931
 MINIMUM TEMPERATURE (F)   17       -17      1889


SUNRISE AND SUNSET
FEBRUARY 24 2018......SUNRISE   650 AM CST   SUNSET   547 PM CST
FEBRUARY 25 2018......SUNRISE   648 AM CST   SUNSET   548 PM CST


-  INDICATES NEGATIVE NUMBERS.
R  INDICATES RECORD WAS SET OR TIED.
MM INDICATES DATA IS MISSING.
T  INDICATES TRACE AMOUNT.




$$
