000
CDUS46 KMTR 040835
CLILVK

CLIMATE REPORT
NATIONAL WEATHER SERVICE SAN FRANCISCO BAY AREA
135 AM PDT THU JUN 04 2020

...................................

...THE LIVERMORE AIRPORT CLIMATE SUMMARY FOR JUNE 3 2020...

CLIMATE NORMAL PERIOD: 1981 TO 2010
CLIMATE RECORD PERIOD: 1930 TO 2020


WEATHER ITEM   OBSERVED TIME   RECORD YEAR NORMAL DEPARTURE LAST
                VALUE   (LST)  VALUE       VALUE  FROM      YEAR
                                                  NORMAL
...................................................................
TEMPERATURE (F)
 YESTERDAY
  MAXIMUM        101   2:14 PM 107    1960  78     23       86
  MINIMUM         63   5:21 AM  41    1977  52     11       54
  AVERAGE         82                        65     17       70

PRECIPITATION (IN)
  YESTERDAY        0.00          0.19 1967   0.01  -0.01     0.00
  MONTH TO DATE    0.00                      0.02  -0.02     0.00
  SINCE OCT 1      6.32                     15.46  -9.14    16.78
  SINCE JAN 1      4.49                      9.88  -5.39    13.73

DEGREE DAYS
 HEATING
  YESTERDAY        0                         2     -2        0
  MONTH TO DATE    0                         6     -6        0
  SINCE JUN 1      0                         6     -6        0
  SINCE JUL 1   2292                      2754   -462     2485

 COOLING
  YESTERDAY       17                         2     15        5
  MONTH TO DATE   33                         6     27       12
  SINCE JUN 1     33                         6     27       12
  SINCE JAN 1    149                        59     90       39
...................................................................


WIND (MPH)
  RESULTANT WIND SPEED   3   RESULTANT WIND DIRECTION   W (260)
  HIGHEST WIND SPEED    17   HIGHEST WIND DIRECTION     W (270)
  HIGHEST GUST SPEED    21   HIGHEST GUST DIRECTION     W (290)
  AVERAGE WIND SPEED     4.4


SKY COVER
  POSSIBLE SUNSHINE  MM
  AVERAGE SKY COVER 0.0


WEATHER CONDITIONS
THE FOLLOWING WEATHER WAS RECORDED YESTERDAY.
  NO SIGNIFICANT WEATHER WAS OBSERVED.


RELATIVE HUMIDITY (PERCENT)
 HIGHEST    65           5:00 AM
 LOWEST     14           3:00 PM
 AVERAGE    40

..........................................................


THE LIVERMORE AIRPORT CLIMATE NORMALS FOR TODAY
                         NORMAL    RECORD    YEAR
 MAXIMUM TEMPERATURE (F)   78       105      1960
 MINIMUM TEMPERATURE (F)   52        39      1962


SUNRISE AND SUNSET
JUNE  4 2020..........SUNRISE   5:46 AM PDT   SUNSET   8:26 PM PDT
JUNE  5 2020..........SUNRISE   5:46 AM PDT   SUNSET   8:26 PM PDT


-  INDICATES NEGATIVE NUMBERS.
R  INDICATES RECORD WAS SET OR TIED.
MM INDICATES DATA IS MISSING.
T  INDICATES TRACE AMOUNT.




$$
