000
CDUS46 KMTR 250043
CLILVK


CLIMATE REPORT
NATIONAL WEATHER SERVICE SAN FRANCISCO BAY AREA
443 PM PST SAT FEB 24 2018


...................................

...THE LIVERMORE AIRPORT CLIMATE SUMMARY FOR FEBRUARY 24 2018...
VALID TODAY AS OF 0400 PM LOCAL TIME.

CLIMATE NORMAL PERIOD 1981 TO 2010
CLIMATE RECORD PERIOD 1930 TO 2018


WEATHER ITEM   OBSERVED TIME   RECORD YEAR NORMAL DEPARTURE LAST
                VALUE   (LST)  VALUE       VALUE  FROM      YEAR
                                                  NORMAL
..................................................................
TEMPERATURE (F)
 TODAY
  MAXIMUM         57    157 PM  77    2012  63     -6       54
                                      1985
  MINIMUM         26R   719 AM  29    1987  42    -16       30
  AVERAGE         42                        52    -10       42

PRECIPITATION (IN)
  TODAY            0.00          0.44 1941   0.13  -0.13     0.00
  MONTH TO DATE    0.01                      2.58  -2.57     6.83
  SINCE OCT 1      5.26                     11.17  -5.91    21.40
  SINCE JAN 1      3.27                      5.59  -2.32    14.94

DEGREE DAYS
 HEATING
  TODAY           23                        13     10       23
  MONTH TO DATE  328                       358    -30      287
  SINCE DEC 1   1284                      1484   -200     1410
  SINCE JUL 1   1646                      1956   -310     1782

 COOLING
  TODAY            0                         0      0        0
  MONTH TO DATE    0                         0      0        0
  SINCE DEC 1      0                         0      0        0
  SINCE JAN 1      0                         0      0        0
..................................................................


WIND (MPH)
  RESULTANT WIND SPEED   3   RESULTANT WIND DIRECTION   W (260)
  HIGHEST WIND SPEED    20   HIGHEST WIND DIRECTION     W (250)
  HIGHEST GUST SPEED    24   HIGHEST GUST DIRECTION     W (250)
  AVERAGE WIND SPEED     4.9


SKY COVER
  POSSIBLE SUNSHINE  MM
  AVERAGE SKY COVER 0.1


WEATHER CONDITIONS
 THE FOLLOWING WEATHER WAS RECORDED TODAY.
  NO SIGNIFICANT WEATHER WAS OBSERVED.


RELATIVE HUMIDITY (PERCENT)
 HIGHEST    75           500 AM
 LOWEST     46          1200 PM
 AVERAGE    61

..........................................................


THE LIVERMORE AIRPORT CLIMATE NORMALS FOR TOMORROW
                         NORMAL    RECORD    YEAR
 MAXIMUM TEMPERATURE (F)   63        74      1986
 MINIMUM TEMPERATURE (F)   42        28      1942


SUNRISE AND SUNSET
FEBRUARY 24 2018......SUNRISE   645 AM PST   SUNSET   556 PM PST
FEBRUARY 25 2018......SUNRISE   644 AM PST   SUNSET   557 PM PST


-  INDICATES NEGATIVE NUMBERS.
R  INDICATES RECORD WAS SET OR TIED.
MM INDICATES DATA IS MISSING.
T  INDICATES TRACE AMOUNT.




$$
