000
CDUS45 KBYZ 232222
CLILVM


CLIMATE REPORT
NATIONAL WEATHER SERVICE BILLINGS MT
422 PM MDT MON APR 23 2018


...................................

...THE LIVINGSTON MT CLIMATE SUMMARY FOR APRIL 23 2018...
VALID TODAY AS OF 0400 PM LOCAL TIME.

CLIMATE NORMAL PERIOD 1981 TO 2010
CLIMATE RECORD PERIOD 1948 TO 2018


WEATHER ITEM   OBSERVED TIME   RECORD YEAR NORMAL DEPARTURE LAST
                VALUE   (LST)  VALUE       VALUE  FROM      YEAR
                                                  NORMAL
..................................................................
TEMPERATURE (F)
 TODAY
  MAXIMUM         43   1213 AM  86    2012  57    -14       61
  MINIMUM         33    914 AM  12    2013  30      3       38
  AVERAGE         38                        44     -6       50

PRECIPITATION (IN)
  TODAY            0.63          0.65 1993   0.07   0.56     0.05
  MONTH TO DATE    2.20                      1.27   0.93     1.04
  SINCE OCT 1      7.48                      5.47   2.01     7.50
  SINCE JAN 1      4.44                      3.10   1.34     3.57

DEGREE DAYS
 HEATING
  TODAY           27                        21      6       15
  MONTH TO DATE  624                       549     75      471
  SINCE MAR 1   1531                      1460     71     1190
  SINCE JUL 1   6851                      6808     43     6416

 COOLING
  TODAY            0                         0      0        0
  MONTH TO DATE    0                         0      0        0
  SINCE MAR 1      0                         0      0        0
  SINCE JAN 1      0                         0      0        0
..................................................................


WIND (MPH)
  HIGHEST WIND SPEED    23   HIGHEST WIND DIRECTION     E (90)
  HIGHEST GUST SPEED    28   HIGHEST GUST DIRECTION     E (80)
  AVERAGE WIND SPEED    17.1


SKY COVER
  POSSIBLE SUNSHINE  MM
  AVERAGE SKY COVER 1.0


WEATHER CONDITIONS
 THE FOLLOWING WEATHER WAS RECORDED TODAY.
  RAIN
  LIGHT RAIN
  SNOW
  LIGHT SNOW
  FOG
  FOG W/VISIBILITY <= 1/4 MILE


RELATIVE HUMIDITY (PERCENT)
 HIGHEST   100           100 PM
 LOWEST     76          1200 AM
 AVERAGE    88

..........................................................


THE LIVINGSTON MT CLIMATE NORMALS FOR TOMORROW
                         NORMAL    RECORD    YEAR
 MAXIMUM TEMPERATURE (F)   58        81      2012
                                             1962
 MINIMUM TEMPERATURE (F)   31        20      2009
                                             1960


SUNRISE AND SUNSET
APRIL 23 2018.........SUNRISE   622 AM MDT   SUNSET   819 PM MDT
APRIL 24 2018.........SUNRISE   620 AM MDT   SUNSET   820 PM MDT


-  INDICATES NEGATIVE NUMBERS.
R  INDICATES RECORD WAS SET OR TIED.
MM INDICATES DATA IS MISSING.
T  INDICATES TRACE AMOUNT.




$$
