000
CDUS45 KBYZ 202321
CLILVM


CLIMATE REPORT
NATIONAL WEATHER SERVICE BILLINGS MT
421 PM MST SUN JAN 20 2019


...................................

...THE LIVINGSTON MT CLIMATE SUMMARY FOR JANUARY 20 2019...
VALID TODAY AS OF 0400 PM LOCAL TIME.

CLIMATE NORMAL PERIOD 1981 TO 2010
CLIMATE RECORD PERIOD 1948 TO 2019


WEATHER ITEM   OBSERVED TIME   RECORD YEAR NORMAL DEPARTURE LAST
                VALUE   (LST)  VALUE       VALUE  FROM      YEAR
                                                  NORMAL
..................................................................
TEMPERATURE (F)
 TODAY
  MAXIMUM         37    434 AM  58    2005  37      0       31
  MINIMUM         33    359 PM -30    1954  18     15       14
  AVERAGE         35                        27      8       23

PRECIPITATION (IN)
  TODAY            0.01          0.24 1986   0.02  -0.01     0.00
  MONTH TO DATE    0.06                      0.32  -0.26     0.89
  SINCE OCT 1      2.76                      2.69   0.07     3.93
  SINCE JAN 1      0.06                      0.32  -0.26     0.89

DEGREE DAYS
 HEATING
  TODAY           30                        38     -8       42
  MONTH TO DATE  660                       764   -104      697
  SINCE DEC 1   1795                      1970   -175     1910
  SINCE JUL 1   3731                      3929   -198     3733

 COOLING
  TODAY            0                         0      0        0
  MONTH TO DATE    0                         0      0        0
  SINCE DEC 1      0                         0      0        0
  SINCE JAN 1      0                         0      0        0
..................................................................


WIND (MPH)
  HIGHEST WIND SPEED    20   HIGHEST WIND DIRECTION     W (260)
  HIGHEST GUST SPEED    22   HIGHEST GUST DIRECTION     W (270)
  AVERAGE WIND SPEED    10.3


SKY COVER
  POSSIBLE SUNSHINE  MM
  AVERAGE SKY COVER 1.0


WEATHER CONDITIONS
 THE FOLLOWING WEATHER WAS RECORDED TODAY.
  LIGHT SNOW
  FOG
  FOG W/VISIBILITY <= 1/4 MILE


RELATIVE HUMIDITY (PERCENT)
 HIGHEST   100          1200 PM
 LOWEST     89           600 AM
 AVERAGE    95

..........................................................


THE LIVINGSTON MT CLIMATE NORMALS FOR TOMORROW
                         NORMAL    RECORD    YEAR
 MAXIMUM TEMPERATURE (F)   37        57      2009
 MINIMUM TEMPERATURE (F)   18       -32      1962


SUNRISE AND SUNSET
JANUARY 20 2019.......SUNRISE   755 AM MST   SUNSET   511 PM MST
JANUARY 21 2019.......SUNRISE   755 AM MST   SUNSET   512 PM MST


-  INDICATES NEGATIVE NUMBERS.
R  INDICATES RECORD WAS SET OR TIED.
MM INDICATES DATA IS MISSING.
T  INDICATES TRACE AMOUNT.




$$
