388
CDUS45 KBYZ 230722
CLILVM


CLIMATE REPORT
NATIONAL WEATHER SERVICE BILLINGS MT
122 AM MDT WED OCT 23 2019


...................................

...THE LIVINGSTON MT CLIMATE SUMMARY FOR OCTOBER 22 2019...

CLIMATE NORMAL PERIOD 1981 TO 2010
CLIMATE RECORD PERIOD 1948 TO 2019


WEATHER ITEM   OBSERVED TIME   RECORD YEAR NORMAL DEPARTURE LAST
                VALUE   (LST)  VALUE       VALUE  FROM      YEAR
                                                  NORMAL
..................................................................
TEMPERATURE (F)
 YESTERDAY
  MAXIMUM         58    317 PM  82    2003  56      2       61
  MINIMUM         38   1155 PM  13    1957  30      8       26
  AVERAGE         48                        43      5       44

PRECIPITATION (IN)
  YESTERDAY        0.12          0.45 1975   0.03   0.09     0.00
  MONTH TO DATE    0.86                      0.98  -0.12     1.08
  SINCE OCT 1      0.86                      0.98  -0.12     1.08
  SINCE JAN 1     16.89                     13.42   3.47    15.52

DEGREE DAYS
 HEATING
  YESTERDAY       17                        22     -5       21
  MONTH TO DATE  485                       407     78      458
  SINCE SEP 1    739                       698     41      768
  SINCE JUL 1    811                       815     -4      876

 COOLING
  YESTERDAY        0                         0      0        0
  MONTH TO DATE    0                         0      0        0
  SINCE SEP 1     44                        14     30       10
  SINCE JAN 1    226                       229     -3      212
..................................................................


WIND (MPH)
  HIGHEST WIND SPEED    47   HIGHEST WIND DIRECTION     W (260)
  HIGHEST GUST SPEED    64   HIGHEST GUST DIRECTION     W (280)
  AVERAGE WIND SPEED    25.6


SKY COVER
  POSSIBLE SUNSHINE  MM
  AVERAGE SKY COVER 0.8


WEATHER CONDITIONS
 THE FOLLOWING WEATHER WAS RECORDED YESTERDAY.
  THUNDERSTORM
  RAIN
  LIGHT RAIN
  FOG


RELATIVE HUMIDITY (PERCENT)
 HIGHEST    65          1100 AM
 LOWEST     32           400 PM
 AVERAGE    49

..........................................................


THE LIVINGSTON MT CLIMATE NORMALS FOR TODAY
                         NORMAL    RECORD    YEAR
 MAXIMUM TEMPERATURE (F)   56        76      1948
 MINIMUM TEMPERATURE (F)   30         9      1957


SUNRISE AND SUNSET
OCTOBER 23 2019.......SUNRISE   749 AM MDT   SUNSET   623 PM MDT
OCTOBER 24 2019.......SUNRISE   750 AM MDT   SUNSET   621 PM MDT


-  INDICATES NEGATIVE NUMBERS.
R  INDICATES RECORD WAS SET OR TIED.
MM INDICATES DATA IS MISSING.
T  INDICATES TRACE AMOUNT.




$$
