000
CDUS45 KBYZ 250722
CLILVM


CLIMATE REPORT
NATIONAL WEATHER SERVICE BILLINGS MT
122 AM MDT MON MAY 25 2020


...................................

...THE LIVINGSTON MT CLIMATE SUMMARY FOR MAY 24 2020...

CLIMATE NORMAL PERIOD 1981 TO 2010
CLIMATE RECORD PERIOD 1948 TO 2020


WEATHER ITEM   OBSERVED TIME   RECORD YEAR NORMAL DEPARTURE LAST
                VALUE   (LST)  VALUE       VALUE  FROM      YEAR
                                                  NORMAL
..................................................................
TEMPERATURE (F)
 YESTERDAY
  MAXIMUM         59    251 PM  86    1988  67     -8       59
  MINIMUM         37   1159 PM  27    2007  39     -2       42
  AVERAGE         48                        53     -5       51

PRECIPITATION (IN)
  YESTERDAY        0.05          2.08 2011   0.09  -0.04     0.10
  MONTH TO DATE    1.52                      1.97  -0.45     1.44
  SINCE OCT 1      6.17                      7.94  -1.77     8.38
  SINCE JAN 1      4.13                      5.57  -1.44     5.68

DEGREE DAYS
 HEATING
  YESTERDAY       17                        12      5       14
  MONTH TO DATE  370                       368      2      436
  SINCE MAR 1   2002                      1968     34     2353
  SINCE JUL 1   7060                      7321   -261     7979

 COOLING
  YESTERDAY        0                         0      0        0
  MONTH TO DATE    0                         0      0        0
  SINCE MAR 1      0                         0      0        0
  SINCE JAN 1      0                         0      0        0
..................................................................


WIND (MPH)
  HIGHEST WIND SPEED    22   HIGHEST WIND DIRECTION    SW (220)
  HIGHEST GUST SPEED    27   HIGHEST GUST DIRECTION    SW (220)
  AVERAGE WIND SPEED     8.7


SKY COVER
  POSSIBLE SUNSHINE  MM
  AVERAGE SKY COVER 0.9


WEATHER CONDITIONS
 THE FOLLOWING WEATHER WAS RECORDED YESTERDAY.
  LIGHT RAIN


RELATIVE HUMIDITY (PERCENT)
 HIGHEST    92           400 AM
 LOWEST     47           400 PM
 AVERAGE    70

..........................................................


THE LIVINGSTON MT CLIMATE NORMALS FOR TODAY
                         NORMAL    RECORD    YEAR
 MAXIMUM TEMPERATURE (F)   67        86      1999
 MINIMUM TEMPERATURE (F)   39        26      2004


SUNRISE AND SUNSET
MAY 25 2020...........SUNRISE   540 AM MDT   SUNSET   858 PM MDT
MAY 26 2020...........SUNRISE   539 AM MDT   SUNSET   859 PM MDT


-  INDICATES NEGATIVE NUMBERS.
R  INDICATES RECORD WAS SET OR TIED.
MM INDICATES DATA IS MISSING.
T  INDICATES TRACE AMOUNT.




$$
