000
CDUS45 KBYZ 190721
CLILVM


CLIMATE REPORT
NATIONAL WEATHER SERVICE BILLINGS MT
121 AM MDT FRI OCT 19 2018


...................................

...THE LIVINGSTON MT CLIMATE SUMMARY FOR OCTOBER 18 2018...

CLIMATE NORMAL PERIOD 1981 TO 2010
CLIMATE RECORD PERIOD 1948 TO 2018


WEATHER ITEM   OBSERVED TIME   RECORD YEAR NORMAL DEPARTURE LAST
                VALUE   (LST)  VALUE       VALUE  FROM      YEAR
                                                  NORMAL
..................................................................
TEMPERATURE (F)
 YESTERDAY
  MAXIMUM         68    250 PM  81    2003  58     10       72
  MINIMUM         30    640 AM  13    1951  31     -1       48
  AVERAGE         49                        44      5       60

PRECIPITATION (IN)
  YESTERDAY        0.00          0.26 1983   0.04  -0.04     0.00
  MONTH TO DATE    1.08                      0.84   0.24     0.22
  SINCE OCT 1      1.08                      0.84   0.24     0.22
  SINCE JAN 1     15.52                     13.28   2.24    14.12

DEGREE DAYS
 HEATING
  YESTERDAY       16                        21     -5        5
  MONTH TO DATE  399                       321     78      347
  SINCE SEP 1    709                       612     97      663
  SINCE JUL 1    817                       730     87      686

 COOLING
  YESTERDAY        0                         0      0        0
  MONTH TO DATE    0                         0      0        0
  SINCE SEP 1     10                        14     -4       52
  SINCE JAN 1    212                       229    -17      396
..................................................................


WIND (MPH)
  HIGHEST WIND SPEED    29   HIGHEST WIND DIRECTION     W (250)
  HIGHEST GUST SPEED    34   HIGHEST GUST DIRECTION    SW (240)
  AVERAGE WIND SPEED    16.4


SKY COVER
  POSSIBLE SUNSHINE  MM
  AVERAGE SKY COVER 0.0


WEATHER CONDITIONS
 THE FOLLOWING WEATHER WAS RECORDED YESTERDAY.
  NO SIGNIFICANT WEATHER WAS OBSERVED.


RELATIVE HUMIDITY (PERCENT)
 HIGHEST    89          1200 AM
 LOWEST     17           200 PM
 AVERAGE    53

..........................................................


THE LIVINGSTON MT CLIMATE NORMALS FOR TODAY
                         NORMAL    RECORD    YEAR
 MAXIMUM TEMPERATURE (F)   57        80      2003
 MINIMUM TEMPERATURE (F)   31        14      1949


SUNRISE AND SUNSET
OCTOBER 19 2018.......SUNRISE   744 AM MDT   SUNSET   629 PM MDT
OCTOBER 20 2018.......SUNRISE   745 AM MDT   SUNSET   627 PM MDT


-  INDICATES NEGATIVE NUMBERS.
R  INDICATES RECORD WAS SET OR TIED.
MM INDICATES DATA IS MISSING.
T  INDICATES TRACE AMOUNT.




$$
