734
CDUS45 KBYZ 190721
CLILVM


CLIMATE REPORT
NATIONAL WEATHER SERVICE BILLINGS MT
121 AM MDT THU JUL 19 2018


...................................

...THE LIVINGSTON MT CLIMATE SUMMARY FOR JULY 18 2018...

CLIMATE NORMAL PERIOD 1981 TO 2010
CLIMATE RECORD PERIOD 1948 TO 2018


WEATHER ITEM   OBSERVED TIME   RECORD YEAR NORMAL DEPARTURE LAST
                VALUE   (LST)  VALUE       VALUE  FROM      YEAR
                                                  NORMAL
..................................................................
TEMPERATURE (F)
 YESTERDAY
  MAXIMUM         93    306 PM 102    1955  86      7       92
  MINIMUM         51    516 AM  40    2005  50      1       47
                                      1950
  AVERAGE         72                        68      4       70

PRECIPITATION (IN)
  YESTERDAY        T             0.67 1987   0.05  -0.05     0.00
  MONTH TO DATE    0.41                      0.94  -0.53     0.42
  SINCE OCT 1     15.12                     11.96   3.16    14.21
  SINCE JAN 1     12.08                      9.59   2.49    10.28

DEGREE DAYS
 HEATING
  YESTERDAY        0                         1     -1        0
  MONTH TO DATE   25                        37    -12        0
  SINCE JUN 1    194                       244    -50      158
  SINCE JUL 1     25                        37    -12        0

 COOLING
  YESTERDAY        7                         4      3        5
  MONTH TO DATE   70                        54     16      139
  SINCE JUN 1     75                        73      2      162
  SINCE JAN 1     75                        74      1      162
..................................................................


WIND (MPH)
  HIGHEST WIND SPEED    39   HIGHEST WIND DIRECTION     N (340)
  HIGHEST GUST SPEED    50   HIGHEST GUST DIRECTION    NW (330)
  AVERAGE WIND SPEED    13.3


SKY COVER
  POSSIBLE SUNSHINE  MM
  AVERAGE SKY COVER 0.0


WEATHER CONDITIONS
 THE FOLLOWING WEATHER WAS RECORDED YESTERDAY.
  NO SIGNIFICANT WEATHER WAS OBSERVED.


RELATIVE HUMIDITY (PERCENT)
 HIGHEST    96           300 AM
 LOWEST     18           100 PM
 AVERAGE    57

..........................................................


THE LIVINGSTON MT CLIMATE NORMALS FOR TODAY
                         NORMAL    RECORD    YEAR
 MAXIMUM TEMPERATURE (F)   86       102      2007
 MINIMUM TEMPERATURE (F)   50        37      1972


SUNRISE AND SUNSET
JULY 19 2018..........SUNRISE   551 AM MDT   SUNSET   905 PM MDT
JULY 20 2018..........SUNRISE   552 AM MDT   SUNSET   904 PM MDT


-  INDICATES NEGATIVE NUMBERS.
R  INDICATES RECORD WAS SET OR TIED.
MM INDICATES DATA IS MISSING.
T  INDICATES TRACE AMOUNT.




$$
