000
CDUS45 KBYZ 302240
CLILVM

CLIMATE REPORT
NATIONAL WEATHER SERVICE BILLINGS MT
440 PM MDT FRI OCT 30 2020

...................................

...THE LIVINGSTON MT CLIMATE SUMMARY FOR OCTOBER 30 2020...
VALID TODAY AS OF 0400 PM LOCAL TIME.

CLIMATE NORMAL PERIOD 1981 TO 2010
CLIMATE RECORD PERIOD 1948 TO 2020


WEATHER ITEM   OBSERVED TIME   RECORD YEAR NORMAL DEPARTURE LAST
                VALUE   (LST)  VALUE       VALUE  FROM      YEAR
                                                  NORMAL
...................................................................
TEMPERATURE (F)
 TODAY
  MAXIMUM         67    249 PM  71    1962  52     15       30
                                      2008
  MINIMUM         48    607 AM -11    1991  29     19       -5
  AVERAGE         58                        40     18       13

PRECIPITATION (IN)
  TODAY            0.00          1.10 1974   0.03  -0.03     0.00
  MONTH TO DATE    2.12                      1.23   0.89     1.30
  SINCE OCT 1      2.12                      1.23   0.89     1.30
  SINCE JAN 1     10.30                     13.67  -3.37    17.33

DEGREE DAYS
 HEATING
  TODAY            7                        25    -18       52
  MONTH TO DATE  652                       593     59      795
  SINCE SEP 1    849                       884    -35     1049
  SINCE JUL 1    912                      1001    -89     1121

 COOLING
  TODAY            0                         0      0        0
  MONTH TO DATE    3                         0      3        0
  SINCE SEP 1     34                        14     20       44
  SINCE JAN 1    339                       229    110      226
...................................................................


WIND (MPH)
  HIGHEST WIND SPEED    51   HIGHEST WIND DIRECTION    SW (210)
  HIGHEST GUST SPEED    65   HIGHEST GUST DIRECTION    SW (210)
  AVERAGE WIND SPEED    31.6


SKY COVER
  POSSIBLE SUNSHINE  MM
  AVERAGE SKY COVER 0.0


WEATHER CONDITIONS
THE FOLLOWING WEATHER WAS RECORDED TODAY.
  NO SIGNIFICANT WEATHER WAS OBSERVED.


RELATIVE HUMIDITY (PERCENT)
 HIGHEST    42           300 AM
 LOWEST     18           300 PM
 AVERAGE    30

..........................................................


THE LIVINGSTON MT CLIMATE NORMALS FOR TOMORROW
                         NORMAL    RECORD    YEAR
 MAXIMUM TEMPERATURE (F)   52        74      2014
 MINIMUM TEMPERATURE (F)   28        -7      2003


SUNRISE AND SUNSET
OCTOBER 30 2020.......SUNRISE   800 AM MDT   SUNSET   610 PM MDT
OCTOBER 31 2020.......SUNRISE   801 AM MDT   SUNSET   609 PM MDT


-  INDICATES NEGATIVE NUMBERS.
R  INDICATES RECORD WAS SET OR TIED.
MM INDICATES DATA IS MISSING.
T  INDICATES TRACE AMOUNT.




$$
