000
CDUS43 KTOP 242134
CLILWC


CLIMATE REPORT
NATIONAL WEATHER SERVICE TOPEKA KS
434 PM CDT SUN JUN 24 2018


...................................

...THE LAWRENCE KS CLIMATE SUMMARY FOR JUNE 24 2018...
VALID TODAY AS OF 0400 PM LOCAL TIME.

CLIMATE NORMAL PERIOD 1981 TO 2010
CLIMATE RECORD PERIOD 9999 TO 9999


WEATHER ITEM   OBSERVED NORMAL DEPARTURE LAST
                VALUE   VALUE  FROM      YEAR
                               NORMAL
...............................................
TEMPERATURE (F)
 TODAY
  MAXIMUM         85     87     -2       79
  MINIMUM         69     65      4       53
  AVERAGE         77     76      1       66

PRECIPITATION (IN)
  TODAY            0.01   0.15  -0.14     0.00
  MONTH TO DATE    1.50   4.55  -3.05     3.83
  SINCE JUN 1      1.50   4.55  -3.05     3.83
  SINCE JAN 1      8.70  18.44  -9.74    16.85

DEGREE DAYS
 HEATING
  TODAY            0      0      0        0
  MONTH TO DATE    0      6     -6        0
  SINCE JUN 1      0      6     -6        0
  SINCE JUL 1   5090   5090      0     4148

 COOLING
  TODAY           12     11      1        1
  MONTH TO DATE  326    206    120      246
  SINCE JUN 1    326    206    120      246
  SINCE JAN 1    614    325    289      353
...............................................


WIND (MPH)
  HIGHEST WIND SPEED    18   HIGHEST WIND DIRECTION     E (110)
  HIGHEST GUST SPEED    25   HIGHEST GUST DIRECTION    SE (120)
  AVERAGE WIND SPEED     6.0



WEATHER CONDITIONS
 THE FOLLOWING WEATHER WAS RECORDED TODAY.
  THUNDERSTORM
  LIGHT RAIN


RELATIVE HUMIDITY (PERCENT)
 HIGHEST    97
 LOWEST     59
 AVERAGE    78

..........................................................


THE LAWRENCE KS CLIMATE NORMALS FOR TOMORROW
                         NORMAL
 MAXIMUM TEMPERATURE (F)   87
 MINIMUM TEMPERATURE (F)   65


SUNRISE AND SUNSET
JUNE 24 2018..........SUNRISE   556 AM CDT   SUNSET   850 PM CDT
JUNE 25 2018..........SUNRISE   556 AM CDT   SUNSET   851 PM CDT


-  INDICATES NEGATIVE NUMBERS.
R  INDICATES RECORD WAS SET OR TIED.
MM INDICATES DATA IS MISSING.
T  INDICATES TRACE AMOUNT.




$$
