000
CDUS43 KTOP 272133
CLILWC


CLIMATE REPORT
NATIONAL WEATHER SERVICE TOPEKA KS
431 PM CDT WED MAY 27 2020


...................................

...THE LAWRENCE KS CLIMATE SUMMARY FOR MAY 27 2020...
VALID TODAY AS OF 0400 PM LOCAL TIME.

CLIMATE NORMAL PERIOD 1981 TO 2010
CLIMATE RECORD PERIOD 9999 TO 9999


WEATHER ITEM   OBSERVED NORMAL DEPARTURE LAST
                VALUE   VALUE  FROM      YEAR
                               NORMAL
...............................................
TEMPERATURE (F)
 TODAY
  MAXIMUM         75     80     -5       86
  MINIMUM         63     57      6       64
  AVERAGE         69     68      1       75

PRECIPITATION (IN)
  TODAY            0.00   0.18  -0.18     0.10
  MONTH TO DATE    3.34   4.49  -1.15     9.27
  SINCE MAR 1     10.33  10.88  -0.55    16.92
  SINCE JAN 1     13.13  13.19  -0.06    19.93

DEGREE DAYS
 HEATING
  TODAY            0      1     -1        0
  MONTH TO DATE  147    101     46      122
  SINCE MAR 1   1006   1065    -59     1119
  SINCE JUL 1   4904   5080   -176     5401

 COOLING
  TODAY            4      5     -1       10
  MONTH TO DATE   59     74    -15       74
  SINCE MAR 1     65     97    -32       92
  SINCE JAN 1     65     97    -32       92
...............................................


WIND (MPH)
  HIGHEST WIND SPEED    10   HIGHEST WIND DIRECTION     N (340)
  HIGHEST GUST SPEED    13   HIGHEST GUST DIRECTION    NW (300)
  AVERAGE WIND SPEED     3.6



WEATHER CONDITIONS
 THE FOLLOWING WEATHER WAS RECORDED TODAY.
  FOG


RELATIVE HUMIDITY (PERCENT)
 HIGHEST    93
 LOWEST     68
 AVERAGE    81

..........................................................


THE LAWRENCE KS CLIMATE NORMALS FOR TOMORROW
                         NORMAL
 MAXIMUM TEMPERATURE (F)   80
 MINIMUM TEMPERATURE (F)   57


SUNRISE AND SUNSET
MAY 27 2020...........SUNRISE   559 AM CDT   SUNSET   837 PM CDT
MAY 28 2020...........SUNRISE   559 AM CDT   SUNSET   838 PM CDT


-  INDICATES NEGATIVE NUMBERS.
R  INDICATES RECORD WAS SET OR TIED.
MM INDICATES DATA IS MISSING.
T  INDICATES TRACE AMOUNT.




$$
