000
CDUS43 KTOP 192134
CLILWC


CLIMATE REPORT
NATIONAL WEATHER SERVICE TOPEKA KS
433 PM CDT MON OCT 19 2020


...................................

...THE LAWRENCE KS CLIMATE SUMMARY FOR OCTOBER 19 2020...
VALID TODAY AS OF 430 PM LOCAL TIME.

CLIMATE NORMAL PERIOD 1981 TO 2010
CLIMATE RECORD PERIOD 9999 TO 9999


WEATHER ITEM   OBSERVED NORMAL DEPARTURE LAST
                VALUE   VALUE  FROM      YEAR
                               NORMAL
...............................................
TEMPERATURE (F)
 TODAY
  MAXIMUM         49     68    -19       69
  MINIMUM         42     42      0       41
  AVERAGE         46     55     -9       55

PRECIPITATION (IN)
  TODAY            0.00   0.08  -0.08     0.05
  MONTH TO DATE    0.00   2.01  -2.01     1.04
  SINCE SEP 1      2.23   6.17  -3.94     3.97
  SINCE JAN 1     29.62  34.03  -4.41    44.73

DEGREE DAYS
 HEATING
  TODAY           19     10      9       10
  MONTH TO DATE  146    149     -3      191
  SINCE SEP 1    211    209      2      191
  SINCE JUL 1    211    212     -1      191

 COOLING
  TODAY            0      0      0        0
  MONTH TO DATE   25     24      1       24
  SINCE SEP 1    146    177    -31      314
  SINCE JAN 1   1399   1368     31     1565
...............................................


WIND (MPH)
  HIGHEST WIND SPEED    15   HIGHEST WIND DIRECTION    NE (60)
  HIGHEST GUST SPEED    19   HIGHEST GUST DIRECTION    NE (60)
  AVERAGE WIND SPEED     8.5



WEATHER CONDITIONS
 THE FOLLOWING WEATHER WAS RECORDED TODAY.
  NO SIGNIFICANT WEATHER WAS OBSERVED.


RELATIVE HUMIDITY (PERCENT)
 HIGHEST    57
 LOWEST     45
 AVERAGE    51

..........................................................


THE LAWRENCE KS CLIMATE NORMALS FOR TOMORROW
                         NORMAL
 MAXIMUM TEMPERATURE (F)   67
 MINIMUM TEMPERATURE (F)   42


SUNRISE AND SUNSET
OCTOBER 19 2020.......SUNRISE   735 AM CDT   SUNSET   636 PM CDT
OCTOBER 20 2020.......SUNRISE   736 AM CDT   SUNSET   634 PM CDT


-  INDICATES NEGATIVE NUMBERS.
R  INDICATES RECORD WAS SET OR TIED.
MM INDICATES DATA IS MISSING.
T  INDICATES TRACE AMOUNT.




$$
