000
CDUS43 KTOP 210634
CLILWC


CLIMATE REPORT
NATIONAL WEATHER SERVICE TOPEKA KS
133 AM CDT FRI SEP 21 2018


...................................

...THE LAWRENCE KS CLIMATE SUMMARY FOR SEPTEMBER 20 2018...

CLIMATE NORMAL PERIOD 1981 TO 2010
CLIMATE RECORD PERIOD 9999 TO 9999


WEATHER ITEM   OBSERVED NORMAL DEPARTURE LAST
                VALUE   VALUE  FROM      YEAR
                               NORMAL
...............................................
TEMPERATURE (F)
 YESTERDAY
  MAXIMUM         94     80     14       89
  MINIMUM         70     53     17       73
  AVERAGE         82     66     16       81

PRECIPITATION (IN)
  YESTERDAY        0.06   0.12  -0.06     0.00
  MONTH TO DATE    1.11   2.86  -1.75     3.00
  SINCE SEP 1      1.11   2.86  -1.75     3.00
  SINCE JAN 1     17.93  30.72 -12.79    30.14

DEGREE DAYS
 HEATING
  YESTERDAY        0      3     -3        0
  MONTH TO DATE    0     20    -20       10
  SINCE SEP 1      0     20    -20       10
  SINCE JUL 1      0     23    -23       13

 COOLING
  YESTERDAY       17      4     13       16
  MONTH TO DATE  202    124     78      128
  SINCE SEP 1    202    124     78      128
  SINCE JAN 1   1785   1315    470     1207
...............................................


WIND (MPH)
  HIGHEST WIND SPEED    28   HIGHEST WIND DIRECTION     S (200)
  HIGHEST GUST SPEED    40   HIGHEST GUST DIRECTION    SW (210)
  AVERAGE WIND SPEED    12.1


SKY COVER
  AVERAGE SKY COVER 0.1


WEATHER CONDITIONS
 THE FOLLOWING WEATHER WAS RECORDED YESTERDAY.
  LIGHT RAIN
  FOG
  HAZE


RELATIVE HUMIDITY (PERCENT)
 HIGHEST    93
 LOWEST     41
 AVERAGE    67

..........................................................


THE LAWRENCE KS CLIMATE NORMALS FOR TODAY
                         NORMAL
 MAXIMUM TEMPERATURE (F)   79
 MINIMUM TEMPERATURE (F)   53


SUNRISE AND SUNSET
SEPTEMBER 21 2018.....SUNRISE   708 AM CDT   SUNSET   719 PM CDT
SEPTEMBER 22 2018.....SUNRISE   709 AM CDT   SUNSET   718 PM CDT


-  INDICATES NEGATIVE NUMBERS.
R  INDICATES RECORD WAS SET OR TIED.
MM INDICATES DATA IS MISSING.
T  INDICATES TRACE AMOUNT.




$$
