925
CDUS43 KTOP 102233
CLILWC


CLIMATE REPORT
NATIONAL WEATHER SERVICE TOPEKA KS
432 PM CST MON DEC 10 2018


...................................

...THE LAWRENCE KS CLIMATE SUMMARY FOR DECEMBER 10 2018...
VALID TODAY AS OF 430 PM LOCAL TIME.

CLIMATE NORMAL PERIOD 1981 TO 2010
CLIMATE RECORD PERIOD 9999 TO 9999


WEATHER ITEM   OBSERVED NORMAL DEPARTURE LAST
                VALUE   VALUE  FROM      YEAR
                               NORMAL
...............................................
TEMPERATURE (F)
 TODAY
  MAXIMUM         46     43      3       60
  MINIMUM         13     22     -9       20
  AVERAGE         30     33     -3       40

PRECIPITATION (IN)
  TODAY            0.00   0.05  -0.05     0.00
  MONTH TO DATE    0.74   0.42   0.32      T
  SINCE DEC 1      0.74   0.42   0.32      T
  SINCE JAN 1     27.09  37.50 -10.41    34.13

DEGREE DAYS
 HEATING
  TODAY           35     32      3       25
  MONTH TO DATE  341    306     35      268
  SINCE DEC 1    341    306     35      268
  SINCE JUL 1   1582   1314    268     1158

 COOLING
  TODAY            0      0      0        0
  MONTH TO DATE    0      0      0        0
  SINCE DEC 1      0      0      0        0
  SINCE JAN 1   1841   1371    470     1327
...............................................


WIND (MPH)
  HIGHEST WIND SPEED    14   HIGHEST WIND DIRECTION     W (270)
  HIGHEST GUST SPEED    18   HIGHEST GUST DIRECTION     W (270)
  AVERAGE WIND SPEED     3.1



WEATHER CONDITIONS
 THE FOLLOWING WEATHER WAS RECORDED TODAY.
  FOG
  HAZE


RELATIVE HUMIDITY (PERCENT)
 HIGHEST    92
 LOWEST     41
 AVERAGE    67

..........................................................


THE LAWRENCE KS CLIMATE NORMALS FOR TOMORROW
                         NORMAL
 MAXIMUM TEMPERATURE (F)   43
 MINIMUM TEMPERATURE (F)   22


SUNRISE AND SUNSET
DECEMBER 10 2018......SUNRISE   729 AM CST   SUNSET   458 PM CST
DECEMBER 11 2018......SUNRISE   730 AM CST   SUNSET   459 PM CST


-  INDICATES NEGATIVE NUMBERS.
R  INDICATES RECORD WAS SET OR TIED.
MM INDICATES DATA IS MISSING.
T  INDICATES TRACE AMOUNT.




$$
