000
CDUS43 KTOP 190633
CLILWC


CLIMATE REPORT
NATIONAL WEATHER SERVICE TOPEKA KS
132 AM CDT SAT OCT 19 2019


...................................

...THE LAWRENCE KS CLIMATE SUMMARY FOR OCTOBER 18 2019...

CLIMATE NORMAL PERIOD 1981 TO 2010
CLIMATE RECORD PERIOD 9999 TO 9999


WEATHER ITEM   OBSERVED NORMAL DEPARTURE LAST
                VALUE   VALUE  FROM      YEAR
                               NORMAL
...............................................
TEMPERATURE (F)
 YESTERDAY
  MAXIMUM         75     68      7       68
  MINIMUM         49     43      6       35
  AVERAGE         62     55      7       52

PRECIPITATION (IN)
  YESTERDAY        0.00   0.09  -0.09     0.00
  MONTH TO DATE    0.99   1.93  -0.94     6.65
  SINCE SEP 1      3.92   6.09  -2.17     8.31
  SINCE JAN 1     44.68  33.95  10.73    25.13

DEGREE DAYS
 HEATING
  YESTERDAY        3     10     -7       13
  MONTH TO DATE  181    139     42      174
  SINCE SEP 1    181    199    -18      218
  SINCE JUL 1    181    202    -21      218

 COOLING
  YESTERDAY        0      1     -1        0
  MONTH TO DATE   24     24      0       46
  SINCE SEP 1    314    177    137      258
  SINCE JAN 1   1565   1368    197     1841
...............................................


WIND (MPH)
  HIGHEST WIND SPEED    MM   HIGHEST WIND DIRECTION    MM
  HIGHEST GUST SPEED     0   HIGHEST GUST DIRECTION     N (0)
  AVERAGE WIND SPEED    MM


SKY COVER
  AVERAGE SKY COVER 0.0


WEATHER CONDITIONS
 THE FOLLOWING WEATHER WAS RECORDED YESTERDAY.
  NO SIGNIFICANT WEATHER WAS OBSERVED.


RELATIVE HUMIDITY (PERCENT)
 HIGHEST     0
 LOWEST      0
 AVERAGE     0

..........................................................


THE LAWRENCE KS CLIMATE NORMALS FOR TODAY
                         NORMAL
 MAXIMUM TEMPERATURE (F)   68
 MINIMUM TEMPERATURE (F)   42


SUNRISE AND SUNSET
OCTOBER 19 2019.......SUNRISE   734 AM CDT   SUNSET   637 PM CDT
OCTOBER 20 2019.......SUNRISE   735 AM CDT   SUNSET   635 PM CDT


-  INDICATES NEGATIVE NUMBERS.
R  INDICATES RECORD WAS SET OR TIED.
MM INDICATES DATA IS MISSING.
T  INDICATES TRACE AMOUNT.




$$
