000
CDUS46 KOTX 230436
CLILWS


CLIMATE REPORT
NATIONAL WEATHER SERVICE SPOKANE, WA
935 PM PDT TUE MAY 22 2018


...................................

...THE LEWISTON ID AIRPORT CLIMATE SUMMARY FOR MAY 22 2018...
VALID TODAY AS OF 0900 PM LOCAL TIME.

CLIMATE NORMAL PERIOD 1981 TO 2010
CLIMATE RECORD PERIOD 1881 TO 2018


WEATHER ITEM   OBSERVED TIME   RECORD YEAR NORMAL DEPARTURE LAST
                VALUE   (LST)  VALUE       VALUE  FROM      YEAR
                                                  NORMAL
..................................................................
TEMPERATURE (F)
 TODAY
  MAXIMUM         87    325 PM  97    1940  73     14       86
  MINIMUM         55    414 AM  32    1960  49      6       52
  AVERAGE         71                        61     10       69

PRECIPITATION (IN)
  TODAY            0.00          1.15 1998   0.06  -0.06     0.00
  MONTH TO DATE    2.26                      1.11   1.15     1.48
  SINCE OCT 1     13.08                      8.55   4.53    14.62
  SINCE JAN 1      7.52                      5.44   2.08     9.74

DEGREE DAYS
 HEATING
  TODAY            0                         6     -6        0
  MONTH TO DATE   47                       177   -130      196
  SINCE MAR 1   1017                      1202   -185     1193
  SINCE JUL 1   4728                      5057   -329     5229

 COOLING
  TODAY            6                         1      5        4
  MONTH TO DATE   35                        19     16       11
  SINCE MAR 1     40                        21     19       11
  SINCE JAN 1     40                        21     19       11
..................................................................


WIND (MPH)
  HIGHEST WIND SPEED    23   HIGHEST WIND DIRECTION     E (100)
  HIGHEST GUST SPEED    28   HIGHEST GUST DIRECTION     E (110)
  AVERAGE WIND SPEED     3.9


SKY COVER
  POSSIBLE SUNSHINE  MM
  AVERAGE SKY COVER 0.1


WEATHER CONDITIONS
 THE FOLLOWING WEATHER WAS RECORDED TODAY.
  THUNDERSTORM


RELATIVE HUMIDITY (PERCENT)
 HIGHEST    86           400 AM
 LOWEST     34           200 PM
 AVERAGE    60

..........................................................


THE LEWISTON ID AIRPORT CLIMATE NORMALS FOR TOMORROW
                         NORMAL    RECORD    YEAR
 MAXIMUM TEMPERATURE (F)   73        98      1940
 MINIMUM TEMPERATURE (F)   49        34      2013
                                             1964


SUNRISE AND SUNSET
MAY 22 2018...........SUNRISE   507 AM PDT   SUNSET   823 PM PDT
MAY 23 2018...........SUNRISE   506 AM PDT   SUNSET   824 PM PDT


-  INDICATES NEGATIVE NUMBERS.
R  INDICATES RECORD WAS SET OR TIED.
MM INDICATES DATA IS MISSING.
T  INDICATES TRACE AMOUNT.




$$
