000
CDUS46 KOTX 040837
CLILWS


CLIMATE REPORT
NATIONAL WEATHER SERVICE SPOKANE, WA
135 AM PDT THU JUN 4 2020


...................................

...THE LEWISTON ID AIRPORT CLIMATE SUMMARY FOR JUNE 3 2020...

CLIMATE NORMAL PERIOD 1981 TO 2010
CLIMATE RECORD PERIOD 1881 TO 2020


WEATHER ITEM   OBSERVED TIME   RECORD YEAR NORMAL DEPARTURE LAST
                VALUE   (LST)  VALUE       VALUE  FROM      YEAR
                                                  NORMAL
..................................................................
TEMPERATURE (F)
 YESTERDAY
  MAXIMUM         78    334 PM 101    2007  75      3       85
  MINIMUM         57    456 AM  40    1918  51      6       59
  AVERAGE         68                        63      5       72

PRECIPITATION (IN)
  YESTERDAY        0.00          0.45 1958   0.05  -0.05     0.00
  MONTH TO DATE    0.01                      0.16  -0.15     0.00
  SINCE OCT 1     11.25                      9.21   2.04    11.16
  SINCE JAN 1      8.36                      6.10   2.26     7.94

SNOWFALL (IN)
  YESTERDAY        0.0           0.0  1995   0.0    0.0      0.0
  MONTH TO DATE    0.0                       0.0    0.0      0.0
  SINCE JUN 1      0.0                       0.0    0.0      0.0
  SINCE JUL 1     15.0                      10.5    4.5     33.5
  SNOW DEPTH       0

DEGREE DAYS
 HEATING
  YESTERDAY        0                         4     -4        0
  MONTH TO DATE    3                        12     -9        0
  SINCE JUN 1      3                        12     -9        0
  SINCE JUL 1   4864                      5109   -245     5112

 COOLING
  YESTERDAY        3                         2      1        7
  MONTH TO DATE    3                         6     -3       28
  SINCE JUN 1      3                         6     -3       28
  SINCE JAN 1     41                        38      3       65
..................................................................


WIND (MPH)
  HIGHEST WIND SPEED    13   HIGHEST WIND DIRECTION    NW (320)
  HIGHEST GUST SPEED    17   HIGHEST GUST DIRECTION    NW (320)
  AVERAGE WIND SPEED     5.4


SKY COVER
  POSSIBLE SUNSHINE  MM
  AVERAGE SKY COVER 0.0


WEATHER CONDITIONS
 THE FOLLOWING WEATHER WAS RECORDED YESTERDAY.
  NO SIGNIFICANT WEATHER WAS OBSERVED.


RELATIVE HUMIDITY (PERCENT)
 HIGHEST    62           500 AM
 LOWEST     27           600 PM
 AVERAGE    45

..........................................................


THE LEWISTON ID AIRPORT CLIMATE NORMALS FOR TODAY
                         NORMAL    RECORD    YEAR
 MAXIMUM TEMPERATURE (F)   75        98      1938
 MINIMUM TEMPERATURE (F)   51        38      1962


SUNRISE AND SUNSET
JUNE  4 2020..........SUNRISE   458 AM PDT   SUNSET   836 PM PDT
JUNE  5 2020..........SUNRISE   457 AM PDT   SUNSET   837 PM PDT


-  INDICATES NEGATIVE NUMBERS.
R  INDICATES RECORD WAS SET OR TIED.
MM INDICATES DATA IS MISSING.
T  INDICATES TRACE AMOUNT.




$$
