930
CDUS46 KOTX 200830
CLILWS


CLIMATE REPORT
NATIONAL WEATHER SERVICE SPOKANE, WA
1230 AM PST SUN JAN 20 2019


...................................

...THE LEWISTON ID AIRPORT CLIMATE SUMMARY FOR JANUARY 19 2019...

CLIMATE NORMAL PERIOD 1981 TO 2010
CLIMATE RECORD PERIOD 1881 TO 2019


WEATHER ITEM   OBSERVED TIME   RECORD YEAR NORMAL DEPARTURE LAST
                VALUE   (LST)  VALUE       VALUE  FROM      YEAR
                                                  NORMAL
..................................................................
TEMPERATURE (F)
 YESTERDAY
  MAXIMUM         50   1122 AM  60    2005  42      8       43
  MINIMUM         40    228 AM -14    1883  30     10       34
  AVERAGE         45                        36      9       39

PRECIPITATION (IN)
  YESTERDAY        0.04          0.55 2012   0.03   0.01     0.01
  MONTH TO DATE    0.34                      0.68  -0.34     1.24
  SINCE OCT 1      3.56                      3.79  -0.23     6.80
  SINCE JAN 1      0.34                      0.68  -0.34     1.24

SNOWFALL (IN)
  YESTERDAY        0.0           2.3  1957   0.1   -0.1      0.0
  MONTH TO DATE    0.0                       1.6   -1.6      0.0
  SINCE DEC 1      0.5                       5.1   -4.6     13.0
  SINCE JUL 1      0.5                       6.9   -6.4     13.0

DEGREE DAYS
 HEATING
  YESTERDAY       20                        29     -9       26
  MONTH TO DATE  526                       572    -46      480
  SINCE DEC 1   1361                      1540   -179     1522
  SINCE JUL 1   2524                      2780   -256     2688

 COOLING
  YESTERDAY        0                         0      0        0
  MONTH TO DATE    0                         0      0        0
  SINCE DEC 1      0                         0      0        0
  SINCE JAN 1      0                         0      0        0
..................................................................


WIND (MPH)
  HIGHEST WIND SPEED    25   HIGHEST WIND DIRECTION     S (170)
  HIGHEST GUST SPEED    37   HIGHEST GUST DIRECTION     S (180)
  AVERAGE WIND SPEED    11.6


SKY COVER
  POSSIBLE SUNSHINE  MM
  AVERAGE SKY COVER 0.9


WEATHER CONDITIONS
 THE FOLLOWING WEATHER WAS RECORDED YESTERDAY.
  LIGHT RAIN


RELATIVE HUMIDITY (PERCENT)
 HIGHEST    85          1200 AM
 LOWEST     61           600 AM
 AVERAGE    73

..........................................................


THE LEWISTON ID AIRPORT CLIMATE NORMALS FOR TODAY
                         NORMAL    RECORD    YEAR
 MAXIMUM TEMPERATURE (F)   42        60      1934
 MINIMUM TEMPERATURE (F)   30       -15      1937


SUNRISE AND SUNSET
JANUARY 20 2019.......SUNRISE   724 AM PST   SUNSET   435 PM PST
JANUARY 21 2019.......SUNRISE   723 AM PST   SUNSET   436 PM PST


-  INDICATES NEGATIVE NUMBERS.
R  INDICATES RECORD WAS SET OR TIED.
MM INDICATES DATA IS MISSING.
T  INDICATES TRACE AMOUNT.




$$
