000
CDUS46 KOTX 240424
CLILWS


CLIMATE REPORT
NATIONAL WEATHER SERVICE SPOKANE, WA
924 PM PDT WED MAY 23 2018


...................................

...THE LEWISTON ID AIRPORT CLIMATE SUMMARY FOR MAY 23 2018...
VALID TODAY AS OF 0900 PM LOCAL TIME.

CLIMATE NORMAL PERIOD 1981 TO 2010
CLIMATE RECORD PERIOD 1881 TO 2018


WEATHER ITEM   OBSERVED TIME   RECORD YEAR NORMAL DEPARTURE LAST
                VALUE   (LST)  VALUE       VALUE  FROM      YEAR
                                                  NORMAL
..................................................................
TEMPERATURE (F)
 TODAY
  MAXIMUM         78    518 PM  98    1940  73      5       89
  MINIMUM         60    349 AM  34    2013  49     11       54
                                      1964
  AVERAGE         69                        61      8       72

PRECIPITATION (IN)
  TODAY            0.00          0.74 1899   0.05  -0.05     0.00
  MONTH TO DATE    2.26                      1.16   1.10     1.48
  SINCE OCT 1     13.08                      8.60   4.48    14.62
  SINCE JAN 1      7.52                      5.49   2.03     9.74

DEGREE DAYS
 HEATING
  TODAY            0                         5     -5        0
  MONTH TO DATE   47                       182   -135      196
  SINCE MAR 1   1017                      1207   -190     1193
  SINCE JUL 1   4728                      5062   -334     5229

 COOLING
  TODAY            4                         1      3        7
  MONTH TO DATE   39                        20     19       18
  SINCE MAR 1     44                        22     22       18
  SINCE JAN 1     44                        22     22       18
..................................................................


WIND (MPH)
  HIGHEST WIND SPEED    14   HIGHEST WIND DIRECTION     S (170)
  HIGHEST GUST SPEED    17   HIGHEST GUST DIRECTION     S (200)
  AVERAGE WIND SPEED     6.7


SKY COVER
  POSSIBLE SUNSHINE  MM
  AVERAGE SKY COVER 0.4


WEATHER CONDITIONS
 THE FOLLOWING WEATHER WAS RECORDED TODAY.
  NO SIGNIFICANT WEATHER WAS OBSERVED.


RELATIVE HUMIDITY (PERCENT)
 HIGHEST    84           300 AM
 LOWEST     43           600 PM
 AVERAGE    64

..........................................................


THE LEWISTON ID AIRPORT CLIMATE NORMALS FOR TOMORROW
                         NORMAL    RECORD    YEAR
 MAXIMUM TEMPERATURE (F)   73        99      1934
 MINIMUM TEMPERATURE (F)   49        37      1950


SUNRISE AND SUNSET
MAY 23 2018...........SUNRISE   506 AM PDT   SUNSET   824 PM PDT
MAY 24 2018...........SUNRISE   505 AM PDT   SUNSET   825 PM PDT


-  INDICATES NEGATIVE NUMBERS.
R  INDICATES RECORD WAS SET OR TIED.
MM INDICATES DATA IS MISSING.
T  INDICATES TRACE AMOUNT.




$$
