000
CDUS45 KTFX 231012
CLILWT


CLIMATE REPORT
NATIONAL WEATHER SERVICE GREAT FALLS MT
311 AM MST WED JAN 23 2019


...................................

...THE LEWISTOWN MT CLIMATE SUMMARY FOR JANUARY 22 2019...

CLIMATE NORMAL PERIOD 1981 TO 2010
CLIMATE RECORD PERIOD 1896 TO 2019


WEATHER ITEM   OBSERVED TIME   RECORD YEAR NORMAL DEPARTURE LAST
                VALUE   (LST)  VALUE       VALUE  FROM      YEAR
                                                  NORMAL
..................................................................
TEMPERATURE (F)
 YESTERDAY
  MAXIMUM         31    230 PM  73    1981  35     -4       35
  MINIMUM          6    505 AM -28    1943  14     -8       17
  AVERAGE         19                        24     -5       26

PRECIPITATION (IN)
  YESTERDAY        0.00          0.42 1989   0.01  -0.01     0.00
  MONTH TO DATE    0.27                      0.41  -0.14     0.48
  SINCE OCT 1      2.70                      2.91  -0.21     2.48
  SINCE JAN 1      0.27                      0.41  -0.14     0.48

SNOWFALL (IN)
  YESTERDAY        0.0
  SNOW DEPTH      MM

DEGREE DAYS
 HEATING
  YESTERDAY       46                        41      5       39
  MONTH TO DATE  766                       914   -148      934
  SINCE DEC 1   1939                      2208   -269     2306
  SINCE JUL 1   4199                      4336   -137     4280

 COOLING
  YESTERDAY        0                         0      0        0
  MONTH TO DATE    0                         0      0        0
  SINCE DEC 1      0                         0      0        0
  SINCE JAN 1      0                         0      0        0
..................................................................


WIND (MPH)
  HIGHEST WIND SPEED    20   HIGHEST WIND DIRECTION    SW (230)
  HIGHEST GUST SPEED    24   HIGHEST GUST DIRECTION    SW (240)
  AVERAGE WIND SPEED     9.2


SKY COVER
  AVERAGE SKY COVER 0.1


WEATHER CONDITIONS
 THE FOLLOWING WEATHER WAS RECORDED YESTERDAY.
  NO SIGNIFICANT WEATHER WAS OBSERVED.


RELATIVE HUMIDITY (PERCENT)
 HIGHEST    92           300 AM
 LOWEST     53           200 PM
 AVERAGE    73

..........................................................


THE LEWISTOWN MT CLIMATE NORMALS FOR TODAY
                         NORMAL    RECORD    YEAR
 MAXIMUM TEMPERATURE (F)   35        64      2005
 MINIMUM TEMPERATURE (F)   14       -38      1929


SUNRISE AND SUNSET
JANUARY 23 2019.......SUNRISE   753 AM MST   SUNSET   507 PM MST
JANUARY 24 2019.......SUNRISE   752 AM MST   SUNSET   508 PM MST


-  INDICATES NEGATIVE NUMBERS.
R  INDICATES RECORD WAS SET OR TIED.
MM INDICATES DATA IS MISSING.
T  INDICATES TRACE AMOUNT.




$$
