000
CDUS45 KTFX 230727
CLILWT


CLIMATE REPORT
NATIONAL WEATHER SERVICE GREAT FALLS MT
126 AM MDT WED MAY 23 2018


...................................

...THE LEWISTOWN MT CLIMATE SUMMARY FOR MAY 22 2018...

CLIMATE NORMAL PERIOD 1981 TO 2010
CLIMATE RECORD PERIOD 1896 TO 2018


WEATHER ITEM   OBSERVED TIME   RECORD YEAR NORMAL DEPARTURE LAST
                VALUE   (LST)  VALUE       VALUE  FROM      YEAR
                                                  NORMAL
..................................................................
TEMPERATURE (F)
 YESTERDAY
  MAXIMUM         66    255 PM  93    1928  64      2       67
  MINIMUM         49    320 AM  24    1930  40      9       40
  AVERAGE         58                        52      6       54

PRECIPITATION (IN)
  YESTERDAY        0.01          1.10 1901   0.10  -0.09      T
  MONTH TO DATE    2.84                      1.85   0.99     1.53
  SINCE OCT 1      9.31                      7.76   1.55    10.05
  SINCE JAN 1      7.31                      5.26   2.05     5.65

SNOWFALL (IN)
  YESTERDAY       MM
  SNOW DEPTH       0

DEGREE DAYS
 HEATING
  YESTERDAY        7                        13     -6       11
  MONTH TO DATE  265                       359    -94      314
  SINCE MAR 1   2172                      2062    110     1875
  SINCE JUL 1   8298                      7866    432     7686

 COOLING
  YESTERDAY        0                         0      0        0
  MONTH TO DATE    0                         0      0        0
  SINCE MAR 1      0                         0      0        0
  SINCE JAN 1      0                         0      0        0
..................................................................


WIND (MPH)
  HIGHEST WIND SPEED    14   HIGHEST WIND DIRECTION     N (360)
  HIGHEST GUST SPEED    19   HIGHEST GUST DIRECTION     N (360)
  AVERAGE WIND SPEED     4.9


SKY COVER
  AVERAGE SKY COVER 0.7


WEATHER CONDITIONS
 THE FOLLOWING WEATHER WAS RECORDED YESTERDAY.
  LIGHT RAIN


RELATIVE HUMIDITY (PERCENT)
 HIGHEST    96          1200 AM
 LOWEST     52           300 PM
 AVERAGE    74

..........................................................


THE LEWISTOWN MT CLIMATE NORMALS FOR TODAY
                         NORMAL    RECORD    YEAR
 MAXIMUM TEMPERATURE (F)   64        96      1926
 MINIMUM TEMPERATURE (F)   40        17      1930


SUNRISE AND SUNSET
MAY 23 2018...........SUNRISE   534 AM MDT   SUNSET   856 PM MDT
MAY 24 2018...........SUNRISE   533 AM MDT   SUNSET   857 PM MDT


-  INDICATES NEGATIVE NUMBERS.
R  INDICATES RECORD WAS SET OR TIED.
MM INDICATES DATA IS MISSING.
T  INDICATES TRACE AMOUNT.




$$
