871
CDUS45 KTFX 152240
CLILWT


CLIMATE REPORT
NATIONAL WEATHER SERVICE GREAT FALLS MT
440 PM MDT WED AUG 15 2018


...................................

...THE LEWISTOWN MT CLIMATE SUMMARY FOR AUGUST 15 2018...
VALID TODAY AS OF 0400 PM LOCAL TIME.

CLIMATE NORMAL PERIOD 1981 TO 2010
CLIMATE RECORD PERIOD 1896 TO 2018


WEATHER ITEM   OBSERVED TIME   RECORD YEAR NORMAL DEPARTURE LAST
                VALUE   (LST)  VALUE       VALUE  FROM      YEAR
                                                  NORMAL
..................................................................
TEMPERATURE (F)
 TODAY
  MAXIMUM         86    255 PM  99    1990  81      5       78
  MINIMUM         48    536 AM  33    1943  50     -2       46
  AVERAGE         67                        66      1       62

PRECIPITATION (IN)
  TODAY            0.00          1.02 1968   0.07  -0.07     0.00
  MONTH TO DATE    0.03                      0.85  -0.82     0.23
  SINCE OCT 1     17.85                     14.62   3.23    12.37
  SINCE JAN 1     15.85                     12.12   3.73     7.97

DEGREE DAYS
 HEATING
  TODAY            0                         2     -2        3
  MONTH TO DATE   19                        25     -6       32
  SINCE JUN 1    293                       325    -32      200
  SINCE JUL 1     77                        98    -21       32

 COOLING
  TODAY            2                         3     -1        0
  MONTH TO DATE   67                        55     12       15
  SINCE JUN 1    169                       163      6      284
  SINCE JAN 1    169                       165      4      285
..................................................................


WIND (MPH)
  HIGHEST WIND SPEED    10   HIGHEST WIND DIRECTION    NE (30)
  HIGHEST GUST SPEED    12   HIGHEST GUST DIRECTION     N (20)
  AVERAGE WIND SPEED     5.0


SKY COVER
  AVERAGE SKY COVER 0.0


WEATHER CONDITIONS
 THE FOLLOWING WEATHER WAS RECORDED TODAY.
  NO SIGNIFICANT WEATHER WAS OBSERVED.


RELATIVE HUMIDITY (PERCENT)
 HIGHEST    71
 LOWEST     13
 AVERAGE    42

..........................................................


THE LEWISTOWN MT CLIMATE NORMALS FOR TOMORROW
                         NORMAL    RECORD    YEAR
 MAXIMUM TEMPERATURE (F)   81        98      2003
                                             1973
 MINIMUM TEMPERATURE (F)   50        32      1905


SUNRISE AND SUNSET
AUGUST 15 2018........SUNRISE   615 AM MDT   SUNSET   829 PM MDT
AUGUST 16 2018........SUNRISE   616 AM MDT   SUNSET   827 PM MDT


-  INDICATES NEGATIVE NUMBERS.
R  INDICATES RECORD WAS SET OR TIED.
MM INDICATES DATA IS MISSING.
T  INDICATES TRACE AMOUNT.




$$
