000
CDUS45 KTFX 202240
CLILWT


CLIMATE REPORT
NATIONAL WEATHER SERVICE GREAT FALLS MT
440 PM MDT SUN OCT 20 2019

...................................

...THE LEWISTOWN MT CLIMATE SUMMARY FOR OCTOBER 20 2019...
VALID TODAY AS OF 0400 PM LOCAL TIME.

CLIMATE NORMAL PERIOD 1981 TO 2010
CLIMATE RECORD PERIOD 1896 TO 2019


WEATHER ITEM   OBSERVED TIME   RECORD YEAR NORMAL DEPARTURE LAST
                VALUE   (LST)  VALUE       VALUE  FROM      YEAR
                                                  NORMAL
...................................................................
TEMPERATURE (F)
 TODAY
  MAXIMUM         47    257 PM  84    1927  55     -8       76
  MINIMUM         35    733 AM  10    1916  30      5       32
  AVERAGE         41                        42     -1       54

PRECIPITATION (IN)
  TODAY            T             0.60 1958   0.03  -0.03     0.00
  MONTH TO DATE    0.60                      0.80  -0.20     0.62
  SINCE OCT 1      0.60                      0.80  -0.20     0.62
  SINCE JAN 1     15.95                     15.15   0.80    19.09

DEGREE DAYS
 HEATING
  TODAY           24                        23      1       11
  MONTH TO DATE  518                       389    129      476
  SINCE SEP 1    864                       708    156      845
  SINCE JUL 1   1023                       866    157     1014

 COOLING
  TODAY            0                         0      0        0
  MONTH TO DATE    0                         0      0        0
  SINCE SEP 1     17                        14      3       10
  SINCE JAN 1    148                       210    -62      197
...................................................................


WIND (MPH)
  HIGHEST WIND SPEED    18   HIGHEST WIND DIRECTION    NW (300)
  HIGHEST GUST SPEED    25   HIGHEST GUST DIRECTION    NW (310)
  AVERAGE WIND SPEED     9.0


SKY COVER
  AVERAGE SKY COVER 0.9


WEATHER CONDITIONS
THE FOLLOWING WEATHER WAS RECORDED TODAY.
  LIGHT RAIN


RELATIVE HUMIDITY (PERCENT)
 HIGHEST    92
 LOWEST     47
 AVERAGE    70

..........................................................


THE LEWISTOWN MT CLIMATE NORMALS FOR TOMORROW
                         NORMAL    RECORD    YEAR
 MAXIMUM TEMPERATURE (F)   55        81      1927
 MINIMUM TEMPERATURE (F)   29         5      1930


SUNRISE AND SUNSET
OCTOBER 20 2019.......SUNRISE   743 AM MDT   SUNSET   622 PM MDT
OCTOBER 21 2019.......SUNRISE   744 AM MDT   SUNSET   620 PM MDT


-  INDICATES NEGATIVE NUMBERS.
R  INDICATES RECORD WAS SET OR TIED.
MM INDICATES DATA IS MISSING.
T  INDICATES TRACE AMOUNT.




$$
