000
CDUS45 KTFX 260738
CLILWT

CLIMATE REPORT
NATIONAL WEATHER SERVICE GREAT FALLS MT
138 AM MDT TUE MAY 26 2020

...................................

...THE LEWISTOWN MT CLIMATE SUMMARY FOR MAY 25 2020...

CLIMATE NORMAL PERIOD 1981 TO 2010
CLIMATE RECORD PERIOD 1896 TO 2020


WEATHER ITEM   OBSERVED TIME   RECORD YEAR NORMAL DEPARTURE LAST
                VALUE   (LST)  VALUE       VALUE  FROM      YEAR
                                                  NORMAL
...................................................................
TEMPERATURE (F)
 YESTERDAY
  MAXIMUM         68    405 PM  92    1928  65      3       62
  MINIMUM         39    342 AM  26    2004  40     -1       38
  AVERAGE         54                        53      1       50

PRECIPITATION (IN)
  YESTERDAY        0.02          1.67 1980   0.11  -0.09     0.23
  MONTH TO DATE    3.72                      2.17   1.55     1.21
  SINCE OCT 1      8.90                      8.08   0.82     7.08
  SINCE JAN 1      6.25                      5.58   0.67     4.65

SNOWFALL (IN)
  YESTERDAY        0.0
  SNOW DEPTH       0

DEGREE DAYS
 HEATING
  YESTERDAY       11                        12     -1       15
  MONTH TO DATE  423                       397     26      494
  SINCE MAR 1   2307                      2100    207     2452
  SINCE JUL 1   8228                      7904    324     8799

 COOLING
  YESTERDAY        0                         0      0        0
  MONTH TO DATE    0                         0      0        0
  SINCE MAR 1      0                         0      0        0
  SINCE JAN 1      0                         0      0        0
...................................................................


WIND (MPH)
  HIGHEST WIND SPEED    17   HIGHEST WIND DIRECTION     W (270)
  HIGHEST GUST SPEED    21   HIGHEST GUST DIRECTION     W (280)
  AVERAGE WIND SPEED     5.5


SKY COVER
  AVERAGE SKY COVER 0.3


WEATHER CONDITIONS
THE FOLLOWING WEATHER WAS RECORDED YESTERDAY.
  LIGHT RAIN


RELATIVE HUMIDITY (PERCENT)
 HIGHEST    89           400 AM
 LOWEST     32           300 PM
 AVERAGE    61

..........................................................


THE LEWISTOWN MT CLIMATE NORMALS FOR TODAY
                         NORMAL    RECORD    YEAR
 MAXIMUM TEMPERATURE (F)   65        90      1936
 MINIMUM TEMPERATURE (F)   41        26      1975


SUNRISE AND SUNSET
MAY 26 2020...........SUNRISE   530 AM MDT   SUNSET   900 PM MDT
MAY 27 2020...........SUNRISE   530 AM MDT   SUNSET   901 PM MDT


-  INDICATES NEGATIVE NUMBERS.
R  INDICATES RECORD WAS SET OR TIED.
MM INDICATES DATA IS MISSING.
T  INDICATES TRACE AMOUNT.




$$
