000
CDUS43 KILX 222129
CLILWV

CLIMATE REPORT
NATIONAL WEATHER SERVICE LINCOLN IL
429 PM CDT THU OCT 22 2020

...................................

...THE LAWRENCEVILLE IL AIRPORT CLIMATE SUMMARY FOR OCTOBER 22 2020...
VALID TODAY AS OF 0400 PM LOCAL TIME.

CLIMATE NORMAL PERIOD 1981 TO 2010
CLIMATE RECORD PERIOD 9999 TO 9999


WEATHER ITEM   OBSERVED TIME   RECORD YEAR NORMAL DEPARTURE LAST
                VALUE   (LST)  VALUE       VALUE  FROM      YEAR
                                                  NORMAL
...................................................................
TEMPERATURE (F)
 TODAY
  MAXIMUM         84    129 PM  MM      MM  67     17       62
  MINIMUM         53    205 AM  MM      MM  44      9       43
  AVERAGE         69                        56     13       53

PRECIPITATION (IN)
  TODAY            0.00         MM      MM   0.13  -0.13     0.00
  MONTH TO DATE    2.30                      3.00  -0.70     2.14
  SINCE SEP 1      2.56                      6.19  -3.63     3.18
  SINCE JAN 1     36.37                     35.54   0.83    44.32

DEGREE DAYS
 HEATING
  TODAY            0                        10    -10       12
  MONTH TO DATE  159                       156      3      147
  SINCE SEP 1    191                       194     -3      147
  SINCE JUL 1    191                       195     -4      147

 COOLING
  TODAY            4                         0      4        0
  MONTH TO DATE   29                        31     -2       43
  SINCE SEP 1    186                       202    -16      317
  SINCE JAN 1   1216                      1385   -169     1511
...................................................................


WIND (MPH)
  HIGHEST WIND SPEED    21   HIGHEST WIND DIRECTION     S (200)
  HIGHEST GUST SPEED    26   HIGHEST GUST DIRECTION     S (190)
  AVERAGE WIND SPEED     7.3


SKY COVER
  POSSIBLE SUNSHINE  MM
  AVERAGE SKY COVER 0.4


WEATHER CONDITIONS
THE FOLLOWING WEATHER WAS RECORDED TODAY.
  FOG
  FOG W/VISIBILITY <= 1/4 MILE
  HAZE


RELATIVE HUMIDITY (PERCENT)
 HIGHEST   100          1200 AM
 LOWEST     29           300 PM
 AVERAGE    65

..........................................................


THE LAWRENCEVILLE IL AIRPORT CLIMATE NORMALS FOR TOMORROW
                         NORMAL    RECORD    YEAR
 MAXIMUM TEMPERATURE (F)   67        MM        MM
 MINIMUM TEMPERATURE (F)   44        MM        MM


SUNRISE AND SUNSET
OCTOBER 22 2020.......SUNRISE   707 AM CDT   SUNSET   602 PM CDT
OCTOBER 23 2020.......SUNRISE   708 AM CDT   SUNSET   600 PM CDT


-  INDICATES NEGATIVE NUMBERS.
R  INDICATES RECORD WAS SET OR TIED.
MM INDICATES DATA IS MISSING.
T  INDICATES TRACE AMOUNT.




$$
