000
CDUS43 KILX 212145
CLILWV


CLIMATE REPORT
NATIONAL WEATHER SERVICE LINCOLN IL
445 PM CDT MON OCT 21 2019


...................................

...THE LAWRENCEVILLE IL AIRPORT CLIMATE SUMMARY FOR OCTOBER 21 2019...
VALID TODAY AS OF 0400 PM LOCAL TIME.

CLIMATE NORMAL PERIOD 1981 TO 2010
CLIMATE RECORD PERIOD 9999 TO 9999


WEATHER ITEM   OBSERVED TIME   RECORD YEAR NORMAL DEPARTURE LAST
                VALUE   (LST)  VALUE       VALUE  FROM      YEAR
                                                  NORMAL
..................................................................
TEMPERATURE (F)
 TODAY
  MAXIMUM         68    259 PM  MM      MM  68      0       54
  MINIMUM         60   1247 AM  MM      MM  44     16       29
  AVERAGE         64                        56      8       42

PRECIPITATION (IN)
  TODAY            0.86         MM      MM   0.14   0.72     0.00
  MONTH TO DATE    2.14                      2.87  -0.73     1.15
  SINCE SEP 1      3.18                      6.06  -2.88     9.39
  SINCE JAN 1     44.32                     35.41   8.91    38.88

DEGREE DAYS
 HEATING
  TODAY            1                        10     -9       23
  MONTH TO DATE  131                       146    -15      188
  SINCE SEP 1    131                       184    -53      203
  SINCE JUL 1    131                       185    -54      204

 COOLING
  TODAY            0                         1     -1        0
  MONTH TO DATE   43                        31     12      113
  SINCE SEP 1    317                       202    115      411
  SINCE JAN 1   1511                      1385    126     1952
..................................................................


WIND (MPH)
  HIGHEST WIND SPEED    29   HIGHEST WIND DIRECTION     S (200)
  HIGHEST GUST SPEED    37   HIGHEST GUST DIRECTION     S (200)
  AVERAGE WIND SPEED    16.6


SKY COVER
  POSSIBLE SUNSHINE  MM
  AVERAGE SKY COVER 0.6


WEATHER CONDITIONS
 THE FOLLOWING WEATHER WAS RECORDED TODAY.
  THUNDERSTORM
  HEAVY RAIN
  RAIN
  LIGHT RAIN
  FOG


RELATIVE HUMIDITY (PERCENT)
 HIGHEST   100           700 AM
 LOWEST     68           300 PM
 AVERAGE    84

..........................................................


THE LAWRENCEVILLE IL AIRPORT CLIMATE NORMALS FOR TOMORROW
                         NORMAL    RECORD    YEAR
 MAXIMUM TEMPERATURE (F)   67        MM        MM
 MINIMUM TEMPERATURE (F)   44        MM        MM


SUNRISE AND SUNSET
OCTOBER 21 2019.......SUNRISE   705 AM CDT   SUNSET   604 PM CDT
OCTOBER 22 2019.......SUNRISE   707 AM CDT   SUNSET   603 PM CDT


-  INDICATES NEGATIVE NUMBERS.
R  INDICATES RECORD WAS SET OR TIED.
MM INDICATES DATA IS MISSING.
T  INDICATES TRACE AMOUNT.




$$
