000
CDUS43 KILX 180646
CLILWV


CLIMATE REPORT
NATIONAL WEATHER SERVICE LINCOLN IL
137 AM CDT THU OCT 18 2018


...................................

...THE LAWRENCEVILLE IL AIRPORT CLIMATE SUMMARY FOR OCTOBER 17 2018...

CLIMATE NORMAL PERIOD 1981 TO 2010
CLIMATE RECORD PERIOD 9999 TO 9999


WEATHER ITEM   OBSERVED TIME   RECORD YEAR NORMAL DEPARTURE LAST
                VALUE   (LST)  VALUE       VALUE  FROM      YEAR
                                                  NORMAL
..................................................................
TEMPERATURE (F)
 YESTERDAY
  MAXIMUM         64   1215 PM  MM      MM  69     -5       68
  MINIMUM         37    618 AM  MM      MM  45     -8       MM
  AVERAGE         51                        57     -6       MM

PRECIPITATION (IN)
  YESTERDAY        0.00         MM      MM   0.13  -0.13     0.00
  MONTH TO DATE    1.12                      2.33  -1.21     3.38
  SINCE SEP 1      9.36                      5.52   3.84     4.13
  SINCE JAN 1     38.85                     34.87   3.98    28.49

DEGREE DAYS
 HEATING
  YESTERDAY       14                         8      6       MM
  MONTH TO DATE  115                       109      6       16
  SINCE SEP 1    130                       147    -17       28
  SINCE JUL 1    131                       148    -17       28

 COOLING
  YESTERDAY        0                         1     -1       MM
  MONTH TO DATE  113                        27     86       70
  SINCE SEP 1    411                       198    213      280
  SINCE JAN 1   1952                      1381    571     1423
..................................................................


WIND (MPH)
  HIGHEST WIND SPEED    24   HIGHEST WIND DIRECTION    NW (300)
  HIGHEST GUST SPEED    31   HIGHEST GUST DIRECTION    NW (310)
  AVERAGE WIND SPEED     8.8


SKY COVER
  POSSIBLE SUNSHINE  MM
  AVERAGE SKY COVER 0.0


WEATHER CONDITIONS
 THE FOLLOWING WEATHER WAS RECORDED YESTERDAY.
  NO SIGNIFICANT WEATHER WAS OBSERVED.


RELATIVE HUMIDITY (PERCENT)
 HIGHEST    93           700 AM
 LOWEST     32          1100 AM
 AVERAGE    63

..........................................................


THE LAWRENCEVILLE IL AIRPORT CLIMATE NORMALS FOR TODAY
                         NORMAL    RECORD    YEAR
 MAXIMUM TEMPERATURE (F)   69        MM        MM
 MINIMUM TEMPERATURE (F)   45        MM        MM


SUNRISE AND SUNSET
OCTOBER 18 2018.......SUNRISE   703 AM CDT   SUNSET   608 PM CDT
OCTOBER 19 2018.......SUNRISE   704 AM CDT   SUNSET   606 PM CDT


-  INDICATES NEGATIVE NUMBERS.
R  INDICATES RECORD WAS SET OR TIED.
MM INDICATES DATA IS MISSING.
T  INDICATES TRACE AMOUNT.




$$
