000
CDUS43 KILX 222241
CLILWV


CLIMATE REPORT
NATIONAL WEATHER SERVICE LINCOLN IL
429 PM CST TUE JAN 22 2019


...................................

...THE LAWRENCEVILLE IL AIRPORT CLIMATE SUMMARY FOR JANUARY 22 2019...
VALID TODAY AS OF 0400 PM LOCAL TIME.

CLIMATE NORMAL PERIOD 1981 TO 2010
CLIMATE RECORD PERIOD 9999 TO 9999


WEATHER ITEM   OBSERVED TIME   RECORD YEAR NORMAL DEPARTURE LAST
                VALUE   (LST)  VALUE       VALUE  FROM      YEAR
                                                  NORMAL
..................................................................
TEMPERATURE (F)
 TODAY
  MAXIMUM         40    359 PM  MM      MM  39      1       58
  MINIMUM         20   1224 AM  MM      MM  23     -3       40
  AVERAGE         30                        31     -1       49

PRECIPITATION (IN)
  TODAY            0.00         MM      MM   0.05  -0.05     0.46
  MONTH TO DATE    1.25                      1.83  -0.58     1.90
  SINCE DEC 1      7.07                      5.22   1.85     2.94
  SINCE JAN 1      1.25                      1.83  -0.58     1.90

DEGREE DAYS
 HEATING
  TODAY           35                        34      1       16
  MONTH TO DATE  668                       748    -80      929
  SINCE DEC 1   1464                      1689   -225     1901
  SINCE JUL 1   2546                      2547     -1     2670

 COOLING
  TODAY            0                         0      0        0
  MONTH TO DATE    0                         0      0        0
  SINCE DEC 1      0                         0      0        0
  SINCE JAN 1      0                         0      0        0
..................................................................


WIND (MPH)
  HIGHEST WIND SPEED    24   HIGHEST WIND DIRECTION     S (170)
  HIGHEST GUST SPEED    33   HIGHEST GUST DIRECTION     S (170)
  AVERAGE WIND SPEED    16.2


SKY COVER
  POSSIBLE SUNSHINE  MM
  AVERAGE SKY COVER 0.5


WEATHER CONDITIONS
 THE FOLLOWING WEATHER WAS RECORDED TODAY.
  NO SIGNIFICANT WEATHER WAS OBSERVED.


RELATIVE HUMIDITY (PERCENT)
 HIGHEST    68           500 AM
 LOWEST     57          1200 AM
 AVERAGE    63

..........................................................


THE LAWRENCEVILLE IL AIRPORT CLIMATE NORMALS FOR TOMORROW
                         NORMAL    RECORD    YEAR
 MAXIMUM TEMPERATURE (F)   39        MM        MM
 MINIMUM TEMPERATURE (F)   23        MM        MM


SUNRISE AND SUNSET
JANUARY 22 2019.......SUNRISE   704 AM CST   SUNSET   500 PM CST
JANUARY 23 2019.......SUNRISE   703 AM CST   SUNSET   502 PM CST


-  INDICATES NEGATIVE NUMBERS.
R  INDICATES RECORD WAS SET OR TIED.
MM INDICATES DATA IS MISSING.
T  INDICATES TRACE AMOUNT.




$$
