000
CDUS43 KILX 200638
CLILWV


CLIMATE REPORT
NATIONAL WEATHER SERVICE LINCOLN IL
136 AM CDT FRI APR 20 2018


...................................

...THE LAWRENCEVILLE IL AIRPORT CLIMATE SUMMARY FOR APRIL 19 2018...

CLIMATE NORMAL PERIOD 1981 TO 2010
CLIMATE RECORD PERIOD 9999 TO 9999


WEATHER ITEM   OBSERVED TIME   RECORD YEAR NORMAL DEPARTURE LAST
                VALUE   (LST)  VALUE       VALUE  FROM      YEAR
                                                  NORMAL
..................................................................
TEMPERATURE (F)
 YESTERDAY
  MAXIMUM         57    512 PM  MM      MM  68    -11       83
  MINIMUM         36    413 AM  MM      MM  47    -11       58
  AVERAGE         47                        57    -10       71

PRECIPITATION (IN)
  YESTERDAY        0.00         MM      MM   0.14  -0.14     0.00
  MONTH TO DATE    2.33                      2.22   0.11     1.53
  SINCE MAR 1      7.49                      5.65   1.84     4.36
  SINCE JAN 1     15.58                     10.04   5.54     8.51

DEGREE DAYS
 HEATING
  YESTERDAY       18                         9      9        0
  MONTH TO DATE  359                       222    137      116
  SINCE MAR 1   1040                       844    196      681
  SINCE JUL 1   4654                      4519    135     3736

 COOLING
  YESTERDAY        0                         1     -1        6
  MONTH TO DATE    2                        13    -11       25
  SINCE MAR 1      2                        15    -13       27
  SINCE JAN 1      3                        15    -12       27
..................................................................


WIND (MPH)
  HIGHEST WIND SPEED    28   HIGHEST WIND DIRECTION    NW (310)
  HIGHEST GUST SPEED    34   HIGHEST GUST DIRECTION    NW (310)
  AVERAGE WIND SPEED    12.9


SKY COVER
  POSSIBLE SUNSHINE  MM
  AVERAGE SKY COVER 0.5


WEATHER CONDITIONS
 THE FOLLOWING WEATHER WAS RECORDED YESTERDAY.
  NO SIGNIFICANT WEATHER WAS OBSERVED.


RELATIVE HUMIDITY (PERCENT)
 HIGHEST    76           700 AM
 LOWEST     35           600 PM
 AVERAGE    56

..........................................................


THE LAWRENCEVILLE IL AIRPORT CLIMATE NORMALS FOR TODAY
                         NORMAL    RECORD    YEAR
 MAXIMUM TEMPERATURE (F)   68        MM        MM
 MINIMUM TEMPERATURE (F)   47        MM        MM


SUNRISE AND SUNSET
APRIL 20 2018.........SUNRISE   607 AM CDT   SUNSET   732 PM CDT
APRIL 21 2018.........SUNRISE   606 AM CDT   SUNSET   733 PM CDT


-  INDICATES NEGATIVE NUMBERS.
R  INDICATES RECORD WAS SET OR TIED.
MM INDICATES DATA IS MISSING.
T  INDICATES TRACE AMOUNT.




$$
