000
CDUS43 KILX 230708
CLILWV


CLIMATE REPORT
NATIONAL WEATHER SERVICE LINCOLN IL
107 AM CST FRI FEB 23 2018


...................................

...THE LAWRENCEVILLE IL AIRPORT CLIMATE SUMMARY FOR FEBRUARY 22 2018...

CLIMATE NORMAL PERIOD 1981 TO 2010
CLIMATE RECORD PERIOD 9999 TO 9999


WEATHER ITEM   OBSERVED TIME   RECORD YEAR NORMAL DEPARTURE LAST
                VALUE   (LST)  VALUE       VALUE  FROM      YEAR
                                                  NORMAL
..................................................................
TEMPERATURE (F)
 YESTERDAY
  MAXIMUM         48    339 PM  MM      MM  47      1       71
  MINIMUM         39   1237 AM  MM      MM  29     10       48
  AVERAGE         44                        38      6       60

PRECIPITATION (IN)
  YESTERDAY        0.20         MM      MM   0.06   0.14     0.00
  MONTH TO DATE    3.17                      1.64   1.53     0.31
  SINCE DEC 1      6.56                      7.41  -0.85     5.42
  SINCE JAN 1      5.52                      4.02   1.50     3.75

DEGREE DAYS
 HEATING
  YESTERDAY       21                        27     -6        5
  MONTH TO DATE  610                       668    -58      476
  SINCE DEC 1   2755                      2661     94     2341
  SINCE JUL 1   3524                      3519      5     2963

 COOLING
  YESTERDAY        0                         0      0        0
  MONTH TO DATE    1                         0      1        0
  SINCE DEC 1      1                         0      1        0
  SINCE JAN 1      1                         0      1        0
..................................................................


WIND (MPH)
  HIGHEST WIND SPEED    24   HIGHEST WIND DIRECTION     E (80)
  HIGHEST GUST SPEED    29   HIGHEST GUST DIRECTION     E (80)
  AVERAGE WIND SPEED    10.7


SKY COVER
  POSSIBLE SUNSHINE  MM
  AVERAGE SKY COVER 1.0


WEATHER CONDITIONS
 THE FOLLOWING WEATHER WAS RECORDED YESTERDAY.
  RAIN
  LIGHT RAIN
  FOG


RELATIVE HUMIDITY (PERCENT)
 HIGHEST   100           200 AM
 LOWEST     86          1000 AM
 AVERAGE    93

..........................................................


THE LAWRENCEVILLE IL AIRPORT CLIMATE NORMALS FOR TODAY
                         NORMAL    RECORD    YEAR
 MAXIMUM TEMPERATURE (F)   47        MM        MM
 MINIMUM TEMPERATURE (F)   29        MM        MM


SUNRISE AND SUNSET
FEBRUARY 23 2018......SUNRISE   631 AM CST   SUNSET   537 PM CST
FEBRUARY 24 2018......SUNRISE   630 AM CST   SUNSET   538 PM CST


-  INDICATES NEGATIVE NUMBERS.
R  INDICATES RECORD WAS SET OR TIED.
MM INDICATES DATA IS MISSING.
T  INDICATES TRACE AMOUNT.




$$
