000
CDUS41 KRNK 250911
CLILYH

CLIMATE REPORT
NATIONAL WEATHER SERVICE BLACKSBURG, VA
511 AM EDT SUN OCT 25 2020

...................................

...THE LYNCHBURG VA CLIMATE SUMMARY FOR OCTOBER 24 2020...

CLIMATE NORMAL PERIOD: 1981 TO 2010
CLIMATE RECORD PERIOD: 1893 TO 2020


WEATHER ITEM   OBSERVED TIME   RECORD YEAR NORMAL DEPARTURE LAST
                VALUE   (LST)  VALUE       VALUE  FROM      YEAR
                                                  NORMAL
...................................................................
TEMPERATURE (F)
 YESTERDAY
  MAXIMUM         82   2:16 PM  83    2001  66     16       69
                                      2012
  MINIMUM         57  12:20 AM  21    1969  41     16       34
  AVERAGE         70                        54     16       52

PRECIPITATION (IN)
  YESTERDAY        0.02          2.26 2007   0.10  -0.08     0.00
  MONTH TO DATE    2.41                      2.38   0.03     3.88
  SINCE SEP 1      8.89                      6.26   2.63     4.05
  SINCE JAN 1     51.85                     34.19  17.66    31.63

SNOWFALL (IN)
  YESTERDAY        0.0                                       0.0
  MONTH TO DATE    0.0                                       0.0
  SINCE SEP 1      0.0                                       0.0
  SINCE JUL 1      0.0                                       0.0
  SNOW DEPTH       0

DEGREE DAYS
 HEATING
  YESTERDAY        0                        11    -11       13
  MONTH TO DATE  100                       198    -98      135
  SINCE SEP 1    162                       256    -94      140
  SINCE JUL 1    162                       259    -97      140

 COOLING
  YESTERDAY        5                         0      5        0
  MONTH TO DATE   22                        11     11       60
  SINCE SEP 1    180                       129     51      359
  SINCE JAN 1   1489                      1027    462     1574
...................................................................


WIND (MPH)
  RESULTANT WIND SPEED   1   RESULTANT WIND DIRECTION  SW (220)
  HIGHEST WIND SPEED    13   HIGHEST WIND DIRECTION    NE (40)
  HIGHEST GUST SPEED    20   HIGHEST GUST DIRECTION    NE (50)
  AVERAGE WIND SPEED     4.2


SKY COVER
  AVERAGE SKY COVER 0.5


WEATHER CONDITIONS
THE FOLLOWING WEATHER WAS RECORDED YESTERDAY.
  LIGHT RAIN
  FOG
  FOG W/VISIBILITY <= 1/4 MILE


RELATIVE HUMIDITY (PERCENT)
 HIGHEST    96          12:00 AM
 LOWEST     47           1:00 PM
 AVERAGE    72

..........................................................


THE LYNCHBURG VA CLIMATE NORMALS FOR TODAY
                         NORMAL    RECORD    YEAR
 MAXIMUM TEMPERATURE (F)   66        86      1921
 MINIMUM TEMPERATURE (F)   41        27      2006
                                             2013


SUNRISE AND SUNSET
OCTOBER 25 2020.......SUNRISE   7:35 AM EDT   SUNSET   6:26 PM EDT
OCTOBER 26 2020.......SUNRISE   7:36 AM EDT   SUNSET   6:25 PM EDT


-  INDICATES NEGATIVE NUMBERS.
R  INDICATES RECORD WAS SET OR TIED.
MM INDICATES DATA IS MISSING.
T  INDICATES TRACE AMOUNT.




$$
