000
CDUS41 KRNK 152109
CLILYH


CLIMATE REPORT
NATIONAL WEATHER SERVICE BLACKSBURG VA
507 PM EDT MON OCT 15 2018


...................................

...THE LYNCHBURG VA CLIMATE SUMMARY FOR OCTOBER 15 2018...
VALID TODAY AS OF 0500 PM LOCAL TIME.

CLIMATE NORMAL PERIOD 1981 TO 2010
CLIMATE RECORD PERIOD 1893 TO 2018


WEATHER ITEM   OBSERVED TIME   RECORD YEAR NORMAL DEPARTURE LAST
                VALUE   (LST)  VALUE       VALUE  FROM      YEAR
                                                  NORMAL
..................................................................
TEMPERATURE (F)
 TODAY
  MAXIMUM         77    253 PM  89    1897  69      8       81
  MINIMUM         53    430 AM  27    2006  44      9       54
  AVERAGE         65                        56      9       68

PRECIPITATION (IN)
  TODAY            T             4.98 1954   0.10  -0.10     0.00
  MONTH TO DATE    3.18                      1.49   1.69     1.48
  SINCE SEP 1      9.95                      5.37   4.58     3.39
  SINCE JAN 1     49.89                     33.30  16.59    30.12

SNOWFALL (IN)
  TODAY            0.0                                       0.0
  MONTH TO DATE    0.0                                       0.0
  SINCE SEP 1      0.0                                       0.0
  SINCE JUL 1      0.0                                       0.0
  SNOW DEPTH       0

DEGREE DAYS
 HEATING
  TODAY            0                         9     -9        0
  MONTH TO DATE   33                       106    -73       30
  SINCE SEP 1     41                       164   -123       81
  SINCE JUL 1     41                       167   -126       83

 COOLING
  TODAY            0                         0      0        3
  MONTH TO DATE   88                        11     77       55
  SINCE SEP 1    327                       129    198      196
  SINCE JAN 1   1515                      1027    488     1174
..................................................................


WIND (MPH)
  HIGHEST WIND SPEED    17   HIGHEST WIND DIRECTION     S (200)
  HIGHEST GUST SPEED    22   HIGHEST GUST DIRECTION     S (200)
  AVERAGE WIND SPEED     5.4


SKY COVER
  AVERAGE SKY COVER 0.8


WEATHER CONDITIONS
 THE FOLLOWING WEATHER WAS RECORDED TODAY.
  LIGHT RAIN
  FOG


RELATIVE HUMIDITY (PERCENT)
 HIGHEST   100           400 AM
 LOWEST     64          1200 PM
 AVERAGE    82

..........................................................


THE LYNCHBURG VA CLIMATE NORMALS FOR TOMORROW
                         NORMAL    RECORD    YEAR
 MAXIMUM TEMPERATURE (F)   68        89      1897
 MINIMUM TEMPERATURE (F)   44        31      1944
                                             1939
                                             1937


SUNRISE AND SUNSET
OCTOBER 15 2018.......SUNRISE   725 AM EDT   SUNSET   640 PM EDT
OCTOBER 16 2018.......SUNRISE   726 AM EDT   SUNSET   638 PM EDT


-  INDICATES NEGATIVE NUMBERS.
R  INDICATES RECORD WAS SET OR TIED.
MM INDICATES DATA IS MISSING.
T  INDICATES TRACE AMOUNT.


$$

PW
