000
CDUS41 KRNK 240848
CLILYH


CLIMATE REPORT
NATIONAL WEATHER SERVICE BLACKSBURG VA
342 AM EST SAT FEB 24 2018


...................................

...THE LYNCHBURG VA CLIMATE SUMMARY FOR FEBRUARY 23 2018...

CLIMATE NORMAL PERIOD 1981 TO 2010
CLIMATE RECORD PERIOD 1893 TO 2018


WEATHER ITEM   OBSERVED TIME   RECORD YEAR NORMAL DEPARTURE LAST
                VALUE   (LST)  VALUE       VALUE  FROM      YEAR
                                                  NORMAL
..................................................................
TEMPERATURE (F)
 YESTERDAY
  MAXIMUM         52    517 PM  74    1943  51      1       73
  MINIMUM         43    932 AM  11    1978  29     14       MM
                                      1968
                                      1963
  AVERAGE         48                        40      8       MM

PRECIPITATION (IN)
  YESTERDAY        T             1.62 1984   0.10  -0.10     0.00
  MONTH TO DATE    5.68                      2.41   3.27     0.47
  SINCE DEC 1      9.31                      8.79   0.52     7.35
  SINCE JAN 1      8.62                      5.55   3.07     4.25

SNOWFALL (IN)
  YESTERDAY        0.0                                       0.0
  MONTH TO DATE    0.2                                       0.0
  SINCE DEC 1      5.7                                       5.9
  SINCE JUL 1      5.7                                       5.9
  SNOW DEPTH       0

DEGREE DAYS
 HEATING
  YESTERDAY       17                        25     -8       MM
  MONTH TO DATE  499                       629   -130      425
  SINCE DEC 1   2340                      2407    -67     2003
  SINCE JUL 1   3155                      3301   -146     2633

 COOLING
  YESTERDAY        0                         0      0       MM
  MONTH TO DATE    0                         0      0        1
  SINCE DEC 1      0                         0      0        1
  SINCE JAN 1      0                         0      0        1
..................................................................


WIND (MPH)
  HIGHEST WIND SPEED    17   HIGHEST WIND DIRECTION    NE (40)
  HIGHEST GUST SPEED    21   HIGHEST GUST DIRECTION    NE (30)
  AVERAGE WIND SPEED     5.8


SKY COVER
  AVERAGE SKY COVER 1.0


WEATHER CONDITIONS
 THE FOLLOWING WEATHER WAS RECORDED YESTERDAY.
  LIGHT RAIN
  FOG
  FOG W/VISIBILITY <= 1/4 MILE


RELATIVE HUMIDITY (PERCENT)
 HIGHEST   100           600 AM
 LOWEST     77           400 PM
 AVERAGE    89

..........................................................


THE LYNCHBURG VA CLIMATE NORMALS FOR TODAY
                         NORMAL    RECORD    YEAR
 MAXIMUM TEMPERATURE (F)   51        79      2012
                                             1985
 MINIMUM TEMPERATURE (F)   29        10      1947


SUNRISE AND SUNSET
FEBRUARY 24 2018......SUNRISE   655 AM EST   SUNSET   606 PM EST
FEBRUARY 25 2018......SUNRISE   653 AM EST   SUNSET   607 PM EST


-  INDICATES NEGATIVE NUMBERS.
R  INDICATES RECORD WAS SET OR TIED.
MM INDICATES DATA IS MISSING.
T  INDICATES TRACE AMOUNT.




$$
