000
CDUS41 KRNK 200629
CLILYH


CLIMATE REPORT
NATIONAL WEATHER SERVICE BLACKSBURG VA
227 AM EDT FRI APR 20 2018


...................................

...THE LYNCHBURG VA CLIMATE SUMMARY FOR APRIL 19 2018...

CLIMATE NORMAL PERIOD 1981 TO 2010
CLIMATE RECORD PERIOD 1893 TO 2018


WEATHER ITEM   OBSERVED TIME   RECORD YEAR NORMAL DEPARTURE LAST
                VALUE   (LST)  VALUE       VALUE  FROM      YEAR
                                                  NORMAL
..................................................................
TEMPERATURE (F)
 YESTERDAY
  MAXIMUM         68   1214 AM  92    1941  69     -1       56
                                      1896
  MINIMUM         36   1145 PM  28    2001  44     -8       50
                                      1936
  AVERAGE         52                        56     -4       53

PRECIPITATION (IN)
  YESTERDAY        T             1.64 1943   0.11  -0.11     0.11
  MONTH TO DATE    1.84                      2.11  -0.27     1.13
  SINCE MAR 1      4.91                      5.69  -0.78     3.79
  SINCE JAN 1     13.57                     11.76   1.81     8.17

SNOWFALL (IN)
  YESTERDAY        0.0                                       0.0
  MONTH TO DATE    0.5                                       0.0
  SINCE MAR 1      8.2                                        T
  SINCE JUL 1     13.9                                       5.9
  SNOW DEPTH       0

DEGREE DAYS
 HEATING
  YESTERDAY       13                         9      4       12
  MONTH TO DATE  252                       218     34      112
  SINCE MAR 1    974                       813    161      651
  SINCE JUL 1   4202                      4237    -35     3360

 COOLING
  YESTERDAY        0                         1     -1        0
  MONTH TO DATE   11                         7      4       16
  SINCE MAR 1     11                         9      2       16
  SINCE JAN 1     11                         9      2       17
..................................................................


WIND (MPH)
  HIGHEST WIND SPEED    21   HIGHEST WIND DIRECTION    NW (300)
  HIGHEST GUST SPEED    32   HIGHEST GUST DIRECTION     W (270)
  AVERAGE WIND SPEED     7.6


SKY COVER
  AVERAGE SKY COVER 0.4


WEATHER CONDITIONS
 THE FOLLOWING WEATHER WAS RECORDED YESTERDAY.
  LIGHT RAIN


RELATIVE HUMIDITY (PERCENT)
 HIGHEST    64           700 AM
 LOWEST     38           200 PM
 AVERAGE    51

..........................................................


THE LYNCHBURG VA CLIMATE NORMALS FOR TODAY
                         NORMAL    RECORD    YEAR
 MAXIMUM TEMPERATURE (F)   70        91      1985
 MINIMUM TEMPERATURE (F)   44        30      1997


SUNRISE AND SUNSET
APRIL 20 2018.........SUNRISE   635 AM EDT   SUNSET   757 PM EDT
APRIL 21 2018.........SUNRISE   634 AM EDT   SUNSET   757 PM EDT


-  INDICATES NEGATIVE NUMBERS.
R  INDICATES RECORD WAS SET OR TIED.
MM INDICATES DATA IS MISSING.
T  INDICATES TRACE AMOUNT.

$$
RCS
