386
CDUS41 KRNK 130717
CLILYH


CLIMATE REPORT
NATIONAL WEATHER SERVICE BLACKSBURG VA
317 AM EDT SUN OCT 13 2019


...................................

...THE LYNCHBURG VA CLIMATE SUMMARY FOR OCTOBER 12 2019...

CLIMATE NORMAL PERIOD 1981 TO 2010
CLIMATE RECORD PERIOD 1893 TO 2019


WEATHER ITEM   OBSERVED TIME   RECORD YEAR NORMAL DEPARTURE LAST
                VALUE   (LST)  VALUE       VALUE  FROM      YEAR
                                                  NORMAL
..................................................................
TEMPERATURE (F)
 YESTERDAY
  MAXIMUM         79    255 PM  86    1933  70      9       69
  MINIMUM         50    336 AM  27    1964  45      5       47
                                      1906
  AVERAGE         65                        57      8       58

PRECIPITATION (IN)
  YESTERDAY        T             1.97 1990   0.10  -0.10     0.00
  MONTH TO DATE    0.33                      1.19  -0.86     3.14
  SINCE SEP 1      0.50                      5.07  -4.57     9.91
  SINCE JAN 1     28.08                     33.00  -4.92    49.85

SNOWFALL (IN)
  YESTERDAY        0.0                                       0.0
  MONTH TO DATE    0.0                                       0.0
  SINCE SEP 1      0.0                                       0.0
  SINCE JUL 1      0.0                                       0.0
  SNOW DEPTH       0

DEGREE DAYS
 HEATING
  YESTERDAY        0                         8     -8        7
  MONTH TO DATE   20                        80    -60        7
  SINCE SEP 1     25                       138   -113       15
  SINCE JUL 1     25                       141   -116       15

 COOLING
  YESTERDAY        0                         0      0        0
  MONTH TO DATE   60                        11     49       88
  SINCE SEP 1    359                       129    230      327
  SINCE JAN 1   1574                      1027    547     1515
..................................................................


WIND (MPH)
  HIGHEST WIND SPEED    10   HIGHEST WIND DIRECTION     W (250)
  HIGHEST GUST SPEED    15   HIGHEST GUST DIRECTION    SW (240)
  AVERAGE WIND SPEED     2.0


SKY COVER
  AVERAGE SKY COVER 0.4


WEATHER CONDITIONS
 THE FOLLOWING WEATHER WAS RECORDED YESTERDAY.
  LIGHT RAIN


RELATIVE HUMIDITY (PERCENT)
 HIGHEST    96          1200 AM
 LOWEST     47           200 PM
 AVERAGE    72

..........................................................


THE LYNCHBURG VA CLIMATE NORMALS FOR TODAY
                         NORMAL    RECORD    YEAR
 MAXIMUM TEMPERATURE (F)   69        89      1954
 MINIMUM TEMPERATURE (F)   45        29      1988


SUNRISE AND SUNSET
OCTOBER 13 2019.......SUNRISE   723 AM EDT   SUNSET   643 PM EDT
OCTOBER 14 2019.......SUNRISE   724 AM EDT   SUNSET   641 PM EDT


-  INDICATES NEGATIVE NUMBERS.
R  INDICATES RECORD WAS SET OR TIED.
MM INDICATES DATA IS MISSING.
T  INDICATES TRACE AMOUNT.




$$
