000
CDUS41 KRNK 230530
CLILYH


CLIMATE REPORT
NATIONAL WEATHER SERVICE BLACKSBURG VA
1228 AM EST WED JAN 23 2019


...................................

...THE LYNCHBURG VA CLIMATE SUMMARY FOR JANUARY 22 2019...

CLIMATE NORMAL PERIOD 1981 TO 2010
CLIMATE RECORD PERIOD 1893 TO 2019


WEATHER ITEM   OBSERVED TIME   RECORD YEAR NORMAL DEPARTURE LAST
                VALUE   (LST)  VALUE       VALUE  FROM      YEAR
                                                  NORMAL
..................................................................
TEMPERATURE (F)
 YESTERDAY
  MAXIMUM         34    438 PM  74    1932  46    -12       63
  MINIMUM         11    707 AM  -4    1970  25    -14       38
  AVERAGE         23                        35    -12       51

PRECIPITATION (IN)
  YESTERDAY        0.00          1.60 1954   0.11  -0.11     0.00
  MONTH TO DATE    1.79                      2.23  -0.44     1.80
  SINCE DEC 1      8.93                      5.47   3.46     2.49
  SINCE JAN 1      1.79                      2.23  -0.44     1.80

SNOWFALL (IN)
  YESTERDAY        0.0                                       0.0
  MONTH TO DATE    4.7                                       4.0
  SINCE DEC 1     16.4                                       5.5
  SINCE JUL 1     16.4                                       5.5
  SNOW DEPTH       0

DEGREE DAYS
 HEATING
  YESTERDAY       42                        30     12       14
  MONTH TO DATE  616                       660    -44      755
  SINCE DEC 1   1400                      1511   -111     1607
  SINCE JUL 1   2300                      2405   -105     2422

 COOLING
  YESTERDAY        0                         0      0        0
  MONTH TO DATE    0                         0      0        0
  SINCE DEC 1      0                         0      0        0
  SINCE JAN 1      0                         0      0        0
..................................................................


WIND (MPH)
  HIGHEST WIND SPEED    12   HIGHEST WIND DIRECTION    SW (210)
  HIGHEST GUST SPEED    14   HIGHEST GUST DIRECTION     S (160)
  AVERAGE WIND SPEED     3.6


SKY COVER
  AVERAGE SKY COVER 0.1


WEATHER CONDITIONS
 THE FOLLOWING WEATHER WAS RECORDED YESTERDAY.
  NO SIGNIFICANT WEATHER WAS OBSERVED.


RELATIVE HUMIDITY (PERCENT)
 HIGHEST    76           700 AM
 LOWEST     24           300 PM
 AVERAGE    50

..........................................................


THE LYNCHBURG VA CLIMATE NORMALS FOR TODAY
                         NORMAL    RECORD    YEAR
 MAXIMUM TEMPERATURE (F)   46        74      1967
 MINIMUM TEMPERATURE (F)   25        -1      1936


SUNRISE AND SUNSET
JANUARY 23 2019.......SUNRISE   726 AM EST   SUNSET   531 PM EST
JANUARY 24 2019.......SUNRISE   726 AM EST   SUNSET   532 PM EST


-  INDICATES NEGATIVE NUMBERS.
R  INDICATES RECORD WAS SET OR TIED.
MM INDICATES DATA IS MISSING.
T  INDICATES TRACE AMOUNT.




$$
