000
CDUS41 KRNK 172122
CLILYH


CLIMATE REPORT
NATIONAL WEATHER SERVICE BLACKSBURG VA
520 PM EDT TUE JUL 17 2018


...................................

...THE LYNCHBURG VA CLIMATE SUMMARY FOR JULY 17 2018...
VALID TODAY AS OF 0500 PM LOCAL TIME.

CLIMATE NORMAL PERIOD 1981 TO 2010
CLIMATE RECORD PERIOD 1893 TO 2018


WEATHER ITEM   OBSERVED TIME   RECORD YEAR NORMAL DEPARTURE LAST
                VALUE   (LST)  VALUE       VALUE  FROM      YEAR
                                                  NORMAL
..................................................................
TEMPERATURE (F)
 TODAY
  MAXIMUM         92    223 PM 100    1980  87      5       89
                                      1942
  MINIMUM         71    608 AM  55    2004  64      7       65
  AVERAGE         82                        75      7       77

PRECIPITATION (IN)
  TODAY            T             3.17 1973   0.14  -0.14      T
  MONTH TO DATE    1.85                      2.35  -0.50     1.34
  SINCE JUN 1      6.72                      5.97   0.75     3.43
  SINCE JAN 1     31.57                     22.66   8.91    22.53

SNOWFALL (IN)
  TODAY            0.0                                       0.0
  MONTH TO DATE    0.0                                       0.0
  SINCE JUN 1      0.0                                       0.0
  SINCE JUL 1      0.0                                       0.0
  SNOW DEPTH       0

DEGREE DAYS
 HEATING
  TODAY            0                         0      0        0
  MONTH TO DATE    0                         0      0        0
  SINCE JUN 1      0                        14    -14        4
  SINCE JUL 1      0                         0      0        0

 COOLING
  TODAY           17                        10      7       12
  MONTH TO DATE  220                       170     50      217
  SINCE JUN 1    508                       384    124      423
  SINCE JAN 1    714                       466    248      559
..................................................................


WIND (MPH)
  HIGHEST WIND SPEED    13   HIGHEST WIND DIRECTION     S (180)
  HIGHEST GUST SPEED    17   HIGHEST GUST DIRECTION     W (280)
  AVERAGE WIND SPEED     5.6


SKY COVER
  AVERAGE SKY COVER 0.1


WEATHER CONDITIONS
 THE FOLLOWING WEATHER WAS RECORDED TODAY.
  LIGHT RAIN


RELATIVE HUMIDITY (PERCENT)
 HIGHEST    93           300 AM
 LOWEST     52           200 PM
 AVERAGE    73

..........................................................


THE LYNCHBURG VA CLIMATE NORMALS FOR TOMORROW
                         NORMAL    RECORD    YEAR
 MAXIMUM TEMPERATURE (F)   87        99      1942
 MINIMUM TEMPERATURE (F)   64        55      1924


SUNRISE AND SUNSET
JULY 17 2018..........SUNRISE   610 AM EDT   SUNSET   836 PM EDT
JULY 18 2018..........SUNRISE   610 AM EDT   SUNSET   835 PM EDT


-  INDICATES NEGATIVE NUMBERS.
R  INDICATES RECORD WAS SET OR TIED.
MM INDICATES DATA IS MISSING.
T  INDICATES TRACE AMOUNT.




$$
