197
CDUS41 KRNK 110713
CLILYH


CLIMATE REPORT
NATIONAL WEATHER SERVICE BLACKSBURG VA
213 AM EST WED DEC 11 2019


...................................

...THE LYNCHBURG VA CLIMATE SUMMARY FOR DECEMBER 10 2019...

CLIMATE NORMAL PERIOD 1981 TO 2010
CLIMATE RECORD PERIOD 1893 TO 2019


WEATHER ITEM   OBSERVED TIME   RECORD YEAR NORMAL DEPARTURE LAST
                VALUE   (LST)  VALUE       VALUE  FROM      YEAR
                                                  NORMAL
..................................................................
TEMPERATURE (F)
 YESTERDAY
  MAXIMUM         58    218 PM  75    2007  49      9       41
  MINIMUM         41   1159 PM   7    1917  28     13       19
  AVERAGE         50                        39     11       30

PRECIPITATION (IN)
  YESTERDAY        0.16          1.63 1967   0.11   0.05     0.02
  MONTH TO DATE    1.27                      1.14   0.13     1.33
  SINCE DEC 1      1.27                      1.14   0.13     1.33
  SINCE JAN 1     37.44                     39.47  -2.03    59.89

SNOWFALL (IN)
  YESTERDAY        0.0                                       0.2
  MONTH TO DATE    0.0                                      11.7
  SINCE DEC 1      0.0                                      11.7
  SINCE JUL 1      T                                        11.7
  SNOW DEPTH       0

DEGREE DAYS
 HEATING
  YESTERDAY       15                        26    -11       35
  MONTH TO DATE  226                       251    -25      270
  SINCE DEC 1    226                       251    -25      270
  SINCE JUL 1    975                      1145   -170     1170

 COOLING
  YESTERDAY        0                         0      0        0
  MONTH TO DATE    0                         0      0        0
  SINCE DEC 1      0                         0      0        0
  SINCE JAN 1   1575                      1032    543     1515
..................................................................


WIND (MPH)
  HIGHEST WIND SPEED    15   HIGHEST WIND DIRECTION     S (200)
  HIGHEST GUST SPEED    21   HIGHEST GUST DIRECTION     S (200)
  AVERAGE WIND SPEED     6.6


SKY COVER
  AVERAGE SKY COVER 1.0


WEATHER CONDITIONS
 THE FOLLOWING WEATHER WAS RECORDED YESTERDAY.
  LIGHT RAIN
  FOG


RELATIVE HUMIDITY (PERCENT)
 HIGHEST    96           300 AM
 LOWEST     80           800 PM
 AVERAGE    88

..........................................................


THE LYNCHBURG VA CLIMATE NORMALS FOR TODAY
                         NORMAL    RECORD    YEAR
 MAXIMUM TEMPERATURE (F)   49        71      2015
                                             1897
 MINIMUM TEMPERATURE (F)   28         7      1968


SUNRISE AND SUNSET
DECEMBER 11 2019......SUNRISE   721 AM EST   SUNSET   459 PM EST
DECEMBER 12 2019......SUNRISE   721 AM EST   SUNSET   459 PM EST


-  INDICATES NEGATIVE NUMBERS.
R  INDICATES RECORD WAS SET OR TIED.
MM INDICATES DATA IS MISSING.
T  INDICATES TRACE AMOUNT.

REMARKS:
DUE TO MISSING TEMPERATURES FROM NOVEMBER 27-30, ALL TEMPERATURE AND
HEATING DEGREE DAY INFORMATION WILL BE CALCULATED WITHOUT DATA FROM
THIS DATE.

$$
