000
CDUS44 KLZK 182108
CLILZK


CLIMATE REPORT
NATIONAL WEATHER SERVICE LITTLE ROCK AR
407 PM CDT THU OCT 18 2018


...................................

...THE NORTH LITTLE ROCK CLIMATE SUMMARY FOR OCTOBER 18 2018...
VALID TODAY AS OF 0400 PM LOCAL TIME.

CLIMATE NORMAL PERIOD 1981 TO 2010
CLIMATE RECORD PERIOD 1975 TO 2018


WEATHER ITEM   OBSERVED TIME   RECORD YEAR NORMAL DEPARTURE LAST
                VALUE   (LST)  VALUE       VALUE  FROM      YEAR
                                                  NORMAL
..................................................................
TEMPERATURE (F)
 TODAY
  MAXIMUM         64    130 PM  89    2005  73     -9       77
  MINIMUM         51    710 AM  34    1976  54     -3       49
  AVERAGE         58                        63     -5       63

PRECIPITATION (IN)
  TODAY            0.00          4.02 1984   0.18  -0.18     0.00
  MONTH TO DATE    5.60                      2.62   2.98     0.67
  SINCE SEP 1     11.49                      5.93   5.56     0.95
  SINCE JAN 1     51.33                     37.45  13.88    43.54

SNOWFALL (IN)
  TODAY            0.0          MM      MM   0.0    0.0      0.0
  MONTH TO DATE    0.0                       0.0    0.0      0.0
  SINCE SEP 1      0.0                       0.0    0.0      0.0
  SINCE JUL 1      T                         0.0    0.0       T
  SNOW DEPTH       0

DEGREE DAYS
 HEATING
  TODAY            7                         4      3        2
  MONTH TO DATE   74                        48     26       19
  SINCE SEP 1     81                        61     20       20
  SINCE JUL 1     81                        61     20       20

 COOLING
  TODAY            0                         2     -2        0
  MONTH TO DATE  119                        61     58      126
  SINCE SEP 1    426                       358     68      450
  SINCE JAN 1   2264                      2135    129     2047
..................................................................


WIND (MPH)
  HIGHEST WIND SPEED    13   HIGHEST WIND DIRECTION     E (90)
  HIGHEST GUST SPEED    18   HIGHEST GUST DIRECTION     E (90)
  AVERAGE WIND SPEED    10.0


SKY COVER
  POSSIBLE SUNSHINE  MM
  AVERAGE SKY COVER 0.0


WEATHER CONDITIONS
 THE FOLLOWING WEATHER WAS RECORDED TODAY.
  NO SIGNIFICANT WEATHER WAS OBSERVED.


RELATIVE HUMIDITY (PERCENT)
 HIGHEST    83           200 AM
 LOWEST     60          1100 AM
 AVERAGE    72

..........................................................


THE NORTH LITTLE ROCK CLIMATE NORMALS FOR TOMORROW
                         NORMAL    RECORD    YEAR
 MAXIMUM TEMPERATURE (F)   72        87      2005
                                             2004
 MINIMUM TEMPERATURE (F)   53        35      1989


SUNRISE AND SUNSET
OCTOBER 18 2018.......SUNRISE   717 AM CDT   SUNSET   630 PM CDT
OCTOBER 19 2018.......SUNRISE   718 AM CDT   SUNSET   629 PM CDT


-  INDICATES NEGATIVE NUMBERS.
R  INDICATES RECORD WAS SET OR TIED.
MM INDICATES DATA IS MISSING.
T  INDICATES TRACE AMOUNT.




$$
