000
CDUS44 KLZK 190645
CLILZK


CLIMATE REPORT
NATIONAL WEATHER SERVICE LITTLE ROCK AR
145 AM CDT THU JUL 19 2018


...................................

...THE NORTH LITTLE ROCK CLIMATE SUMMARY FOR JULY 18 2018...

CLIMATE NORMAL PERIOD 1981 TO 2010
CLIMATE RECORD PERIOD 1975 TO 2018


WEATHER ITEM   OBSERVED TIME   RECORD YEAR NORMAL DEPARTURE LAST
                VALUE   (LST)  VALUE       VALUE  FROM      YEAR
                                                  NORMAL
..................................................................
TEMPERATURE (F)
 YESTERDAY
  MAXIMUM         81        MM 106    1980  92    -11       92
  MINIMUM         73        MM  61    2014  73      0       71
                                      2009
  AVERAGE         77                        83     -6       82

PRECIPITATION (IN)
  YESTERDAY        0.13          0.47 1991   0.12   0.01     0.00
  MONTH TO DATE    2.05                      2.23  -0.18     4.65
  SINCE JUN 1      4.71                      5.54  -0.83    10.77
  SINCE JAN 1     32.41                     27.14   5.27    36.76

SNOWFALL (IN)
  YESTERDAY        0.0          MM      MM   0.0    0.0      0.0
  MONTH TO DATE    0.0                       0.0    0.0       T
  SINCE JUN 1      T                         0.0    0.0       T
  SINCE JUL 1      0.0                       0.0    0.0       T
  SNOW DEPTH      MM

DEGREE DAYS
 HEATING
  YESTERDAY        0                         0      0        0
  MONTH TO DATE    0                         0      0        0
  SINCE JUN 1      0                         1     -1        0
  SINCE JUL 1      0                         0      0        0

 COOLING
  YESTERDAY       12                        18     -6       17
  MONTH TO DATE  341                       310     31      288
  SINCE JUN 1    828                       723    105      642
  SINCE JAN 1   1191                      1019    172      945
..................................................................


WIND (MPH)
  HIGHEST WIND SPEED     9   HIGHEST WIND DIRECTION     N (340)
  HIGHEST GUST SPEED    MM   HIGHEST GUST DIRECTION    MM
  AVERAGE WIND SPEED     2.4


SKY COVER
  POSSIBLE SUNSHINE  MM
  AVERAGE SKY COVER 0.0


WEATHER CONDITIONS
 THE FOLLOWING WEATHER WAS RECORDED YESTERDAY.
  LIGHT RAIN


RELATIVE HUMIDITY (PERCENT)
 HIGHEST   100          1100 AM
 LOWEST     85           300 PM
 AVERAGE    93

..........................................................


THE NORTH LITTLE ROCK CLIMATE NORMALS FOR TODAY
                         NORMAL    RECORD    YEAR
 MAXIMUM TEMPERATURE (F)   92       104      2006
                                             2000
 MINIMUM TEMPERATURE (F)   73        63      2014


SUNRISE AND SUNSET
JULY 19 2018..........SUNRISE   610 AM CDT   SUNSET   821 PM CDT
JULY 20 2018..........SUNRISE   610 AM CDT   SUNSET   820 PM CDT


-  INDICATES NEGATIVE NUMBERS.
R  INDICATES RECORD WAS SET OR TIED.
MM INDICATES DATA IS MISSING.
T  INDICATES TRACE AMOUNT.




$$
