000
CDUS44 KLZK 220646
CLILZK


CLIMATE REPORT
NATIONAL WEATHER SERVICE LITTLE ROCK AR
145 AM CDT THU OCT 22 2020


...................................

...THE NORTH LITTLE ROCK CLIMATE SUMMARY FOR OCTOBER 21 2020...

CLIMATE NORMAL PERIOD 1981 TO 2010
CLIMATE RECORD PERIOD 1975 TO 2020


WEATHER ITEM   OBSERVED TIME   RECORD YEAR NORMAL DEPARTURE LAST
                VALUE   (LST)  VALUE       VALUE  FROM      YEAR
                                                  NORMAL
..................................................................
TEMPERATURE (F)
 YESTERDAY
  MAXIMUM         84        MM  91    2003  72     12       73
  MINIMUM         62        MM  39    1987  53      9       57
  AVERAGE         73                        62     11       65

PRECIPITATION (IN)
  YESTERDAY        0.00          2.32 1996   0.17  -0.17     2.09
  MONTH TO DATE    1.32                      3.14  -1.82     3.63
  SINCE SEP 1      4.36                      6.45  -2.09     5.15
  SINCE JAN 1     51.35                     37.97  13.38    56.57

SNOWFALL (IN)
  YESTERDAY        0.0          MM      MM   0.0    0.0      0.0
  MONTH TO DATE    0.0                       0.0    0.0      0.0
  SINCE SEP 1      0.0                       0.0    0.0      0.0
  SINCE JUL 1      0.0                       0.0    0.0      0.0
  SNOW DEPTH       0

DEGREE DAYS
 HEATING
  YESTERDAY        0                         5     -5        0
  MONTH TO DATE   48                        61    -13       68
  SINCE SEP 1     61                        74    -13       68
  SINCE JUL 1     61                        74    -13       68

 COOLING
  YESTERDAY        8                         2      6        0
  MONTH TO DATE   49                        67    -18       91
  SINCE SEP 1    290                       364    -74      570
  SINCE JAN 1   1850                      2141   -291     2163
..................................................................


WIND (MPH)
  HIGHEST WIND SPEED    11   HIGHEST WIND DIRECTION     S (180)
  HIGHEST GUST SPEED    17   HIGHEST GUST DIRECTION    SE (150)
  AVERAGE WIND SPEED     4.0


SKY COVER
  POSSIBLE SUNSHINE  MM
  AVERAGE SKY COVER 0.2


WEATHER CONDITIONS
 THE FOLLOWING WEATHER WAS RECORDED YESTERDAY.
  FOG
  SANDSTORM


RELATIVE HUMIDITY (PERCENT)
 HIGHEST    97           700 AM
 LOWEST     58           100 PM
 AVERAGE    78

..........................................................


THE NORTH LITTLE ROCK CLIMATE NORMALS FOR TODAY
                         NORMAL    RECORD    YEAR
 MAXIMUM TEMPERATURE (F)   72        88      2003
 MINIMUM TEMPERATURE (F)   52        36      1982


SUNRISE AND SUNSET
OCTOBER 22 2020.......SUNRISE   721 AM CDT   SUNSET   625 PM CDT
OCTOBER 23 2020.......SUNRISE   722 AM CDT   SUNSET   624 PM CDT


-  INDICATES NEGATIVE NUMBERS.
R  INDICATES RECORD WAS SET OR TIED.
MM INDICATES DATA IS MISSING.
T  INDICATES TRACE AMOUNT.




$$
