000
CDUS44 KLZK 160716
CLILZK


CLIMATE REPORT
NATIONAL WEATHER SERVICE LITTLE ROCK AR
215 AM CDT WED OCT 16 2019


...................................

...THE NORTH LITTLE ROCK CLIMATE SUMMARY FOR OCTOBER 15 2019...

CLIMATE NORMAL PERIOD 1981 TO 2010
CLIMATE RECORD PERIOD 1975 TO 2019


WEATHER ITEM   OBSERVED TIME   RECORD YEAR NORMAL DEPARTURE LAST
                VALUE   (LST)  VALUE       VALUE  FROM      YEAR
                                                  NORMAL
..................................................................
TEMPERATURE (F)
 YESTERDAY
  MAXIMUM         67    530 PM  96    2015  74     -7       62
  MINIMUM         60    702 AM  41    2002  54      6       44
  AVERAGE         64                        64      0       53

PRECIPITATION (IN)
  YESTERDAY        0.39          1.73 2007   0.16   0.23     1.69
  MONTH TO DATE    1.52                      2.10  -0.58     5.55
  SINCE SEP 1      3.04                      5.41  -2.37    11.44
  SINCE JAN 1     54.46                     36.93  17.53    51.28

SNOWFALL (IN)
  YESTERDAY        0.0          MM      MM   0.0    0.0      0.0
  MONTH TO DATE    0.0                       0.0    0.0      0.0
  SINCE SEP 1      0.0                       0.0    0.0      0.0
  SINCE JUL 1      0.0                       0.0    0.0       T
  SNOW DEPTH       0

DEGREE DAYS
 HEATING
  YESTERDAY        1                         3     -2       12
  MONTH TO DATE   37                        36      1       39
  SINCE SEP 1     37                        49    -12       46
  SINCE JUL 1     37                        49    -12       46

 COOLING
  YESTERDAY        0                         2     -2        0
  MONTH TO DATE   87                        55     32      119
  SINCE SEP 1    566                       352    214      426
  SINCE JAN 1   2159                      2129     30     2261
..................................................................


WIND (MPH)
  HIGHEST WIND SPEED    14   HIGHEST WIND DIRECTION     N (340)
  HIGHEST GUST SPEED    21   HIGHEST GUST DIRECTION    NW (320)
  AVERAGE WIND SPEED     3.0


SKY COVER
  POSSIBLE SUNSHINE  MM
  AVERAGE SKY COVER 0.0


WEATHER CONDITIONS
 THE FOLLOWING WEATHER WAS RECORDED YESTERDAY.
  RAIN
  LIGHT RAIN
  FOG


RELATIVE HUMIDITY (PERCENT)
 HIGHEST   100           100 PM
 LOWEST     84          1200 AM
 AVERAGE    92

..........................................................


THE NORTH LITTLE ROCK CLIMATE NORMALS FOR TODAY
                         NORMAL    RECORD    YEAR
 MAXIMUM TEMPERATURE (F)   73        87      2011
 MINIMUM TEMPERATURE (F)   54        41      2001


SUNRISE AND SUNSET
OCTOBER 16 2019.......SUNRISE   715 AM CDT   SUNSET   633 PM CDT
OCTOBER 17 2019.......SUNRISE   716 AM CDT   SUNSET   632 PM CDT


-  INDICATES NEGATIVE NUMBERS.
R  INDICATES RECORD WAS SET OR TIED.
MM INDICATES DATA IS MISSING.
T  INDICATES TRACE AMOUNT.




$$
