000
CDUS44 KLZK 010634
CLILZK


CLIMATE REPORT
NATIONAL WEATHER SERVICE LITTLE ROCK AR
133 AM CDT MON JUN 1 2020


...................................

...THE NORTH LITTLE ROCK CLIMATE SUMMARY FOR MAY 31 2020...

CLIMATE NORMAL PERIOD 1981 TO 2010
CLIMATE RECORD PERIOD 1975 TO 2020


WEATHER ITEM   OBSERVED TIME   RECORD YEAR NORMAL DEPARTURE LAST
                VALUE   (LST)  VALUE       VALUE  FROM      YEAR
                                                  NORMAL
..................................................................
TEMPERATURE (F)
 YESTERDAY
  MAXIMUM         83    412 PM  97    1998  84     -1       84
  MINIMUM         62    509 AM  51    1984  66     -4       63
                                      1983
  AVERAGE         73                        75     -2       74

PRECIPITATION (IN)
  YESTERDAY        0.00          1.61 1987   0.14  -0.14     0.00
  MONTH TO DATE    8.43                      4.96   3.47    12.81
  SINCE MAR 1     21.16                     14.52   6.64    27.22
  SINCE JAN 1     33.33                     21.60  11.73    39.29

SNOWFALL (IN)
  YESTERDAY        0.0          MM      MM   0.0    0.0      0.0
  MONTH TO DATE    0.0                       0.0    0.0      0.0
  SINCE MAR 1      T                         0.4   -0.4       T
  SINCE JUL 1      0.3                       4.4   -4.1      0.6
  SNOW DEPTH       0

DEGREE DAYS
 HEATING
  YESTERDAY        0                         0      0        0
  MONTH TO DATE   55                        21     34       23
  SINCE MAR 1    521                       519      2      628
  SINCE JUL 1   3003                      3005     -2     3228

 COOLING
  YESTERDAY        8                        10     -2        9
  MONTH TO DATE  144                       207    -63      210
  SINCE MAR 1    179                       294   -115      255
  SINCE JAN 1    179                       296   -117      260
..................................................................


WIND (MPH)
  HIGHEST WIND SPEED    16   HIGHEST WIND DIRECTION     E (90)
  HIGHEST GUST SPEED    23   HIGHEST GUST DIRECTION     E (90)
  AVERAGE WIND SPEED     8.0


SKY COVER
  POSSIBLE SUNSHINE  MM
  AVERAGE SKY COVER 0.0


WEATHER CONDITIONS
 THE FOLLOWING WEATHER WAS RECORDED YESTERDAY.
  NO SIGNIFICANT WEATHER WAS OBSERVED.


RELATIVE HUMIDITY (PERCENT)
 HIGHEST    78           300 AM
 LOWEST     40           300 PM
 AVERAGE    59

..........................................................


THE NORTH LITTLE ROCK CLIMATE NORMALS FOR TODAY
                         NORMAL    RECORD    YEAR
 MAXIMUM TEMPERATURE (F)   85        95      1985
 MINIMUM TEMPERATURE (F)   66        52      1993


SUNRISE AND SUNSET
JUNE  1 2020..........SUNRISE   557 AM CDT   SUNSET   818 PM CDT
JUNE  2 2020..........SUNRISE   556 AM CDT   SUNSET   818 PM CDT


-  INDICATES NEGATIVE NUMBERS.
R  INDICATES RECORD WAS SET OR TIED.
MM INDICATES DATA IS MISSING.
T  INDICATES TRACE AMOUNT.




$$
