000
CDUS44 KLZK 190643
CLILZK


CLIMATE REPORT
NATIONAL WEATHER SERVICE LITTLE ROCK AR
1242 AM CST SAT JAN 19 2019


...................................

...THE NORTH LITTLE ROCK CLIMATE SUMMARY FOR JANUARY 18 2019...

CLIMATE NORMAL PERIOD 1981 TO 2010
CLIMATE RECORD PERIOD 1975 TO 2019


WEATHER ITEM   OBSERVED TIME   RECORD YEAR NORMAL DEPARTURE LAST
                VALUE   (LST)  VALUE       VALUE  FROM      YEAR
                                                  NORMAL
..................................................................
TEMPERATURE (F)
 YESTERDAY
  MAXIMUM         55        MM  66    2015  49      6       40
                                      1996
  MINIMUM         44        MM   8    1977  33     11       15
  AVERAGE         50                        41      9       28

PRECIPITATION (IN)
  YESTERDAY        0.17          1.44 1995   0.10   0.07     0.00
  MONTH TO DATE    1.65                      2.03  -0.38     1.19
  SINCE DEC 1     11.46                      7.04   4.42     8.02
  SINCE JAN 1      1.65                      2.03  -0.38     1.19

SNOWFALL (IN)
  YESTERDAY        0.0           2.7  1977   0.1   -0.1      0.0
  MONTH TO DATE    0.0                       0.9   -0.9      1.5
  SINCE DEC 1      T                         1.4   -1.4      1.5
  SINCE JUL 1      0.6                       1.4   -0.8      1.5
  SNOW DEPTH       0

DEGREE DAYS
 HEATING
  YESTERDAY       15                        24     -9       37
  MONTH TO DATE  368                       432    -64      610
  SINCE DEC 1    994                      1112   -118     1264
  SINCE JUL 1   1721                      1624     97     1670

 COOLING
  YESTERDAY        0                         0      0        0
  MONTH TO DATE    0                         0      0        0
  SINCE DEC 1      0                         1     -1        0
  SINCE JAN 1      0                         0      0        0
..................................................................


WIND (MPH)
  HIGHEST WIND SPEED    14   HIGHEST WIND DIRECTION     E (90)
  HIGHEST GUST SPEED    21   HIGHEST GUST DIRECTION    SE (130)
  AVERAGE WIND SPEED    10.0


SKY COVER
  POSSIBLE SUNSHINE  MM
  AVERAGE SKY COVER 0.0


WEATHER CONDITIONS
 THE FOLLOWING WEATHER WAS RECORDED YESTERDAY.
  RAIN
  LIGHT RAIN
  FOG
  FOG W/VISIBILITY <= 1/4 MILE


RELATIVE HUMIDITY (PERCENT)
 HIGHEST   100           100 AM
 LOWEST     92           400 AM
 AVERAGE    96

..........................................................


THE NORTH LITTLE ROCK CLIMATE NORMALS FOR TODAY
                         NORMAL    RECORD    YEAR
 MAXIMUM TEMPERATURE (F)   50        72      1999
 MINIMUM TEMPERATURE (F)   33         4      1984


SUNRISE AND SUNSET
JANUARY 19 2019.......SUNRISE   715 AM CST   SUNSET   525 PM CST
JANUARY 20 2019.......SUNRISE   715 AM CST   SUNSET   526 PM CST


-  INDICATES NEGATIVE NUMBERS.
R  INDICATES RECORD WAS SET OR TIED.
MM INDICATES DATA IS MISSING.
T  INDICATES TRACE AMOUNT.




$$
