000
CDUS46 KHNX 180026
CLIMAE


CLIMATE REPORT
NATIONAL WEATHER SERVICE SAN JOAQUIN VALLEY, CA
526 PM PDT TUE JUL 17 2018


...................................

...THE MADERA CA CLIMATE SUMMARY FOR JULY 17 2018...
VALID AS OF 0500 PM LOCAL TIME.

CLIMATE NORMAL PERIOD 1981 TO 2010
CLIMATE RECORD PERIOD 1998 TO 2018


WEATHER ITEM   OBSERVED TIME   RECORD YEAR NORMAL DEPARTURE LAST
                VALUE   (LST)  VALUE       VALUE  FROM      YEAR
                                                  NORMAL
..................................................................
TEMPERATURE (F)
 TODAY
  MAXIMUM        104    308 PM 108    2006  98      6      105
  MINIMUM         64    532 AM  54    2001  61      3       66
  AVERAGE         84                        79      5       86

PRECIPITATION (IN)
  TODAY            0.00          0.00   MM   0.00   0.00     0.00
  MONTH TO DATE    0.00                      0.02  -0.02     0.00
  SINCE OCT 1      7.22                     11.75  -4.53    14.18
  SINCE JAN 1      6.81                      8.02  -1.21    10.11

SNOWFALL (IN)
  TODAY            0.0
  MONTH TO DATE    0.0
  SINCE JUN 1      0.0
  SINCE JUL 1      0.0
  SNOW DEPTH       0

DEGREE DAYS
 HEATING
  TODAY            0                                         0
  MONTH TO DATE    0                                         0
  SINCE JUN 1      0                                         6
  SINCE JUL 1      0                                         0

 COOLING
  TODAY           19                                        21
  MONTH TO DATE  292                                       317
  SINCE JUN 1    613                                       707
  SINCE JAN 1    756                                       892
..................................................................


WIND (MPH)
  HIGHEST WIND SPEED    13   HIGHEST WIND DIRECTION    NW (300)
  HIGHEST GUST SPEED    16   HIGHEST GUST DIRECTION     W (290)
  AVERAGE WIND SPEED     6.6




RELATIVE HUMIDITY (PERCENT)
 HIGHEST    68
 LOWEST     16
 AVERAGE    42

..........................................................


THE MADERA CA CLIMATE NORMALS FOR TOMORROW
                         NORMAL    RECORD    YEAR
 MAXIMUM TEMPERATURE (F)   98       108      2009
 MINIMUM TEMPERATURE (F)   61        54      1999


SUNRISE AND SUNSET
JULY 17 2018..........SUNRISE   554 AM PDT   SUNSET   819 PM PDT
JULY 18 2018..........SUNRISE   555 AM PDT   SUNSET   818 PM PDT


-  INDICATES NEGATIVE NUMBERS.
R  INDICATES RECORD WAS SET OR TIED.
MM INDICATES DATA IS MISSING.
T  INDICATES TRACE AMOUNT.




$$
