000
CDUS46 KHNX 220824
CLIMAE


CLIMATE REPORT
NATIONAL WEATHER SERVICE SAN JOAQUIN VALLEY, CA
123 AM PDT SUN APR 22 2018


...................................

...THE MADERA CA AIRPORT CLIMATE SUMMARY FOR APRIL 21 2018...

CLIMATE NORMAL PERIOD 1981 TO 2010
CLIMATE RECORD PERIOD 1998 TO 2018


WEATHER ITEM   OBSERVED TIME   RECORD YEAR NORMAL DEPARTURE
                VALUE   (LST)  VALUE       VALUE  FROM
                                                  NORMAL
...............................................................
TEMPERATURE (F)
 YESTERDAY
  MAXIMUM         83    318 PM  98    2009  76      7
  MINIMUM         47    539 AM  35    2008  46      1
  AVERAGE         65                        61      4

PRECIPITATION (IN)
  YESTERDAY        0.00          0.40 2010   0.04  -0.04
  MONTH TO DATE    0.71                      0.68   0.03
  SINCE OCT 1      7.22                     10.79  -3.57
  SINCE JAN 1      6.81                      7.06  -0.25

SNOWFALL (IN)
  YESTERDAY        0.0
  MONTH TO DATE    0.0
  SINCE MAR 1      0.0
  SINCE JUL 1      0.0
  SNOW DEPTH       0

DEGREE DAYS
 HEATING
  YESTERDAY        0
  MONTH TO DATE  107
  SINCE MAR 1    412
  SINCE JUL 1   2109

 COOLING
  YESTERDAY        0
  MONTH TO DATE    4
  SINCE MAR 1      6
  SINCE JAN 1      6
...............................................................


WIND (MPH)
  HIGHEST WIND SPEED    13   HIGHEST WIND DIRECTION    NW (330)
  HIGHEST GUST SPEED    15   HIGHEST GUST DIRECTION    NW (330)
  AVERAGE WIND SPEED     3.4




RELATIVE HUMIDITY (PERCENT)
 HIGHEST    93
 LOWEST     30
 AVERAGE    62

..........................................................


THE MADERA CA AIRPORT CLIMATE NORMALS FOR TODAY
                         NORMAL    RECORD    YEAR
 MAXIMUM TEMPERATURE (F)   77        97      2009
 MINIMUM TEMPERATURE (F)   46        35      2008


SUNRISE AND SUNSET
APRIL 22 2018.........SUNRISE   617 AM PDT   SUNSET   742 PM PDT
APRIL 23 2018.........SUNRISE   616 AM PDT   SUNSET   742 PM PDT


-  INDICATES NEGATIVE NUMBERS.
R  INDICATES RECORD WAS SET OR TIED.
MM INDICATES DATA IS MISSING.
T  INDICATES TRACE AMOUNT.




$$
