000
CDUS46 KHNX 040826
CLIMAE


CLIMATE REPORT
NATIONAL WEATHER SERVICE SAN JOAQUIN VALLEY, CA
126 AM PDT THU JUN 4 2020


...................................

...THE MADERA CA AIRPORT CLIMATE SUMMARY FOR JUNE 3 2020...

CLIMATE NORMAL PERIOD 1981 TO 2010
CLIMATE RECORD PERIOD 1998 TO 2020


WEATHER ITEM   OBSERVED TIME   RECORD YEAR NORMAL DEPARTURE LAST
                VALUE   (LST)  VALUE       VALUE  FROM      YEAR
                                                  NORMAL
..................................................................
TEMPERATURE (F)
 YESTERDAY
  MAXIMUM        102    322 PM 112    1960  88     14
  MINIMUM         61    453 AM  45    2011  55      6
                                      1953
  AVERAGE         82                        71     11       79

PRECIPITATION (IN)
  YESTERDAY        0.00          0.29 1985   0.02  -0.02
  MONTH TO DATE    0.00                      0.07  -0.07
  SINCE OCT 1      6.02                     11.61  -5.59
  SINCE JAN 1      3.76                      7.88  -4.12

SNOWFALL (IN)
  YESTERDAY        0.0
  MONTH TO DATE    0.0
  SINCE JUN 1      0.0
  SINCE JUL 1      0.0
  SNOW DEPTH       0

DEGREE DAYS
 HEATING
  YESTERDAY        0
  MONTH TO DATE    0
  SINCE JUN 1      0
  SINCE JUL 1   2300

 COOLING
  YESTERDAY       17
  MONTH TO DATE   37
  SINCE JUN 1     37
  SINCE JAN 1    252
..................................................................


WIND (MPH)
  HIGHEST WIND SPEED    14   HIGHEST WIND DIRECTION    NW (320)
  HIGHEST GUST SPEED    21   HIGHEST GUST DIRECTION    SW (230)
  AVERAGE WIND SPEED     5.9




RELATIVE HUMIDITY (PERCENT)
 HIGHEST    90
 LOWEST     17
 AVERAGE    54

..........................................................


THE MADERA CA AIRPORT CLIMATE NORMALS FOR TODAY
                         NORMAL    RECORD    YEAR
 MAXIMUM TEMPERATURE (F)   88       113      1960
 MINIMUM TEMPERATURE (F)   55        41      1982


SUNRISE AND SUNSET
JUNE  4 2020..........SUNRISE   541 AM PDT   SUNSET   817 PM PDT
JUNE  5 2020..........SUNRISE   541 AM PDT   SUNSET   817 PM PDT


-  INDICATES NEGATIVE NUMBERS.
R  INDICATES RECORD WAS SET OR TIED.
MM INDICATES DATA IS MISSING.
T  INDICATES TRACE AMOUNT.




$$
