000
CDUS46 KHNX 310855
CLIMAE


CLIMATE REPORT
NATIONAL WEATHER SERVICE SAN JOAQUIN VALLEY, CA
152 AM PDT SAT OCT 31 2020


...................................

...THE MADERA CA AIRPORT CLIMATE SUMMARY FOR OCTOBER 30 2020...

CLIMATE NORMAL PERIOD 1981 TO 2010
CLIMATE RECORD PERIOD 1998 TO 2020


WEATHER ITEM   OBSERVED TIME   RECORD YEAR NORMAL DEPARTURE LAST
                VALUE   (LST)  VALUE       VALUE  FROM      YEAR
                                                  NORMAL
..................................................................
TEMPERATURE (F)
 YESTERDAY
  MAXIMUM         80    322 PM  89    1939  73      7
  MINIMUM         41    656 AM  29    1971  45     -4
  AVERAGE         61                        59      2       51

PRECIPITATION (IN)
  YESTERDAY        0.00          1.17 1996   0.06  -0.06
  MONTH TO DATE    0.00                      0.81  -0.81
  SINCE OCT 1      0.00                      0.81  -0.81
  SINCE JAN 1      3.76                      9.10  -5.34

SNOWFALL (IN)
  YESTERDAY        0.0
  MONTH TO DATE    0.0
  SINCE SEP 1      0.0
  SINCE JUL 1      0.0
  SNOW DEPTH       0

DEGREE DAYS
 HEATING
  YESTERDAY        4
  MONTH TO DATE   44
  SINCE SEP 1     44
  SINCE JUL 1     44

 COOLING
  YESTERDAY        0
  MONTH TO DATE  132
  SINCE SEP 1    452
  SINCE JAN 1   1931
..................................................................


WIND (MPH)
  HIGHEST WIND SPEED     8   HIGHEST WIND DIRECTION     N (340)
  HIGHEST GUST SPEED    10   HIGHEST GUST DIRECTION    NW (300)
  AVERAGE WIND SPEED     2.1




RELATIVE HUMIDITY (PERCENT)
 HIGHEST    80
 LOWEST     21
 AVERAGE    51

..........................................................


THE MADERA CA AIRPORT CLIMATE NORMALS FOR TODAY
                         NORMAL    RECORD    YEAR
 MAXIMUM TEMPERATURE (F)   72        90      1949
 MINIMUM TEMPERATURE (F)   45        31      1946


SUNRISE AND SUNSET
OCTOBER 31 2020.......SUNRISE   724 AM PDT   SUNSET   603 PM PDT
NOVEMBER  1 2020......SUNRISE   625 AM PST   SUNSET   502 PM PST


-  INDICATES NEGATIVE NUMBERS.
R  INDICATES RECORD WAS SET OR TIED.
MM INDICATES DATA IS MISSING.
T  INDICATES TRACE AMOUNT.




$$
