000
CDUS46 KHNX 180826
CLIMAE


CLIMATE REPORT
NATIONAL WEATHER SERVICE SAN JOAQUIN VALLEY, CA
126 AM PDT THU OCT 18 2018


...................................

...THE MADERA CA AIRPORT CLIMATE SUMMARY FOR OCTOBER 17 2018...

CLIMATE NORMAL PERIOD 1981 TO 2010
CLIMATE RECORD PERIOD 1998 TO 2018


WEATHER ITEM   OBSERVED TIME   RECORD YEAR NORMAL DEPARTURE
                VALUE   (LST)  VALUE       VALUE  FROM
                                                  NORMAL
...............................................................
TEMPERATURE (F)
 YESTERDAY
  MAXIMUM         86    215 PM  91    2008  79      7
  MINIMUM         48    434 AM  42    1998  49     -1
  AVERAGE         67                        64      3

PRECIPITATION (IN)
  YESTERDAY        0.00          0.27 2004   0.03  -0.03
  MONTH TO DATE    T                         0.27  -0.27
  SINCE OCT 1      T                         0.27  -0.27
  SINCE JAN 1      6.81                      8.56  -1.75

SNOWFALL (IN)
  YESTERDAY        0.0
  MONTH TO DATE    0.0
  SINCE SEP 1      0.0
  SINCE JUL 1      0.0
  SNOW DEPTH       0

DEGREE DAYS
 HEATING
  YESTERDAY        0
  MONTH TO DATE    0
  SINCE SEP 1      0
  SINCE JUL 1      0

 COOLING
  YESTERDAY        2
  MONTH TO DATE   66
  SINCE SEP 1    394
  SINCE JAN 1   1876
...............................................................


WIND (MPH)
  HIGHEST WIND SPEED     8   HIGHEST WIND DIRECTION    SW (240)
  HIGHEST GUST SPEED    11   HIGHEST GUST DIRECTION     S (180)
  AVERAGE WIND SPEED     3.2




RELATIVE HUMIDITY (PERCENT)
 HIGHEST    61
 LOWEST     13
 AVERAGE    37

..........................................................


THE MADERA CA AIRPORT CLIMATE NORMALS FOR TODAY
                         NORMAL    RECORD    YEAR
 MAXIMUM TEMPERATURE (F)   79        92      2003
 MINIMUM TEMPERATURE (F)   48        40      1998


SUNRISE AND SUNSET
OCTOBER 18 2018.......SUNRISE   711 AM PDT   SUNSET   620 PM PDT
OCTOBER 19 2018.......SUNRISE   712 AM PDT   SUNSET   618 PM PDT


-  INDICATES NEGATIVE NUMBERS.
R  INDICATES RECORD WAS SET OR TIED.
MM INDICATES DATA IS MISSING.
T  INDICATES TRACE AMOUNT.




$$
