092
CDUS46 KHNX 250023
CLIMAE


CLIMATE REPORT
NATIONAL WEATHER SERVICE SAN JOAQUIN VALLEY, CA
422 PM PST SAT FEB 24 2018


...................................

...THE MADERA CA CLIMATE SUMMARY FOR FEBRUARY 24 2018...
VALID AS OF 0400 PM LOCAL TIME.

CLIMATE NORMAL PERIOD 1981 TO 2010
CLIMATE RECORD PERIOD 1998 TO 2018


WEATHER ITEM   OBSERVED TIME   RECORD YEAR NORMAL DEPARTURE LAST
                VALUE   (LST)  VALUE       VALUE  FROM      YEAR
                                                  NORMAL
..................................................................
TEMPERATURE (F)
 TODAY
  MAXIMUM         60    252 PM  78    2014  63     -3       57
  MINIMUM         28R   610 AM  30    2017  41    -13       30
                                      2013
  AVERAGE         44                        52     -8       44

PRECIPITATION (IN)
  TODAY            0.00          0.59 2001   0.09  -0.09     0.00
  MONTH TO DATE    0.03                      1.79  -1.76     3.85
  SINCE OCT 1      1.58                      7.97  -6.39    13.09
  SINCE JAN 1      1.17                      4.24  -3.07     9.02

SNOWFALL (IN)
  TODAY            0.0
  MONTH TO DATE    0.0
  SINCE DEC 1      0.0
  SINCE JUL 1      0.0
  SNOW DEPTH       0

DEGREE DAYS
 HEATING
  TODAY           21                                        21
  MONTH TO DATE  308                                       236
  SINCE DEC 1   1296                                      1299
  SINCE JUL 1   1623                                      1607

 COOLING
  TODAY            0                                         0
  MONTH TO DATE    0                                         0
  SINCE DEC 1      0                                         0
  SINCE JAN 1      0                                         0
..................................................................


WIND (MPH)
  HIGHEST WIND SPEED    12   HIGHEST WIND DIRECTION     W (290)
  HIGHEST GUST SPEED    16   HIGHEST GUST DIRECTION     W (290)
  AVERAGE WIND SPEED     4.1




RELATIVE HUMIDITY (PERCENT)
 HIGHEST    75
 LOWEST     18
 AVERAGE    47

..........................................................


THE MADERA CA CLIMATE NORMALS FOR TOMORROW
                         NORMAL    RECORD    YEAR
 MAXIMUM TEMPERATURE (F)   64        78      2014
 MINIMUM TEMPERATURE (F)   41        31      2017


SUNRISE AND SUNSET
FEBRUARY 24 2018......SUNRISE   638 AM PST   SUNSET   550 PM PST
FEBRUARY 25 2018......SUNRISE   637 AM PST   SUNSET   551 PM PST


-  INDICATES NEGATIVE NUMBERS.
R  INDICATES RECORD WAS SET OR TIED.
MM INDICATES DATA IS MISSING.
T  INDICATES TRACE AMOUNT.




$$
