963
CDUS44 KMAF 140741
CLIMAF


CLIMATE REPORT
NATIONAL WEATHER SERVICE NATIONAL WEATHER SERVICE MIDLAND/ODESSA TX
241 AM CDT MON OCT 14 2019

...................................

...THE MIDLAND INTERNATIONAL AIRPORT CLIMATE SUMMARY FOR OCTOBER 13 2019...

CLIMATE NORMAL PERIOD 1981 TO 2010
CLIMATE RECORD PERIOD 1930 TO 2019


WEATHER ITEM   OBSERVED TIME   RECORD YEAR NORMAL DEPARTURE LAST
                VALUE   (LST)  VALUE       VALUE  FROM      YEAR
                                                  NORMAL
...................................................................
TEMPERATURE (F)
 YESTERDAY
  MAXIMUM         90    329 PM  94    1968  79     11       72
  MINIMUM         50    530 AM  34    1969  53     -3       57
  AVERAGE         70                        66      4       65

PRECIPITATION (IN)
  YESTERDAY        0.00          1.63 1974   0.06  -0.06     0.76
  MONTH TO DATE    T                         0.85  -0.85     3.30
  SINCE SEP 1      1.01                      2.71  -1.70     5.99
  SINCE JAN 1     12.41                     12.43  -0.02    14.49

SNOWFALL (IN)
  YESTERDAY       MM
  MONTH TO DATE    0.0
  SINCE SEP 1      0.0
  SINCE JUL 1      0.0
  SNOW DEPTH      MM

DEGREE DAYS
 HEATING
  YESTERDAY        0                         2     -2        0
  MONTH TO DATE   24                        22      2        5
  SINCE SEP 1     24                        33     -9        5
  SINCE JUL 1     24                        33     -9        5

 COOLING
  YESTERDAY        5                         3      2        0
  MONTH TO DATE  134                        60     74      106
  SINCE SEP 1    638                       355    283      419
  SINCE JAN 1   2816                      2239    577     3017
...................................................................


WIND (MPH)
  HIGHEST WIND SPEED    17   HIGHEST WIND DIRECTION    SW (220)
  HIGHEST GUST SPEED    21   HIGHEST GUST DIRECTION     S (190)
  AVERAGE WIND SPEED     7.9


SKY COVER
  POSSIBLE SUNSHINE  MM
  AVERAGE SKY COVER 0.0


WEATHER CONDITIONS
THE FOLLOWING WEATHER WAS RECORDED YESTERDAY.
  NO SIGNIFICANT WEATHER WAS OBSERVED.


RELATIVE HUMIDITY (PERCENT)
 HIGHEST    52           700 AM
 LOWEST     15           400 PM
 AVERAGE    34

..........................................................


THE MIDLAND INTERNATIONAL AIRPORT CLIMATE NORMALS FOR TODAY
                         NORMAL    RECORD    YEAR
 MAXIMUM TEMPERATURE (F)   79        93      2009
 MINIMUM TEMPERATURE (F)   53        39      1969


SUNRISE AND SUNSET
OCTOBER 14 2019.......SUNRISE   751 AM CDT   SUNSET   718 PM CDT
OCTOBER 15 2019.......SUNRISE   752 AM CDT   SUNSET   717 PM CDT


-  INDICATES NEGATIVE NUMBERS.
R  INDICATES RECORD WAS SET OR TIED.
MM INDICATES DATA IS MISSING.
T  INDICATES TRACE AMOUNT.




$$
