000
CDUS44 KMAF 202221
CLIMAF


CLIMATE REPORT
NATIONAL WEATHER SERVICE MIDLAND TX
420 PM CST TUE FEB 20 2018


...................................

...THE MIDLAND CLIMATE SUMMARY FOR FEBRUARY 20 2018...
VALID TODAY AS OF 0400 PM LOCAL TIME.

CLIMATE NORMAL PERIOD 1981 TO 2010
CLIMATE RECORD PERIOD 1930 TO 2018


WEATHER ITEM   OBSERVED TIME   RECORD YEAR NORMAL DEPARTURE LAST
                VALUE   (LST)  VALUE       VALUE  FROM      YEAR
                                                  NORMAL
..................................................................
TEMPERATURE (F)
 TODAY
  MAXIMUM         77    402 PM  86    1986  64     13       72
  MINIMUM         53    802 AM  18    1955  36     17       42
  AVERAGE         65                        50     15       57

PRECIPITATION (IN)
  TODAY            0.00          0.77 1997   0.03  -0.03     0.00
  MONTH TO DATE    0.03                      0.52  -0.49     0.72
  SINCE DEC 1      0.43                      1.68  -1.25     2.25
  SINCE JAN 1      0.04                      1.08  -1.04     1.84

SNOWFALL (IN)
  TODAY            0.0
  MONTH TO DATE    0.0
  SINCE DEC 1      T
  SINCE JUL 1      T
  SNOW DEPTH       0

DEGREE DAYS
 HEATING
  TODAY            0                        15    -15        8
  MONTH TO DATE  258                       350    -92      195
  SINCE DEC 1   1488                      1643   -155     1254
  SINCE JUL 1   1809                      2122   -313     1465
..................................................................


WIND (MPH)
  HIGHEST WIND SPEED    24   HIGHEST WIND DIRECTION     W (270)
  HIGHEST GUST SPEED    30   HIGHEST GUST DIRECTION     S (180)
  AVERAGE WIND SPEED    13.6


SKY COVER
  POSSIBLE SUNSHINE  MM
  AVERAGE SKY COVER 0.0


WEATHER CONDITIONS
 THE FOLLOWING WEATHER WAS RECORDED TODAY.
  NO SIGNIFICANT WEATHER WAS OBSERVED.


RELATIVE HUMIDITY (PERCENT)
 HIGHEST    73           200 AM
 LOWEST     16           400 PM
 AVERAGE    45

..........................................................


THE MIDLAND CLIMATE NORMALS FOR TOMORROW
                         NORMAL    RECORD    YEAR
 MAXIMUM TEMPERATURE (F)   64        88      1996
 MINIMUM TEMPERATURE (F)   36        16      1939


SUNRISE AND SUNSET
FEBRUARY 20 2018......SUNRISE   726 AM CST   SUNSET   639 PM CST
FEBRUARY 21 2018......SUNRISE   725 AM CST   SUNSET   640 PM CST


-  INDICATES NEGATIVE NUMBERS.
R  INDICATES RECORD WAS SET OR TIED.
MM INDICATES DATA IS MISSING.
T  INDICATES TRACE AMOUNT.




$$
