000
CDUS44 KMAF 152213
CLIMAF


CLIMATE REPORT
NATIONAL WEATHER SERVICE MIDLAND TX
412 PM CST SAT DEC 15 2018


...................................

...THE MIDLAND CLIMATE SUMMARY FOR DECEMBER 15 2018...
VALID TODAY AS OF 0400 PM LOCAL TIME.

CLIMATE NORMAL PERIOD 1981 TO 2010
CLIMATE RECORD PERIOD 1930 TO 2018


WEATHER ITEM   OBSERVED TIME   RECORD YEAR NORMAL DEPARTURE LAST
                VALUE   (LST)  VALUE       VALUE  FROM      YEAR
                                                  NORMAL
..................................................................
TEMPERATURE (F)
 TODAY
  MAXIMUM         64    412 PM  81    2010  58      6       54
  MINIMUM         25    716 AM  11    1987  31     -6       29
  AVERAGE         45                        44      1       42

PRECIPITATION (IN)
  TODAY            0.00          0.56 1990   0.02  -0.02     0.00
  MONTH TO DATE    0.80                      0.30   0.50     0.36
  SINCE DEC 1      0.80                      0.30   0.50     0.36
  SINCE JAN 1     17.47                     14.30   3.17    17.70

SNOWFALL (IN)
  TODAY            0.0
  MONTH TO DATE    T
  SINCE DEC 1      T
  SINCE JUL 1      T
  SNOW DEPTH       0

DEGREE DAYS
 HEATING
  TODAY           20                        21     -1       23
  MONTH TO DATE  295                       294      1      241
  SINCE DEC 1    295                       294      1      241
  SINCE JUL 1    871                       773     98      562
..................................................................


WIND (MPH)
  HIGHEST WIND SPEED    16   HIGHEST WIND DIRECTION    SW (230)
  HIGHEST GUST SPEED    20   HIGHEST GUST DIRECTION    SW (220)
  AVERAGE WIND SPEED     6.0


SKY COVER
  POSSIBLE SUNSHINE  MM
  AVERAGE SKY COVER 0.0


WEATHER CONDITIONS
 THE FOLLOWING WEATHER WAS RECORDED TODAY.
  NO SIGNIFICANT WEATHER WAS OBSERVED.


RELATIVE HUMIDITY (PERCENT)
 HIGHEST    81           700 AM
 LOWEST     13           300 PM
 AVERAGE    47

..........................................................


THE MIDLAND CLIMATE NORMALS FOR TOMORROW
                         NORMAL    RECORD    YEAR
 MAXIMUM TEMPERATURE (F)   58        82      2016
 MINIMUM TEMPERATURE (F)   30        12      1989


SUNRISE AND SUNSET
DECEMBER 15 2018......SUNRISE   742 AM CST   SUNSET   546 PM CST
DECEMBER 16 2018......SUNRISE   742 AM CST   SUNSET   547 PM CST


-  INDICATES NEGATIVE NUMBERS.
R  INDICATES RECORD WAS SET OR TIED.
MM INDICATES DATA IS MISSING.
T  INDICATES TRACE AMOUNT.




$$
