000
CDUS44 KMAF 202122
CLIMAF


CLIMATE REPORT
NATIONAL WEATHER SERVICE NATIONAL WEATHER SERVICE MIDLAND/ODESSA TX
422 PM CDT SUN OCT 20 2019

...................................

...THE MIDLAND INTERNATIONAL AIRPORT CLIMATE SUMMARY FOR OCTOBER 20 2019...
VALID TODAY AS OF 0400 PM LOCAL TIME.

CLIMATE NORMAL PERIOD 1981 TO 2010
CLIMATE RECORD PERIOD 1930 TO 2019


WEATHER ITEM   OBSERVED TIME   RECORD YEAR NORMAL DEPARTURE LAST
                VALUE   (LST)  VALUE       VALUE  FROM      YEAR
                                                  NORMAL
...................................................................
TEMPERATURE (F)
 TODAY
  MAXIMUM         90    320 PM  94    2007  77     13       67
  MINIMUM         51    410 AM  35    1976  51      0       53
  AVERAGE         71                        64      7       60

PRECIPITATION (IN)
  TODAY            0.00          1.18 1957   0.06  -0.06     0.00
  MONTH TO DATE    T                         1.28  -1.28     3.93
  SINCE SEP 1      1.01                      3.14  -2.13     6.62
  SINCE JAN 1     12.41                     12.86  -0.45    15.12

SNOWFALL (IN)
  TODAY           MM
  MONTH TO DATE    0.0
  SINCE SEP 1      0.0
  SINCE JUL 1      0.0
  SNOW DEPTH      MM

DEGREE DAYS
 HEATING
  TODAY            0                         3     -3        5
  MONTH TO DATE   29                        43    -14      105
  SINCE SEP 1     29                        54    -25      105
  SINCE JUL 1     29                        54    -25      105

 COOLING
  TODAY            6                         2      4        0
  MONTH TO DATE  172                        79     93      106
  SINCE SEP 1    676                       374    302      419
  SINCE JAN 1   2854                      2258    596     3017
...................................................................


WIND (MPH)
  HIGHEST WIND SPEED    30   HIGHEST WIND DIRECTION    SW (230)
  HIGHEST GUST SPEED    36   HIGHEST GUST DIRECTION    SW (230)
  AVERAGE WIND SPEED    10.8


SKY COVER
  POSSIBLE SUNSHINE  MM
  AVERAGE SKY COVER 0.0


WEATHER CONDITIONS
THE FOLLOWING WEATHER WAS RECORDED TODAY.
  HAZE


RELATIVE HUMIDITY (PERCENT)
 HIGHEST    44           500 AM
 LOWEST     18           300 PM
 AVERAGE    31

..........................................................


THE MIDLAND INTERNATIONAL AIRPORT CLIMATE NORMALS FOR TOMORROW
                         NORMAL    RECORD    YEAR
 MAXIMUM TEMPERATURE (F)   77        92      2007
 MINIMUM TEMPERATURE (F)   50        37      1999


SUNRISE AND SUNSET
OCTOBER 20 2019.......SUNRISE   756 AM CDT   SUNSET   711 PM CDT
OCTOBER 21 2019.......SUNRISE   756 AM CDT   SUNSET   710 PM CDT


-  INDICATES NEGATIVE NUMBERS.
R  INDICATES RECORD WAS SET OR TIED.
MM INDICATES DATA IS MISSING.
T  INDICATES TRACE AMOUNT.




$$
