146
CDUS44 KMAF 230733
CLIMAF


CLIMATE REPORT
NATIONAL WEATHER SERVICE MIDLAND TX
233 AM CDT SUN SEP 23 2018


...................................

...THE MIDLAND CLIMATE SUMMARY FOR SEPTEMBER 22 2018...

CLIMATE NORMAL PERIOD 1981 TO 2010
CLIMATE RECORD PERIOD 1930 TO 2018


WEATHER ITEM   OBSERVED TIME   RECORD YEAR NORMAL DEPARTURE LAST
                VALUE   (LST)  VALUE       VALUE  FROM      YEAR
                                                  NORMAL
..................................................................
TEMPERATURE (F)
 YESTERDAY
  MAXIMUM         79    422 PM 100    1977  85     -6       92
  MINIMUM         58    722 AM  42    1995  60     -2       72
  AVERAGE         69                        72     -3       82

PRECIPITATION (IN)
  YESTERDAY        0.00          2.98 1932   0.06  -0.06     0.00
  MONTH TO DATE    2.56                      1.40   1.16     0.04
  SINCE SEP 1      2.56                      1.40   1.16     0.04
  SINCE JAN 1     11.06                     11.12  -0.06    12.78

DEGREE DAYS
 HEATING
  YESTERDAY        0                         1     -1        0
  MONTH TO DATE    0                         2     -2        0
  SINCE SEP 1      0                         2     -2        0
  SINCE JUL 1      0                         2     -2        0

 COOLING
  YESTERDAY        4                         8     -4       17
  MONTH TO DATE  251                       240     11      343
  SINCE SEP 1    251                       240     11      343
  SINCE JAN 1   2849                      2124    725     2590
..................................................................


WIND (MPH)
  HIGHEST WIND SPEED    26   HIGHEST WIND DIRECTION    NE (30)
  HIGHEST GUST SPEED    33   HIGHEST GUST DIRECTION     N (10)
  AVERAGE WIND SPEED    12.7


SKY COVER
  POSSIBLE SUNSHINE  MM
  AVERAGE SKY COVER 0.5


WEATHER CONDITIONS
 THE FOLLOWING WEATHER WAS RECORDED YESTERDAY.
  FOG


RELATIVE HUMIDITY (PERCENT)
 HIGHEST    93           500 AM
 LOWEST     39           400 PM
 AVERAGE    66

..........................................................


THE MIDLAND CLIMATE NORMALS FOR TODAY
                         NORMAL    RECORD    YEAR
 MAXIMUM TEMPERATURE (F)   85        99      1933
 MINIMUM TEMPERATURE (F)   60        45      1995
                                             1994


SUNRISE AND SUNSET
SEPTEMBER 23 2018.....SUNRISE   738 AM CDT   SUNSET   744 PM CDT
SEPTEMBER 24 2018.....SUNRISE   738 AM CDT   SUNSET   743 PM CDT


-  INDICATES NEGATIVE NUMBERS.
R  INDICATES RECORD WAS SET OR TIED.
MM INDICATES DATA IS MISSING.
T  INDICATES TRACE AMOUNT.




$$
