000
CDUS44 KMAF 212311
CLIMAF

CLIMATE REPORT
NATIONAL WEATHER SERVICE MIDLAND/ODESSA TX
611 PM CDT WED OCT 21 2020

...................................

...THE MIDLAND INTERNATIONAL AIRPORT CLIMATE SUMMARY FOR OCTOBER 21 2020...
VALID TODAY AS OF 0600 PM LOCAL TIME.

CLIMATE NORMAL PERIOD 1981 TO 2010
CLIMATE RECORD PERIOD 1930 TO 2020


WEATHER ITEM   OBSERVED TIME   RECORD YEAR NORMAL DEPARTURE LAST
                VALUE   (LST)  VALUE       VALUE  FROM      YEAR
                                                  NORMAL
...................................................................
TEMPERATURE (F)
 TODAY
  MAXIMUM         87    331 PM  92    2007  77     10       78
  MINIMUM         60    639 AM  37    1999  50     10       40
  AVERAGE         74                        63     11       59

PRECIPITATION (IN)
  TODAY            0.00          0.66 1998   0.04  -0.04     0.00
  MONTH TO DATE    0.00                      1.32  -1.32      T
  SINCE SEP 1      0.83                      3.18  -2.35     1.01
  SINCE JAN 1      6.84                     12.90  -6.06    12.41

SNOWFALL (IN)
  TODAY            0.0
  MONTH TO DATE    0.0
  SINCE SEP 1      0.0
  SINCE JUL 1      0.0
  SNOW DEPTH       0

DEGREE DAYS
 HEATING
  TODAY            0                         4     -4        6
  MONTH TO DATE    9                        47    -38       35
  SINCE SEP 1     46                        58    -12       35
  SINCE JUL 1     46                        58    -12       35

 COOLING
  TODAY            9                         2      7        0
  MONTH TO DATE  134                        81     53      172
  SINCE SEP 1    399                       376     23      676
  SINCE JAN 1   2873                      2260    613     2854
...................................................................


WIND (MPH)
  HIGHEST WIND SPEED    26   HIGHEST WIND DIRECTION     S (160)
  HIGHEST GUST SPEED    31   HIGHEST GUST DIRECTION     S (160)
  AVERAGE WIND SPEED    14.3


SKY COVER
  POSSIBLE SUNSHINE  MM
  AVERAGE SKY COVER 0.1


WEATHER CONDITIONS
THE FOLLOWING WEATHER WAS RECORDED TODAY.
  NO SIGNIFICANT WEATHER WAS OBSERVED.


RELATIVE HUMIDITY (PERCENT)
 HIGHEST    93           800 AM
 LOWEST     37           500 PM
 AVERAGE    65

..........................................................


THE MIDLAND INTERNATIONAL AIRPORT CLIMATE NORMALS FOR TOMORROW
                         NORMAL    RECORD    YEAR
 MAXIMUM TEMPERATURE (F)   76        91      1995
                                             2001
 MINIMUM TEMPERATURE (F)   50        33      1945
                                             1990


SUNRISE AND SUNSET
OCTOBER 21 2020.......SUNRISE   757 AM CDT   SUNSET   709 PM CDT
OCTOBER 22 2020.......SUNRISE   758 AM CDT   SUNSET   708 PM CDT


-  INDICATES NEGATIVE NUMBERS.
R  INDICATES RECORD WAS SET OR TIED.
MM INDICATES DATA IS MISSING.
T  INDICATES TRACE AMOUNT.




$$
