000
CDUS44 KMAF 200737
CLIMAF


CLIMATE REPORT
NATIONAL WEATHER SERVICE MIDLAND TX
237 AM CDT WED JUN 20 2018


...................................

...THE MIDLAND CLIMATE SUMMARY FOR JUNE 19 2018...

CLIMATE NORMAL PERIOD 1981 TO 2010
CLIMATE RECORD PERIOD 1930 TO 2018


WEATHER ITEM   OBSERVED TIME   RECORD YEAR NORMAL DEPARTURE LAST
                VALUE   (LST)  VALUE       VALUE  FROM      YEAR
                                                  NORMAL
..................................................................
TEMPERATURE (F)
 YESTERDAY
  MAXIMUM         94    502 PM 108    2011  94      0       93
  MINIMUM         72    601 AM  56    1985  68      4       74
  AVERAGE         83                        81      2       84

PRECIPITATION (IN)
  YESTERDAY        0.00          1.72 1963   0.06  -0.06     0.01
  MONTH TO DATE    1.89                      1.18   0.71     1.54
  SINCE JUN 1      1.89                      1.18   0.71     1.54
  SINCE JAN 1      2.73                      5.44  -2.71     7.23

DEGREE DAYS
 COOLING
  YESTERDAY       18                        16      2       19
  MONTH TO DATE  386                       279    107      356
  SINCE JUN 1    386                       279    107      356
  SINCE JAN 1   1091                       668    423      917
..................................................................


WIND (MPH)
  HIGHEST WIND SPEED    21   HIGHEST WIND DIRECTION    SE (130)
  HIGHEST GUST SPEED    28   HIGHEST GUST DIRECTION    SE (130)
  AVERAGE WIND SPEED    11.2


SKY COVER
  POSSIBLE SUNSHINE  MM
  AVERAGE SKY COVER 0.2


WEATHER CONDITIONS
 THE FOLLOWING WEATHER WAS RECORDED YESTERDAY.
  NO SIGNIFICANT WEATHER WAS OBSERVED.


RELATIVE HUMIDITY (PERCENT)
 HIGHEST    90           600 AM
 LOWEST     36           500 PM
 AVERAGE    63

..........................................................


THE MIDLAND CLIMATE NORMALS FOR TODAY
                         NORMAL    RECORD    YEAR
 MAXIMUM TEMPERATURE (F)   94       109      1951
 MINIMUM TEMPERATURE (F)   68        52      1973


SUNRISE AND SUNSET
JUNE 20 2018..........SUNRISE   643 AM CDT   SUNSET   858 PM CDT
JUNE 21 2018..........SUNRISE   643 AM CDT   SUNSET   858 PM CDT


-  INDICATES NEGATIVE NUMBERS.
R  INDICATES RECORD WAS SET OR TIED.
MM INDICATES DATA IS MISSING.
T  INDICATES TRACE AMOUNT.




$$
