000
CDUS42 KTAE 190644
CLIMAI


CLIMATE REPORT
NATIONAL WEATHER SERVICE TALLAHASSEE FL
244 AM EDT TUE JUN 19 2018


...................................

...THE MARIANNA CLIMATE SUMMARY FOR JUNE 18 2018...

CLIMATE NORMAL PERIOD 1981 TO 2010
CLIMATE RECORD PERIOD 1950 TO 2018


WEATHER ITEM   OBSERVED NORMAL DEPARTURE LAST
                VALUE   VALUE  FROM      YEAR
                               NORMAL
...............................................
TEMPERATURE (F)
 YESTERDAY
  MAXIMUM         93     91      2       93
  MINIMUM         73     70      3       71
  AVERAGE         83     81      2       82

PRECIPITATION (IN)
  YESTERDAY        0.00   0.20  -0.20     0.12
  MONTH TO DATE    4.48   3.25   1.23     7.15
  SINCE JUN 1      4.48   3.25   1.23     7.15
  SINCE JAN 1     28.66  25.47   3.19    25.66

DEGREE DAYS
 HEATING
  YESTERDAY        0             0
  MONTH TO DATE    0             0
  SINCE JUN 1      0             0
  SINCE JUL 1   1365          -284

 COOLING
  YESTERDAY       18             2
  MONTH TO DATE  288            23
  SINCE JUN 1    288            23
  SINCE JAN 1    916           181
...............................................


WIND (MPH)
  HIGHEST WIND SPEED    12   HIGHEST WIND DIRECTION     W (270)
  HIGHEST GUST SPEED    15   HIGHEST GUST DIRECTION     W (270)
  AVERAGE WIND SPEED     3.0




RELATIVE HUMIDITY (PERCENT)
 HIGHEST    93
 LOWEST     49
 AVERAGE    71

..........................................................




SUNRISE AND SUNSET
JUNE 19 2018..........SUNRISE   538 AM CDT   SUNSET   747 PM CDT
JUNE 20 2018..........SUNRISE   538 AM CDT   SUNSET   747 PM CDT


-  INDICATES NEGATIVE NUMBERS.
R  INDICATES RECORD WAS SET OR TIED.
MM INDICATES DATA IS MISSING.
T  INDICATES TRACE AMOUNT.




$$
