000
CDUS42 KTAE 302149
CLIMAI

CLIMATE REPORT
NATIONAL WEATHER SERVICE TALLAHASSEE FL
549 PM EDT FRI OCT 30 2020

...................................

...THE MARIANNA CLIMATE SUMMARY FOR OCTOBER 30 2020...
VALID TODAY AS OF 0500 PM LOCAL TIME.

CLIMATE NORMAL PERIOD 1981 TO 2010
CLIMATE RECORD PERIOD 1950 TO 2020


WEATHER ITEM   OBSERVED TIME   NORMAL DEPARTURE LAST
                VALUE   (LST)  VALUE  FROM      YEAR
                                      NORMAL
.......................................................
TEMPERATURE (F)
 TODAY
  MAXIMUM         69    300 PM  76     -7       78
  MINIMUM         48        MM  52     -4       71
  AVERAGE         59            64     -5       75

PRECIPITATION (IN)
  TODAY           MM             0.12  MM        0.63
  MONTH TO DATE    3.24          3.30  -0.06     6.26
  SINCE SEP 1     18.15          7.10  11.05     6.26
  SINCE JAN 1     50.61         45.43   5.18    33.30

SNOWFALL (IN)
  TODAY            0.0

DEGREE DAYS
 HEATING
  TODAY            6                    2
  MONTH TO DATE    7                  -38
  SINCE SEP 1      7                  -39
  SINCE JUL 1      7                  -39

 COOLING
  TODAY            0                   -3
  MONTH TO DATE  264                  109
  SINCE SEP 1    640                   98
  SINCE JAN 1   2900                  393
.......................................................


WIND (MPH)
  HIGHEST WIND SPEED    15   HIGHEST WIND DIRECTION     N (10)
  HIGHEST GUST SPEED    20   HIGHEST GUST DIRECTION     N (350)
  AVERAGE WIND SPEED    10.9


RELATIVE HUMIDITY (PERCENT)
 HIGHEST    83
 LOWEST     47
 AVERAGE    65

..........................................................


THE MARIANNA CLIMATE NORMALS FOR TOMORROW
                         NORMAL




SUNRISE AND SUNSET
OCTOBER 30 2020.......SUNRISE   655 AM CDT   SUNSET   554 PM CDT
OCTOBER 31 2020.......SUNRISE   655 AM CDT   SUNSET   553 PM CDT


-  INDICATES NEGATIVE NUMBERS.
R  INDICATES RECORD WAS SET OR TIED.
MM INDICATES DATA IS MISSING.
T  INDICATES TRACE AMOUNT.




$$
