000
CDUS42 KTAE 170738
CLIMAI


CLIMATE REPORT
NATIONAL WEATHER SERVICE TALLAHASSEE FL
237 AM EST MON DEC 17 2018


...................................

...THE MARIANNA CLIMATE SUMMARY FOR DECEMBER 16 2018...

CLIMATE NORMAL PERIOD 1981 TO 2010
CLIMATE RECORD PERIOD 1950 TO 2018


WEATHER ITEM   OBSERVED NORMAL DEPARTURE LAST
                VALUE   VALUE  FROM      YEAR
                               NORMAL
...............................................
TEMPERATURE (F)
 YESTERDAY
  MAXIMUM         60     64     -4       61
  MINIMUM         46     41      5       36
  AVERAGE         53     52      1       49

PRECIPITATION (IN)
  YESTERDAY        0.00   0.12  -0.12     0.00
  MONTH TO DATE    8.39   2.18   6.21     1.75
  SINCE DEC 1      8.39   2.18   6.21     1.75
  SINCE JAN 1     61.93  51.85  10.08    45.83

DEGREE DAYS
 HEATING
  YESTERDAY       12            -1
  MONTH TO DATE  197            13
  SINCE DEC 1    197            13
  SINCE JUL 1    421            -1

 COOLING
  YESTERDAY        0             0
  MONTH TO DATE    8            -4
  SINCE DEC 1      8            -4
  SINCE JAN 1   2965           404
...............................................


WIND (MPH)
  HIGHEST WIND SPEED    16   HIGHEST WIND DIRECTION    NW (320)
  HIGHEST GUST SPEED    21   HIGHEST GUST DIRECTION    NW (320)
  AVERAGE WIND SPEED     7.1




RELATIVE HUMIDITY (PERCENT)
 HIGHEST   100
 LOWEST     62
 AVERAGE    81

..........................................................




SUNRISE AND SUNSET
DECEMBER 17 2018......SUNRISE   632 AM CST   SUNSET   442 PM CST
DECEMBER 18 2018......SUNRISE   633 AM CST   SUNSET   442 PM CST


-  INDICATES NEGATIVE NUMBERS.
R  INDICATES RECORD WAS SET OR TIED.
MM INDICATES DATA IS MISSING.
T  INDICATES TRACE AMOUNT.




$$
