000
CDUS42 KTAE 232139
CLIMAI


CLIMATE REPORT
NATIONAL WEATHER SERVICE TALLAHASSEE FL
538 PM EDT WED OCT 23 2019


...................................

...THE MARIANNA CLIMATE SUMMARY FOR OCTOBER 23 2019...
VALID TODAY AS OF 0500 PM LOCAL TIME.

CLIMATE NORMAL PERIOD 1981 TO 2010
CLIMATE RECORD PERIOD 1950 TO 2019


WEATHER ITEM   OBSERVED TIME   NORMAL DEPARTURE LAST
                VALUE   (LST)  VALUE  FROM      YEAR
                                      NORMAL
......................................................
TEMPERATURE (F)
 TODAY
  MAXIMUM         73    300 PM  78     -5       MM
  MINIMUM         50        MM  54     -4       MM
  AVERAGE         62            66     -4       MM

PRECIPITATION (IN)
  TODAY            0.00          0.12  -0.12    MM
  MONTH TO DATE    3.54          2.47   1.07     1.63
  SINCE SEP 1      3.54          6.27  -2.73     5.25
  SINCE JAN 1     30.58         44.60 -14.02    48.42

SNOWFALL (IN)
  TODAY            0.0

DEGREE DAYS
 HEATING
  TODAY            3                    1
  MONTH TO DATE    5                  -18
  SINCE SEP 1      5                  -19
  SINCE JUL 1      5                  -19

 COOLING
  TODAY            0                   -4
  MONTH TO DATE  248                  114
  SINCE SEP 1    799                  278
  SINCE JAN 1   3149                  663
......................................................


WIND (MPH)
  HIGHEST WIND SPEED    16   HIGHEST WIND DIRECTION    NE (50)
  HIGHEST GUST SPEED    MM   HIGHEST GUST DIRECTION    MM
  AVERAGE WIND SPEED     7.8




RELATIVE HUMIDITY (PERCENT)
 HIGHEST    74
 LOWEST     29
 AVERAGE    52

..........................................................


THE MARIANNA CLIMATE NORMALS FOR TOMORROW
                         NORMAL
 MAXIMUM TEMPERATURE (F)   78
 MINIMUM TEMPERATURE (F)   54


SUNRISE AND SUNSET
OCTOBER 23 2019.......SUNRISE   649 AM CDT   SUNSET   601 PM CDT
OCTOBER 24 2019.......SUNRISE   649 AM CDT   SUNSET   600 PM CDT


-  INDICATES NEGATIVE NUMBERS.
R  INDICATES RECORD WAS SET OR TIED.
MM INDICATES DATA IS MISSING.
T  INDICATES TRACE AMOUNT.




$$
