000
CDUS42 KTAE 250631
CLIMAI


CLIMATE REPORT
NATIONAL WEATHER SERVICE TALLAHASSEE FL
230 AM EDT MON MAY 25 2020


...................................

...THE MARIANNA CLIMATE SUMMARY FOR MAY 24 2020...

CLIMATE NORMAL PERIOD 1981 TO 2010
CLIMATE RECORD PERIOD 1950 TO 2020


WEATHER ITEM   OBSERVED TIME   NORMAL DEPARTURE LAST
                VALUE   (LST)  VALUE  FROM      YEAR
                                      NORMAL
......................................................
TEMPERATURE (F)
 YESTERDAY
  MAXIMUM         91    143 PM  88      3       95
  MINIMUM         69    420 AM  66      3       69
  AVERAGE         80            77      3       82

PRECIPITATION (IN)
  YESTERDAY        0.00          0.11  -0.11     0.00
  MONTH TO DATE    1.47          2.05  -0.58     1.31
  SINCE MAR 1      8.19         11.30  -3.11     8.75
  SINCE JAN 1     17.43         21.28  -3.85    15.59

SNOWFALL (IN)
  YESTERDAY        0.0

DEGREE DAYS
 HEATING
  YESTERDAY        0                    0
  MONTH TO DATE    4                    4
  SINCE MAR 1     84                 -157
  SINCE JUL 1   1150                 -496

 COOLING
  YESTERDAY       15                    3
  MONTH TO DATE  202                  -20
  SINCE MAR 1    522                  157
  SINCE JAN 1    577                  197
......................................................


WIND (MPH)
  HIGHEST WIND SPEED    14   HIGHEST WIND DIRECTION     E (90)
  HIGHEST GUST SPEED    19   HIGHEST GUST DIRECTION    SE (120)
  AVERAGE WIND SPEED     5.4




..........................................................


THE MARIANNA CLIMATE NORMALS FOR TODAY
                         NORMAL
 MAXIMUM TEMPERATURE (F)   88
 MINIMUM TEMPERATURE (F)   66


SUNRISE AND SUNSET
MAY 25 2020...........SUNRISE   540 AM CDT   SUNSET   736 PM CDT
MAY 26 2020...........SUNRISE   540 AM CDT   SUNSET   736 PM CDT


-  INDICATES NEGATIVE NUMBERS.
R  INDICATES RECORD WAS SET OR TIED.
MM INDICATES DATA IS MISSING.
T  INDICATES TRACE AMOUNT.




$$
