000
CDUS42 KTAE 220631
CLIMAI


CLIMATE REPORT
NATIONAL WEATHER SERVICE TALLAHASSEE FL
231 AM EDT SAT SEP 22 2018


...................................

...THE MARIANNA CLIMATE SUMMARY FOR SEPTEMBER 21 2018...

CLIMATE NORMAL PERIOD 1981 TO 2010
CLIMATE RECORD PERIOD 1950 TO 2018


WEATHER ITEM   OBSERVED NORMAL DEPARTURE LAST
                VALUE   VALUE  FROM      YEAR
                               NORMAL
...............................................
TEMPERATURE (F)
 YESTERDAY
  MAXIMUM         93     87      6       92
  MINIMUM         74     66      8       70
  AVERAGE         84     77      7       81

PRECIPITATION (IN)
  YESTERDAY        0.00   0.12  -0.12     0.03
  MONTH TO DATE    1.72   2.68  -0.96     3.09
  SINCE SEP 1      1.72   2.68  -0.96     3.09
  SINCE JAN 1     44.89  41.01   3.88    42.79

DEGREE DAYS
 HEATING
  YESTERDAY        0             0
  MONTH TO DATE    0             0
  SINCE SEP 1      0             0
  SINCE JUL 1      0             0

 COOLING
  YESTERDAY       19             7
  MONTH TO DATE  377            82
  SINCE SEP 1    377            82
  SINCE JAN 1   2633           373
...............................................


WIND (MPH)
  HIGHEST WIND SPEED    15   HIGHEST WIND DIRECTION     E (80)
  HIGHEST GUST SPEED    18   HIGHEST GUST DIRECTION     E (70)
  AVERAGE WIND SPEED     4.9




RELATIVE HUMIDITY (PERCENT)
 HIGHEST    85
 LOWEST     49
 AVERAGE    67

..........................................................




SUNRISE AND SUNSET
SEPTEMBER 22 2018.....SUNRISE   629 AM CDT   SUNSET   637 PM CDT
SEPTEMBER 23 2018.....SUNRISE   630 AM CDT   SUNSET   636 PM CDT


-  INDICATES NEGATIVE NUMBERS.
R  INDICATES RECORD WAS SET OR TIED.
MM INDICATES DATA IS MISSING.
T  INDICATES TRACE AMOUNT.




$$
