602
CDUS43 KABR 162250
CLIMBG


CLIMATE REPORT
NATIONAL WEATHER SERVICE ABERDEEN SD
550 PM CDT WED OCT 16 2019


...................................

...THE MOBRIDGE SD CLIMATE SUMMARY FOR OCTOBER 16 2019...
VALID TODAY AS OF 0500 PM LOCAL TIME.

CLIMATE NORMAL PERIOD 1981 TO 2010
CLIMATE RECORD PERIOD 1911 TO 2019


WEATHER ITEM   OBSERVED TIME   RECORD YEAR NORMAL DEPARTURE
                VALUE   (LST)  VALUE       VALUE  FROM
                                                  NORMAL
...............................................................
TEMPERATURE (F)
 TODAY
  MAXIMUM         55    359 PM  89    1991  60     -5
                                      1945
  MINIMUM         27    243 AM  17    2004  35     -8
  AVERAGE         41                        47     -6

PRECIPITATION (IN)
  TODAY            T             2.03 1953   0.06  -0.06
  MONTH TO DATE    1.33                      0.83   0.50
  SINCE SEP 1      4.96                      2.37   2.59
  SINCE JAN 1     25.48                     16.28   9.20

SNOWFALL (IN)
  TODAY           MM
  MONTH TO DATE    5.6
  SINCE OCT 1      5.6
  SINCE JUL 1      5.6
  SNOW DEPTH       0

DEGREE DAYS
 HEATING
  TODAY           24                                6
  MONTH TO DATE  338                              101
  SINCE SEP 1    443                               19
  SINCE JUL 1    465                                8

 COOLING
  TODAY            0                                0
  MONTH TO DATE    0                                0
  SINCE SEP 1     75                               15
  SINCE JAN 1    648                                7
...............................................................


WIND (MPH)
  HIGHEST WIND SPEED    18   HIGHEST WIND DIRECTION     S (170)
  HIGHEST GUST SPEED    24   HIGHEST GUST DIRECTION     S (170)
  AVERAGE WIND SPEED     7.7


SKY COVER
  AVERAGE SKY COVER 0.1


WEATHER CONDITIONS
 THE FOLLOWING WEATHER WAS RECORDED TODAY.
  FOG


RELATIVE HUMIDITY (PERCENT)
 HIGHEST    92
 LOWEST     50
 AVERAGE    71

..........................................................


THE MOBRIDGE SD CLIMATE NORMALS FOR TOMORROW
                         NORMAL    RECORD    YEAR
 MAXIMUM TEMPERATURE (F)   60        85      1914
 MINIMUM TEMPERATURE (F)   34        12      1948
                                             1930


SUNRISE AND SUNSET
OCTOBER 16 2019.......SUNRISE   759 AM CDT   SUNSET   655 PM CDT
OCTOBER 17 2019.......SUNRISE   800 AM CDT   SUNSET   653 PM CDT


-  INDICATES NEGATIVE NUMBERS.
R  INDICATES RECORD WAS SET OR TIED.
MM INDICATES DATA IS MISSING.
T  INDICATES TRACE AMOUNT.




$$
