000
CDUS43 KABR 180728
CLIMBG


CLIMATE REPORT
NATIONAL WEATHER SERVICE ABERDEEN SD
223 AM CDT MON JUN 18 2018


...................................

...THE MOBRIDGE SD CLIMATE SUMMARY FOR JUNE 17 2018...

CLIMATE NORMAL PERIOD 1981 TO 2010
CLIMATE RECORD PERIOD 1911 TO 2018


WEATHER ITEM   OBSERVED TIME   RECORD YEAR NORMAL DEPARTURE LAST
                VALUE   (LST)  VALUE       VALUE  FROM      YEAR
                                                  NORMAL
..................................................................
TEMPERATURE (F)
 YESTERDAY
  MAXIMUM         68    326 PM 105    1931  78    -10       73
  MINIMUM         58   1013 AM  39    1915  54      4       56
  AVERAGE         63                        66     -3       65

PRECIPITATION (IN)
  YESTERDAY        1.09R         1.07 1932   0.11   0.98     0.28
  MONTH TO DATE    3.10                      2.05   1.05     1.33
  SINCE JUN 1      3.10                      2.05   1.05     1.33
  SINCE JAN 1     10.40                      8.07   2.33     3.86

DEGREE DAYS
 HEATING
  YESTERDAY        2                         2      0        0
  MONTH TO DATE    6                        58    -52        0
  SINCE JUN 1      6                        58    -52        0
  SINCE JUL 1   7929                      7942    -13     7126

 COOLING
  YESTERDAY        0                         3     -3        0
  MONTH TO DATE  120                        36     84      133
  SINCE JUN 1    120                        36     84      133
  SINCE JAN 1    234                        52    182      153
..................................................................


WIND (MPH)
  HIGHEST WIND SPEED    22   HIGHEST WIND DIRECTION    NE (30)
  HIGHEST GUST SPEED    32   HIGHEST GUST DIRECTION    NE (30)
  AVERAGE WIND SPEED    11.1


SKY COVER
  POSSIBLE SUNSHINE  MM
  AVERAGE SKY COVER 0.8


WEATHER CONDITIONS
 THE FOLLOWING WEATHER WAS RECORDED YESTERDAY.
  THUNDERSTORM
  HEAVY RAIN
  RAIN
  LIGHT RAIN
  FOG
  HAZE


RELATIVE HUMIDITY (PERCENT)
 HIGHEST    90           300 AM
 LOWEST     63           300 PM
 AVERAGE    77

..........................................................


THE MOBRIDGE SD CLIMATE NORMALS FOR TODAY
                         NORMAL    RECORD    YEAR
 MAXIMUM TEMPERATURE (F)   79       109      1933
 MINIMUM TEMPERATURE (F)   55        41      2004


SUNRISE AND SUNSET
JUNE 18 2018..........SUNRISE   552 AM CDT   SUNSET   933 PM CDT
JUNE 19 2018..........SUNRISE   552 AM CDT   SUNSET   934 PM CDT


-  INDICATES NEGATIVE NUMBERS.
R  INDICATES RECORD WAS SET OR TIED.
MM INDICATES DATA IS MISSING.
T  INDICATES TRACE AMOUNT.




$$
