550
CDUS43 KABR 112347
CLIMBG


CLIMATE REPORT
NATIONAL WEATHER SERVICE ABERDEEN SD
546 PM CST TUE DEC 11 2018


...................................

...THE MOBRIDGE SD CLIMATE SUMMARY FOR DECEMBER 11 2018...
VALID TODAY AS OF 0500 PM LOCAL TIME.

CLIMATE NORMAL PERIOD 1981 TO 2010
CLIMATE RECORD PERIOD 1911 TO 2018


WEATHER ITEM   OBSERVED TIME   RECORD YEAR NORMAL DEPARTURE LAST
                VALUE   (LST)  VALUE       VALUE  FROM      YEAR
                                                  NORMAL
..................................................................
TEMPERATURE (F)
 TODAY
  MAXIMUM         41    331 PM  64    1939  30     11       42
  MINIMUM         18    515 AM -22    1917   8     10       20
  AVERAGE         30                        19     11       31

PRECIPITATION (IN)
  TODAY            0.00          0.79 1965   0.01  -0.01     0.00
  MONTH TO DATE    0.05                      0.09  -0.04     0.27
  SINCE DEC 1      0.05                      0.09  -0.04     0.27
  SINCE JAN 1     18.68                     17.52   1.16    15.33

SNOWFALL (IN)
  TODAY            0.0
  MONTH TO DATE    0.1
  SINCE OCT 1      3.5
  SINCE JUL 1      3.5
  SNOW DEPTH       0

DEGREE DAYS
 HEATING
  TODAY           35                        46    -11       34
  MONTH TO DATE  427                       485    -58      377
  SINCE DEC 1    427                       485    -58      377
  SINCE JUL 1   2268                      2251     17     1878

 COOLING
  TODAY            0                         0      0        0
  MONTH TO DATE    0                         0      0        0
  SINCE DEC 1      0                         0      0        0
  SINCE JAN 1    966                       644    322      791
..................................................................


WIND (MPH)
  HIGHEST WIND SPEED     8   HIGHEST WIND DIRECTION     W (280)
  HIGHEST GUST SPEED    10   HIGHEST GUST DIRECTION    NW (310)
  AVERAGE WIND SPEED     1.7


SKY COVER
  POSSIBLE SUNSHINE  MM
  AVERAGE SKY COVER 0.2


WEATHER CONDITIONS
 THE FOLLOWING WEATHER WAS RECORDED TODAY.
  NO SIGNIFICANT WEATHER WAS OBSERVED.


RELATIVE HUMIDITY (PERCENT)
 HIGHEST    92           300 AM
 LOWEST     59           200 PM
 AVERAGE    76

..........................................................


THE MOBRIDGE SD CLIMATE NORMALS FOR TOMORROW
                         NORMAL    RECORD    YEAR
 MAXIMUM TEMPERATURE (F)   29        54      2017
 MINIMUM TEMPERATURE (F)    8       -26      1917


SUNRISE AND SUNSET
DECEMBER 11 2018......SUNRISE   812 AM CST   SUNSET   458 PM CST
DECEMBER 12 2018......SUNRISE   813 AM CST   SUNSET   458 PM CST


-  INDICATES NEGATIVE NUMBERS.
R  INDICATES RECORD WAS SET OR TIED.
MM INDICATES DATA IS MISSING.
T  INDICATES TRACE AMOUNT.




$$
