000
CDUS43 KABR 070722
CLIMBG

CLIMATE REPORT
NATIONAL WEATHER SERVICE ABERDEEN SD
222 AM CDT FRI MAY 07 2021

...................................

...THE MOBRIDGE SD CLIMATE SUMMARY FOR MAY 6 2021...

CLIMATE NORMAL PERIOD 1991 TO 2020
CLIMATE RECORD PERIOD 1911 TO 2021


WEATHER ITEM   OBSERVED TIME   RECORD YEAR NORMAL DEPARTURE LAST
                VALUE   (LST)  VALUE       VALUE  FROM      YEAR
                                                  NORMAL
...................................................................
TEMPERATURE (F)
 YESTERDAY
  MAXIMUM         72    437 PM  87    1934  67      5       66
                                      1992
  MINIMUM         30    438 AM  22    1929  41    -11       33
  AVERAGE         51                        54     -3       50

PRECIPITATION (IN)
  YESTERDAY        0.00          1.01 1930   0.09  -0.09     0.00
  MONTH TO DATE    0.06                      0.52  -0.46     0.78
  SINCE MAR 1      0.64                      2.81  -2.17     1.85
  SINCE JAN 1      0.93                      3.84  -2.91     2.66

SNOWFALL (IN)
  YESTERDAY        0.0           T    1946   0.0    0.0      0.0
  MONTH TO DATE    0.0                       0.0    0.0      0.0
  SINCE OCT 1     17.2                      31.0  -13.8     45.2
  SINCE JUL 1     17.2                      31.0  -13.8     45.2
  SNOW DEPTH       0

DEGREE DAYS
 HEATING
  YESTERDAY       14                        12      2       15
  MONTH TO DATE   80                        75      5       71
  SINCE MAR 1   1411                      1632   -221     1619
  SINCE JUL 1   6723                      7317   -594     7505

 COOLING
  YESTERDAY        0                         0      0        0
  MONTH TO DATE    0                         0      0        0
  SINCE MAR 1      0                         1     -1        0
  SINCE JAN 1      0                         1     -1        0
...................................................................


WIND (MPH)
  HIGHEST WIND SPEED    20   HIGHEST WIND DIRECTION    NW (300)
  HIGHEST GUST SPEED    29   HIGHEST GUST DIRECTION    NW (300)
  AVERAGE WIND SPEED     7.7


SKY COVER
  AVERAGE SKY COVER 0.4


WEATHER CONDITIONS
THE FOLLOWING WEATHER WAS RECORDED YESTERDAY.
  NO SIGNIFICANT WEATHER WAS OBSERVED.


RELATIVE HUMIDITY (PERCENT)
 HIGHEST    88           500 AM
 LOWEST     16           200 PM
 AVERAGE    52

..........................................................


THE MOBRIDGE SD CLIMATE NORMALS FOR TODAY
                         NORMAL    RECORD    YEAR
 MAXIMUM TEMPERATURE (F)   67        94      1992
 MINIMUM TEMPERATURE (F)   41        20      1929


SUNRISE AND SUNSET
MAY  7 2021...........SUNRISE   621 AM CDT   SUNSET   857 PM CDT
MAY  8 2021...........SUNRISE   619 AM CDT   SUNSET   858 PM CDT


-  INDICATES NEGATIVE NUMBERS.
R  INDICATES RECORD WAS SET OR TIED.
MM INDICATES DATA IS MISSING.
T  INDICATES TRACE AMOUNT.




$$
