000
CDUS43 KABR 210733
CLIMBG


CLIMATE REPORT
NATIONAL WEATHER SERVICE ABERDEEN SD
232 AM CDT FRI SEP 21 2018


...................................

...THE MOBRIDGE SD CLIMATE SUMMARY FOR SEPTEMBER 20 2018...

CLIMATE NORMAL PERIOD 1981 TO 2010
CLIMATE RECORD PERIOD 1911 TO 2018


WEATHER ITEM   OBSERVED TIME   RECORD YEAR NORMAL DEPARTURE LAST
                VALUE   (LST)  VALUE       VALUE  FROM      YEAR
                                                  NORMAL
..................................................................
TEMPERATURE (F)
 YESTERDAY
  MAXIMUM         58    330 PM  95    1960  72    -14       74
  MINIMUM         47   1159 PM  25    1918  46      1       39
  AVERAGE         53                        59     -6       57

PRECIPITATION (IN)
  YESTERDAY        2.10R         0.96 1996   0.05   2.05     0.00
  MONTH TO DATE    3.13                      1.02   2.11     0.83
  SINCE SEP 1      3.13                      1.02   2.11     0.83
  SINCE JAN 1     16.19                     14.93   1.26    13.53

DEGREE DAYS
 HEATING
  YESTERDAY       12                         7      5        8
  MONTH TO DATE   29                        92    -63       64
  SINCE SEP 1     29                        92    -63       64
  SINCE JUL 1     39                       125    -86       70

 COOLING
  YESTERDAY        0                         1     -1        0
  MONTH TO DATE   89                        54     35       70
  SINCE SEP 1     89                        54     35       70
  SINCE JAN 1    966                       635    331      781
..................................................................


WIND (MPH)
  HIGHEST WIND SPEED    26   HIGHEST WIND DIRECTION     E (70)
  HIGHEST GUST SPEED    37   HIGHEST GUST DIRECTION    NE (60)
  AVERAGE WIND SPEED    12.6


SKY COVER
  POSSIBLE SUNSHINE  MM
  AVERAGE SKY COVER 1.0


WEATHER CONDITIONS
 THE FOLLOWING WEATHER WAS RECORDED YESTERDAY.
  HEAVY RAIN
  RAIN
  LIGHT RAIN
  FOG


RELATIVE HUMIDITY (PERCENT)
 HIGHEST    96           800 AM
 LOWEST     72          1200 AM
 AVERAGE    84

..........................................................


THE MOBRIDGE SD CLIMATE NORMALS FOR TODAY
                         NORMAL    RECORD    YEAR
 MAXIMUM TEMPERATURE (F)   71       101      1937
 MINIMUM TEMPERATURE (F)   45        27      1918


SUNRISE AND SUNSET
SEPTEMBER 21 2018.....SUNRISE   727 AM CDT   SUNSET   741 PM CDT
SEPTEMBER 22 2018.....SUNRISE   729 AM CDT   SUNSET   739 PM CDT


-  INDICATES NEGATIVE NUMBERS.
R  INDICATES RECORD WAS SET OR TIED.
MM INDICATES DATA IS MISSING.
T  INDICATES TRACE AMOUNT.




$$
