000
CDUS43 KABR 090802
CLIMBG


CLIMATE REPORT
NATIONAL WEATHER SERVICE ABERDEEN SD
302 AM CDT SUN AUG 9 2020


...................................

...THE MOBRIDGE SD CLIMATE SUMMARY FOR AUGUST 8 2020...

CLIMATE NORMAL PERIOD 1981 TO 2010
CLIMATE RECORD PERIOD 1911 TO 2020


WEATHER ITEM   OBSERVED TIME   RECORD YEAR NORMAL DEPARTURE LAST
                VALUE   (LST)  VALUE       VALUE  FROM      YEAR
                                                  NORMAL
..................................................................
TEMPERATURE (F)
 YESTERDAY
  MAXIMUM         88    612 PM 105    1936  87      1       83
  MINIMUM         65    741 AM  44    1939  59      6       56
  AVERAGE         77                        73      4       70

PRECIPITATION (IN)
  YESTERDAY        0.06          1.43 2017   0.07  -0.01     0.00
  MONTH TO DATE    0.14                      0.61  -0.47     0.32
  SINCE JUN 1      5.69                      6.47  -0.78     8.89
  SINCE JAN 1      9.69                     12.49  -2.80    17.63

SNOWFALL (IN)
  YESTERDAY        0.0          MM      MM                   0.0
  MONTH TO DATE    0.0                                       0.0
  SINCE OCT 1     45.2                                      86.8
  SINCE JUL 1      0.0                                       0.0
  SNOW DEPTH       0

DEGREE DAYS
 HEATING
  YESTERDAY        0                         0      0        0
  MONTH TO DATE    0                         0      0        0
  SINCE JUN 1      3                        87    -84       40
  SINCE JUL 1      0                        12    -12        0

 COOLING
  YESTERDAY       12                         8      4        5
  MONTH TO DATE   52                        69    -17       72
  SINCE JUN 1    629                       417    212      465
  SINCE JAN 1    643                       433    210      479
..................................................................


WIND (MPH)
  HIGHEST WIND SPEED    32   HIGHEST WIND DIRECTION     E (70)
  HIGHEST GUST SPEED    47   HIGHEST GUST DIRECTION    NW (310)
  AVERAGE WIND SPEED    10.4


SKY COVER
  AVERAGE SKY COVER 0.2


WEATHER CONDITIONS
 THE FOLLOWING WEATHER WAS RECORDED YESTERDAY.
  THUNDERSTORM
  RAIN
  LIGHT RAIN
  FOG


RELATIVE HUMIDITY (PERCENT)
 HIGHEST    93           400 AM
 LOWEST     40           400 PM
 AVERAGE    67

..........................................................


THE MOBRIDGE SD CLIMATE NORMALS FOR TODAY
                         NORMAL    RECORD    YEAR
 MAXIMUM TEMPERATURE (F)   87       110      1947
 MINIMUM TEMPERATURE (F)   59        42      1927


SUNRISE AND SUNSET
AUGUST  9 2020........SUNRISE   636 AM CDT   SUNSET   858 PM CDT
AUGUST 10 2020........SUNRISE   637 AM CDT   SUNSET   856 PM CDT


-  INDICATES NEGATIVE NUMBERS.
R  INDICATES RECORD WAS SET OR TIED.
MM INDICATES DATA IS MISSING.
T  INDICATES TRACE AMOUNT.




$$
