000
CDUS43 KDTX 200536
CLIMBS

CLIMATE REPORT
NATIONAL WEATHER SERVICE DETROIT/PONTIAC MI
136 AM EDT TUE OCT 20 2020

...................................

...THE TRI CITIES MI CLIMATE SUMMARY FOR OCTOBER 19 2020...

CLIMATE NORMAL PERIOD 1981 TO 2010
CLIMATE RECORD PERIOD 1898 TO 2020


WEATHER ITEM   OBSERVED TIME   NORMAL DEPARTURE LAST
                VALUE   (LST)  VALUE  FROM      YEAR
                                      NORMAL
.......................................................
TEMPERATURE (F)
 YESTERDAY
  MAXIMUM         50    347 PM  58     -8       60
  MINIMUM         34    657 AM  39     -5       35
  AVERAGE         42            49     -7       48

PRECIPITATION (IN)
  YESTERDAY        T             0.08  -0.08     0.00
  MONTH TO DATE    1.09          1.65  -0.56     4.29
  SINCE SEP 1      5.03          5.48  -0.45     8.74
  SINCE JAN 1     26.72         26.00   0.72    26.08

SNOWFALL (IN)
  YESTERDAY        0.0           0.0    0.0      0.0
  MONTH TO DATE    0.0           0.1   -0.1      0.0
  SINCE SEP 1      0.0           0.1   -0.1      0.0
  SINCE JUL 1      0.0           0.1   -0.1      0.0
  SNOW DEPTH       0

DEGREE DAYS
 HEATING
  YESTERDAY       23            16      7       17
  MONTH TO DATE  264           256      8      242
  SINCE SEP 1    405           415    -10      293
  SINCE JUL 1    409           455    -46      301

 COOLING
  YESTERDAY        0             0      0        0
  MONTH TO DATE    0             2     -2        4
  SINCE SEP 1     40            50    -10       75
  SINCE JAN 1    853           554    299      613
.......................................................


WIND (MPH)
  HIGHEST WIND SPEED    12   HIGHEST WIND DIRECTION     N (340)
  HIGHEST GUST SPEED    16   HIGHEST GUST DIRECTION     N (340)
  AVERAGE WIND SPEED     3.0


WEATHER CONDITIONS
THE FOLLOWING WEATHER WAS RECORDED YESTERDAY.
  FOG
  HAZE


RELATIVE HUMIDITY (PERCENT)
 HIGHEST    85           700 AM
 LOWEST     36           300 PM
 AVERAGE    61

..........................................................



SUNRISE AND SUNSET
OCTOBER 20 2020.......SUNRISE   757 AM EDT   SUNSET   644 PM EDT
OCTOBER 21 2020.......SUNRISE   758 AM EDT   SUNSET   643 PM EDT


-  INDICATES NEGATIVE NUMBERS.
R  INDICATES RECORD WAS SET OR TIED.
MM INDICATES DATA IS MISSING.
T  INDICATES TRACE AMOUNT.




$$
