000
CDUS43 KDTX 250536
CLIMBS


CLIMATE REPORT
NATIONAL WEATHER SERVICE DETROIT/PONTIAC MI
135 AM EDT TUE SEP 25 2018


...................................

...THE TRI CITIES MI CLIMATE SUMMARY FOR SEPTEMBER 24 2018...

CLIMATE NORMAL PERIOD 1981 TO 2010
CLIMATE RECORD PERIOD 1898 TO 2018


WEATHER ITEM   OBSERVED TIME   NORMAL DEPARTURE LAST
                VALUE   (LST)  VALUE  FROM      YEAR
                                      NORMAL
......................................................
TEMPERATURE (F)
 YESTERDAY
  MAXIMUM         67   1159 PM  69     -2       94
  MINIMUM         50    459 AM  47      3       64
  AVERAGE         59            58      1

PRECIPITATION (IN)
  YESTERDAY        0.00          0.13  -0.13
  MONTH TO DATE    1.13          3.12  -1.99
  SINCE SEP 1      1.13          3.12  -1.99
  SINCE JAN 1     23.38         23.64  -0.26

SNOWFALL (IN)
  YESTERDAY        0.0           0.0    0.0      0.0
  MONTH TO DATE    0.0           0.0    0.0      0.0
  SINCE SEP 1      0.0           0.0    0.0      0.0
  SINCE JUL 1      0.0           0.0    0.0      0.0
  SNOW DEPTH       0

DEGREE DAYS
 HEATING
  YESTERDAY        6                   -2
  MONTH TO DATE   43                  -62
  SINCE SEP 1     43                  -62
  SINCE JUL 1     47                  -98

 COOLING
  YESTERDAY        0                   -1
  MONTH TO DATE  108                   64
  SINCE SEP 1    108                   64
  SINCE JAN 1    853                  305
......................................................


WIND (MPH)
  HIGHEST WIND SPEED    20   HIGHEST WIND DIRECTION    SE (120)
  HIGHEST GUST SPEED    23   HIGHEST GUST DIRECTION    SE (120)
  AVERAGE WIND SPEED    10.0



WEATHER CONDITIONS
 THE FOLLOWING WEATHER WAS RECORDED YESTERDAY.
  NO SIGNIFICANT WEATHER WAS OBSERVED.


RELATIVE HUMIDITY (PERCENT)
 HIGHEST   100
 LOWEST     78
 AVERAGE    89

..........................................................


THE TRI CITIES MI CLIMATE NORMALS FOR TODAY
                         NORMAL
 MAXIMUM TEMPERATURE (F)   68
 MINIMUM TEMPERATURE (F)   47


SUNRISE AND SUNSET
SEPTEMBER 25 2018.....SUNRISE   727 AM EDT   SUNSET   728 PM EDT
SEPTEMBER 26 2018.....SUNRISE   728 AM EDT   SUNSET   726 PM EDT


-  INDICATES NEGATIVE NUMBERS.
R  INDICATES RECORD WAS SET OR TIED.
MM INDICATES DATA IS MISSING.
T  INDICATES TRACE AMOUNT.




$$
