166
CDUS43 KDTX 152039
CLIMBS

CLIMATE REPORT
NATIONAL WEATHER SERVICE DETROIT/PONTIAC MI
439 PM EDT TUE OCT 15 2019


...................................

...THE TRI CITIES MI CLIMATE SUMMARY FOR OCTOBER 15 2019...
VALID TODAY AS OF 0400 PM LOCAL TIME.

CLIMATE NORMAL PERIOD 1981 TO 2010
CLIMATE RECORD PERIOD 1898 TO 2019


WEATHER ITEM   OBSERVED TIME   NORMAL DEPARTURE LAST
                VALUE   (LST)  VALUE  FROM      YEAR
                                      NORMAL
......................................................
TEMPERATURE (F)
 TODAY
  MAXIMUM         56    143 PM  60     -4       50
  MINIMUM         33    241 AM  40     -7       39
  AVERAGE         45            50     -5       45

PRECIPITATION (IN)
  TODAY            0.00          0.08  -0.08     0.09
  MONTH TO DATE    3.95          1.35   2.60     2.23
  SINCE SEP 1      8.40          5.18   3.22     4.04
  SINCE JAN 1     25.74         25.70   0.04    26.29

SNOWFALL (IN)
  TODAY            0.0           0.0    0.0      0.0
  MONTH TO DATE    0.0           0.0    0.0      0.0
  SINCE SEP 1      0.0           0.0    0.0      0.0
  SINCE JUL 1      0.0           0.0    0.0      0.0
  SNOW DEPTH       0

DEGREE DAYS
 HEATING
  TODAY           20            15      5       20
  MONTH TO DATE  171           193    -22      142
  SINCE SEP 1    222           352   -130      249
  SINCE JUL 1    230           392   -162      253

 COOLING
  TODAY            0             0      0        0
  MONTH TO DATE    4             2      2       22
  SINCE SEP 1     75            50     25      138
  SINCE JAN 1    613           554     59      883
......................................................


WIND (MPH)
  HIGHEST WIND SPEED    14   HIGHEST WIND DIRECTION     E (110)
  HIGHEST GUST SPEED    19   HIGHEST GUST DIRECTION     S (170)
  AVERAGE WIND SPEED     6.5


SKY COVER
  AVERAGE SKY COVER 0.1


WEATHER CONDITIONS
 THE FOLLOWING WEATHER WAS RECORDED TODAY.
  NO SIGNIFICANT WEATHER WAS OBSERVED.


..........................................................


THE TRI CITIES MI CLIMATE NORMALS FOR TOMORROW
                         NORMAL
 MAXIMUM TEMPERATURE (F)   59
 MINIMUM TEMPERATURE (F)   40


SUNRISE AND SUNSET
OCTOBER 15 2019.......SUNRISE   750 AM EDT   SUNSET   653 PM EDT
OCTOBER 16 2019.......SUNRISE   751 AM EDT   SUNSET   652 PM EDT


-  INDICATES NEGATIVE NUMBERS.
R  INDICATES RECORD WAS SET OR TIED.
MM INDICATES DATA IS MISSING.
T  INDICATES TRACE AMOUNT.




$$
