000
CDUS43 KDTX 060539
CLIMBS

CLIMATE REPORT
NATIONAL WEATHER SERVICE DETROIT/PONTIAC MI
139 AM EDT SAT JUN 06 2020

...................................

...THE TRI CITIES MI CLIMATE SUMMARY FOR JUNE 5 2020...

CLIMATE NORMAL PERIOD 1981 TO 2010
CLIMATE RECORD PERIOD 1898 TO 2020


WEATHER ITEM   OBSERVED TIME   NORMAL DEPARTURE LAST
                VALUE   (LST)  VALUE  FROM      YEAR
                                      NORMAL
.......................................................
TEMPERATURE (F)
 YESTERDAY
  MAXIMUM         86    354 PM  75     11       77
  MINIMUM         56    452 AM  54      2       55
  AVERAGE         71            64      7       66

PRECIPITATION (IN)
  YESTERDAY        0.00          0.10  -0.10     0.16
  MONTH TO DATE    0.10          0.48  -0.38     0.54
  SINCE JUN 1      0.10          0.48  -0.38     0.54
  SINCE JAN 1     13.59         12.13   1.46    10.23

SNOWFALL (IN)
  YESTERDAY        0.0           0.0    0.0      0.0
  MONTH TO DATE    0.0           0.0    0.0      0.0
  SINCE JUN 1      0.0           0.0    0.0      0.0
  SINCE JUL 1     34.4          41.5   -7.1     44.0
  SNOW DEPTH       0

DEGREE DAYS
 HEATING
  YESTERDAY        0             3     -3        0
  MONTH TO DATE    6            19    -13       22
  SINCE JUN 1      6            19    -13       22
  SINCE JUL 1   6376          6930   -554     7010

 COOLING
  YESTERDAY        6             3      3        1
  MONTH TO DATE   34            11     23        1
  SINCE JUN 1     34            11     23        1
  SINCE JAN 1     93            47     46        5
.......................................................


WIND (MPH)
  HIGHEST WIND SPEED    16   HIGHEST WIND DIRECTION     S (200)
  HIGHEST GUST SPEED    24   HIGHEST GUST DIRECTION     S (190)
  AVERAGE WIND SPEED     5.2


WEATHER CONDITIONS
THE FOLLOWING WEATHER WAS RECORDED YESTERDAY.
  NO SIGNIFICANT WEATHER WAS OBSERVED.


RELATIVE HUMIDITY (PERCENT)
 HIGHEST    93           400 AM
 LOWEST     38           300 PM
 AVERAGE    66

..........................................................



SUNRISE AND SUNSET
JUNE  6 2020..........SUNRISE   556 AM EDT   SUNSET   915 PM EDT
JUNE  7 2020..........SUNRISE   556 AM EDT   SUNSET   915 PM EDT


-  INDICATES NEGATIVE NUMBERS.
R  INDICATES RECORD WAS SET OR TIED.
MM INDICATES DATA IS MISSING.
T  INDICATES TRACE AMOUNT.




$$
