000
CDUS43 KDTX 200537
CLIMBS


CLIMATE REPORT
NATIONAL WEATHER SERVICE DETROIT/PONTIAC MI
137 AM EDT WED JUN 20 2018


...................................

...THE TRI CITIES MI CLIMATE SUMMARY FOR JUNE 19 2018...

CLIMATE NORMAL PERIOD 1981 TO 2010
CLIMATE RECORD PERIOD 1898 TO 2018


WEATHER ITEM   OBSERVED TIME   NORMAL DEPARTURE LAST
                VALUE   (LST)  VALUE  FROM      YEAR
                                      NORMAL
......................................................
TEMPERATURE (F)
 YESTERDAY
  MAXIMUM         71    959 AM  79     -8       77
  MINIMUM         64   1159 PM  58      6       59
  AVERAGE         68            68      0

PRECIPITATION (IN)
  YESTERDAY        T             0.09  -0.09
  MONTH TO DATE    0.88          1.88  -1.00
  SINCE JUN 1      0.88          1.88  -1.00
  SINCE JAN 1     11.89         13.53  -1.64

SNOWFALL (IN)
  YESTERDAY        0.0           0.0    0.0      0.0
  MONTH TO DATE    0.0           0.0    0.0      0.0
  SINCE JUN 1      0.0           0.0    0.0      0.0
  SINCE JUL 1     41.4          41.5   -0.1     37.4
  SNOW DEPTH       0

DEGREE DAYS
 HEATING
  YESTERDAY        0                   -1
  MONTH TO DATE   21                  -28
  SINCE JUN 1     21                  -28
  SINCE JUL 1   6784                 -176

 COOLING
  YESTERDAY        3                   -2
  MONTH TO DATE   75                   12
  SINCE JUN 1     75                   12
  SINCE JAN 1    178                   79
......................................................


WIND (MPH)
  HIGHEST WIND SPEED    16   HIGHEST WIND DIRECTION    NE (50)
  HIGHEST GUST SPEED    20   HIGHEST GUST DIRECTION    NE (30)
  AVERAGE WIND SPEED     9.8



WEATHER CONDITIONS
 THE FOLLOWING WEATHER WAS RECORDED YESTERDAY.
  NO SIGNIFICANT WEATHER WAS OBSERVED.


RELATIVE HUMIDITY (PERCENT)
 HIGHEST    93
 LOWEST     68
 AVERAGE    81

..........................................................


THE TRI CITIES MI CLIMATE NORMALS FOR TODAY
                         NORMAL
 MAXIMUM TEMPERATURE (F)   79
 MINIMUM TEMPERATURE (F)   58


SUNRISE AND SUNSET
JUNE 20 2018..........SUNRISE   555 AM EDT   SUNSET   921 PM EDT
JUNE 21 2018..........SUNRISE   555 AM EDT   SUNSET   921 PM EDT


-  INDICATES NEGATIVE NUMBERS.
R  INDICATES RECORD WAS SET OR TIED.
MM INDICATES DATA IS MISSING.
T  INDICATES TRACE AMOUNT.




$$
