000
CDUS43 KDTX 150555
CLIMBS


CLIMATE REPORT
NATIONAL WEATHER SERVICE DETROIT/PONTIAC MI
1255 AM EST SAT DEC 15 2018


...................................

...THE TRI CITIES MI CLIMATE SUMMARY FOR DECEMBER 14 2018...

CLIMATE NORMAL PERIOD 1981 TO 2010
CLIMATE RECORD PERIOD 1898 TO 2018


WEATHER ITEM   OBSERVED TIME   NORMAL DEPARTURE LAST
                VALUE   (LST)  VALUE  FROM      YEAR
                                      NORMAL
......................................................
TEMPERATURE (F)
 YESTERDAY
  MAXIMUM         37    221 PM  34      3       18
  MINIMUM         31   1237 AM  22      9        0
  AVERAGE         34            28      6

PRECIPITATION (IN)
  YESTERDAY        0.17          0.06   0.11
  MONTH TO DATE    0.90          0.91  -0.01
  SINCE DEC 1      0.90          0.91  -0.01
  SINCE JAN 1     30.22         30.59  -0.37

SNOWFALL (IN)
  YESTERDAY       MM             0.3   MM         T
  MONTH TO DATE    0.2           3.7   -3.5      8.1
  SINCE DEC 1      0.2           3.7   -3.5      8.1
  SINCE JUL 1     12.7           7.6    5.1      8.1
  SNOW DEPTH       0

DEGREE DAYS
 HEATING
  YESTERDAY       31                   -6
  MONTH TO DATE  494                    2
  SINCE DEC 1    494                    2
  SINCE JUL 1   2019                   54

 COOLING
  YESTERDAY        0                    0
  MONTH TO DATE    0                    0
  SINCE DEC 1      0                    0
  SINCE JAN 1    883                  326
......................................................


WIND (MPH)
  HIGHEST WIND SPEED    13   HIGHEST WIND DIRECTION    SW (230)
  HIGHEST GUST SPEED    16   HIGHEST GUST DIRECTION    SW (230)
  AVERAGE WIND SPEED     5.2



WEATHER CONDITIONS
 THE FOLLOWING WEATHER WAS RECORDED YESTERDAY.
  LIGHT RAIN
  LT FREEZING RAIN
  FOG
  FOG W/VISIBILITY <= 1/4 MILE


RELATIVE HUMIDITY (PERCENT)
 HIGHEST   100
 LOWEST     85
 AVERAGE    93

..........................................................


THE TRI CITIES MI CLIMATE NORMALS FOR TODAY
                         NORMAL
 MAXIMUM TEMPERATURE (F)   33
 MINIMUM TEMPERATURE (F)   21


SUNRISE AND SUNSET
DECEMBER 15 2018......SUNRISE   802 AM EST   SUNSET   501 PM EST
DECEMBER 16 2018......SUNRISE   803 AM EST   SUNSET   501 PM EST


-  INDICATES NEGATIVE NUMBERS.
R  INDICATES RECORD WAS SET OR TIED.
MM INDICATES DATA IS MISSING.
T  INDICATES TRACE AMOUNT.




$$
