000
CDUS46 KHNX 230832
CLIMCE


CLIMATE REPORT
NATIONAL WEATHER SERVICE SAN JOAQUIN VALLEY, CA
1230 AM PST WED JAN 23 2019


...................................

...THE MERCED CA AIRPORT CLIMATE SUMMARY FOR JANUARY 22 2019...

CLIMATE NORMAL PERIOD 1981 TO 2010
CLIMATE RECORD PERIOD 1998 TO 2019


WEATHER ITEM   OBSERVED TIME   RECORD YEAR NORMAL DEPARTURE LAST
                VALUE   (LST)  VALUE       VALUE  FROM      YEAR
                                                  NORMAL
..................................................................
TEMPERATURE (F)
 YESTERDAY
  MAXIMUM         55    340 PM  67    2014  54      1
  MINIMUM         36   1132 PM  27    2007  37     -1
  AVERAGE         46                        46      0       49

PRECIPITATION (IN)
  YESTERDAY        0.00          0.81 2008   0.08  -0.08
  MONTH TO DATE    2.25                      2.13   0.12
  SINCE OCT 1      6.12                      5.64   0.48
  SINCE JAN 1      2.25                      2.13   0.12

SNOWFALL (IN)
  YESTERDAY        0.0
  MONTH TO DATE    0.0
  SINCE DEC 1      0.0
  SINCE JUL 1      0.0
  SNOW DEPTH       0

DEGREE DAYS
 HEATING
  YESTERDAY       19
  MONTH TO DATE  342
  SINCE DEC 1    872
  SINCE JUL 1   1226

 COOLING
  YESTERDAY        0
  MONTH TO DATE    0
  SINCE DEC 1      0
  SINCE JAN 1      0
..................................................................


WIND (MPH)
  HIGHEST WIND SPEED    14   HIGHEST WIND DIRECTION     N (350)
  HIGHEST GUST SPEED    17   HIGHEST GUST DIRECTION     N (340)
  AVERAGE WIND SPEED     3.0




RELATIVE HUMIDITY (PERCENT)
 HIGHEST   100
 LOWEST     66
 AVERAGE    83

..........................................................


THE MERCED CA AIRPORT CLIMATE NORMALS FOR TODAY
                         NORMAL    RECORD    YEAR
 MAXIMUM TEMPERATURE (F)   54        69      2014
 MINIMUM TEMPERATURE (F)   37        27      2007


SUNRISE AND SUNSET
JANUARY 23 2019.......SUNRISE   712 AM PST   SUNSET   517 PM PST
JANUARY 24 2019.......SUNRISE   711 AM PST   SUNSET   518 PM PST


-  INDICATES NEGATIVE NUMBERS.
R  INDICATES RECORD WAS SET OR TIED.
MM INDICATES DATA IS MISSING.
T  INDICATES TRACE AMOUNT.




$$
