000
CDUS46 KHNX 200826
CLIMCE


CLIMATE REPORT
NATIONAL WEATHER SERVICE SAN JOAQUIN VALLEY, CA
125 AM PDT TUE OCT 20 2020


...................................

...THE MERCED CA AIRPORT CLIMATE SUMMARY FOR OCTOBER 19 2020...

CLIMATE NORMAL PERIOD 1981 TO 2010
CLIMATE RECORD PERIOD 1998 TO 2020


WEATHER ITEM   OBSERVED TIME   RECORD YEAR NORMAL DEPARTURE LAST
                VALUE   (LST)  VALUE       VALUE  FROM      YEAR
                                                  NORMAL
..................................................................
TEMPERATURE (F)
 YESTERDAY
  MAXIMUM         91    258 PM  94    1989  77     14
                                      1903
  MINIMUM         51    631 AM  30    1949  48      3
  AVERAGE         71                        63      8       59

PRECIPITATION (IN)
  YESTERDAY        0.00          0.74 2004   0.03  -0.03
  MONTH TO DATE    0.00                      0.31  -0.31
  SINCE OCT 1      0.00                      0.31  -0.31
  SINCE JAN 1      4.58                      9.30  -4.72

SNOWFALL (IN)
  YESTERDAY        0.0
  MONTH TO DATE    0.0
  SINCE SEP 1      0.0
  SINCE JUL 1      0.0
  SNOW DEPTH       0

DEGREE DAYS
 HEATING
  YESTERDAY        0
  MONTH TO DATE    0
  SINCE SEP 1      0
  SINCE JUL 1      0

 COOLING
  YESTERDAY        6
  MONTH TO DATE  130
  SINCE SEP 1    477
  SINCE JAN 1   2026
..................................................................


WIND (MPH)
  HIGHEST WIND SPEED    12   HIGHEST WIND DIRECTION    NW (320)
  HIGHEST GUST SPEED    15   HIGHEST GUST DIRECTION     N (360)
  AVERAGE WIND SPEED     2.5




RELATIVE HUMIDITY (PERCENT)
 HIGHEST    71
 LOWEST     21
 AVERAGE    46

..........................................................


THE MERCED CA AIRPORT CLIMATE NORMALS FOR TODAY
                         NORMAL    RECORD    YEAR
 MAXIMUM TEMPERATURE (F)   77        94      1927
 MINIMUM TEMPERATURE (F)   48        30      1949


SUNRISE AND SUNSET
OCTOBER 20 2020.......SUNRISE   716 AM PDT   SUNSET   618 PM PDT
OCTOBER 21 2020.......SUNRISE   717 AM PDT   SUNSET   617 PM PDT


-  INDICATES NEGATIVE NUMBERS.
R  INDICATES RECORD WAS SET OR TIED.
MM INDICATES DATA IS MISSING.
T  INDICATES TRACE AMOUNT.




$$
