726
CDUS46 KHNX 150826
CLIMCE


CLIMATE REPORT
NATIONAL WEATHER SERVICE SAN JOAQUIN VALLEY, CA
126 AM PDT MON OCT 15 2018


...................................

...THE MERCED  CA CLIMATE SUMMARY FOR OCTOBER 14 2018...

CLIMATE NORMAL PERIOD 1981 TO 2010
CLIMATE RECORD PERIOD 1998 TO 2018


WEATHER ITEM   OBSERVED TIME   RECORD YEAR NORMAL DEPARTURE
                VALUE   (LST)  VALUE       VALUE  FROM
                                                  NORMAL
...............................................................
TEMPERATURE (F)
 YESTERDAY
  MAXIMUM         79    354 PM  95    2010  79      0
  MINIMUM         47    434 AM  42    2017  49     -2
  AVERAGE         63                        64     -1

PRECIPITATION (IN)
  YESTERDAY        0.00          0.01 2009   0.03  -0.03
  MONTH TO DATE    T                         0.19  -0.19
  SINCE OCT 1      T                         0.19  -0.19
  SINCE JAN 1      5.95                      9.18  -3.23

SNOWFALL (IN)
  YESTERDAY        0.0
  MONTH TO DATE    0.0
  SINCE SEP 1      0.0
  SINCE JUL 1      0.0
  SNOW DEPTH       0

DEGREE DAYS
 HEATING
  YESTERDAY        2
  MONTH TO DATE    5
  SINCE SEP 1      5
  SINCE JUL 1      5

 COOLING
  YESTERDAY        0
  MONTH TO DATE   34
  SINCE SEP 1    271
  SINCE JAN 1   1598
...............................................................


WIND (MPH)
  HIGHEST WIND SPEED    14   HIGHEST WIND DIRECTION     N (340)
  HIGHEST GUST SPEED    17   HIGHEST GUST DIRECTION     N (340)
  AVERAGE WIND SPEED     5.0




RELATIVE HUMIDITY (PERCENT)
 HIGHEST    80
 LOWEST     29
 AVERAGE    55

..........................................................


THE MERCED  CA CLIMATE NORMALS FOR TODAY
                         NORMAL    RECORD    YEAR
 MAXIMUM TEMPERATURE (F)   79        93      2010
 MINIMUM TEMPERATURE (F)   49        40      2017


SUNRISE AND SUNSET
OCTOBER 15 2018.......SUNRISE   710 AM PDT   SUNSET   625 PM PDT
OCTOBER 16 2018.......SUNRISE   711 AM PDT   SUNSET   624 PM PDT


-  INDICATES NEGATIVE NUMBERS.
R  INDICATES RECORD WAS SET OR TIED.
MM INDICATES DATA IS MISSING.
T  INDICATES TRACE AMOUNT.




$$
