000
CDUS46 KHNX 060839
CLIMCE


CLIMATE REPORT
NATIONAL WEATHER SERVICE SAN JOAQUIN VALLEY, CA
138 AM PDT SAT JUN 6 2020


...................................

...THE MERCED CA AIRPORT CLIMATE SUMMARY FOR JUNE 5 2020...

CLIMATE NORMAL PERIOD 1981 TO 2010
CLIMATE RECORD PERIOD 1998 TO 2020


WEATHER ITEM   OBSERVED TIME   RECORD YEAR NORMAL DEPARTURE LAST
                VALUE   (LST)  VALUE       VALUE  FROM      YEAR
                                                  NORMAL
..................................................................
TEMPERATURE (F)
 YESTERDAY
  MAXIMUM         87    304 PM 105    1928  87      0
  MINIMUM         59   1159 PM  42    1995  56      3
  AVERAGE         73                        71      2       85

PRECIPITATION (IN)
  YESTERDAY        0.00          0.42 2011   0.01  -0.01
  MONTH TO DATE    0.00                      0.08  -0.08
  SINCE OCT 1      9.54                     12.14  -2.60
  SINCE JAN 1      4.58                      8.63  -4.05

SNOWFALL (IN)
  YESTERDAY        0.0
  MONTH TO DATE    0.0
  SINCE JUN 1      0.0
  SINCE JUL 1      0.0
  SNOW DEPTH       0

DEGREE DAYS
 HEATING
  YESTERDAY        0
  MONTH TO DATE    0
  SINCE JUN 1      0
  SINCE JUL 1   2319

 COOLING
  YESTERDAY        8
  MONTH TO DATE   70
  SINCE JUN 1     70
  SINCE JAN 1    304
..................................................................


WIND (MPH)
  HIGHEST WIND SPEED    20   HIGHEST WIND DIRECTION    NW (320)
  HIGHEST GUST SPEED    25   HIGHEST GUST DIRECTION     W (250)
  AVERAGE WIND SPEED     8.9




RELATIVE HUMIDITY (PERCENT)
 HIGHEST    67
 LOWEST     19
 AVERAGE    43

..........................................................


THE MERCED CA AIRPORT CLIMATE NORMALS FOR TODAY
                         NORMAL    RECORD    YEAR
 MAXIMUM TEMPERATURE (F)   87       109      1926
 MINIMUM TEMPERATURE (F)   56        43      1995
                                             1937


SUNRISE AND SUNSET
JUNE  6 2020..........SUNRISE   542 AM PDT   SUNSET   821 PM PDT
JUNE  7 2020..........SUNRISE   542 AM PDT   SUNSET   821 PM PDT


-  INDICATES NEGATIVE NUMBERS.
R  INDICATES RECORD WAS SET OR TIED.
MM INDICATES DATA IS MISSING.
T  INDICATES TRACE AMOUNT.




$$
