000
CDAK49 PAFG 110941
CLIMCG

CLIMATE REPORT
NATIONAL WEATHER SERVICE FAIRBANKS AK
141 AM AKDT TUE AUG 11 2020


...................................

...THE MCGRATH AK CLIMATE SUMMARY FOR AUGUST 10 2020...

CLIMATE NORMAL PERIOD 1981 TO 2010
CLIMATE RECORD PERIOD 1946 TO 2020


WEATHER ITEM   OBSERVED TIME   RECORD YEAR NORMAL DEPARTURE LAST
                VALUE   (LST)  VALUE       VALUE  FROM      YEAR
                                                  NORMAL
..................................................................
TEMPERATURE (F)
 YESTERDAY
  MAXIMUM         67    357 PM  85    2003  65      2       68
  MINIMUM         42    553 AM  30    1969  47     -5       52
  AVERAGE         55                        56     -1       60

PRECIPITATION (IN)
  YESTERDAY        T             0.42 1945   0.09  -0.09     0.00
  MONTH TO DATE    1.05                      0.90   0.15     1.77
  SINCE JUN 1      5.96                      4.80   1.16     5.98
  SINCE JAN 1      8.77                      9.47  -0.70    10.91

DEGREE DAYS
 HEATING
  YESTERDAY       10                         9      1        5
  MONTH TO DATE   56                        83    -27       45
  SINCE JUN 1    425                       484    -59      219
  SINCE JUL 1    214                       250    -36      120

 COOLING
  YESTERDAY        0                         0      0        0
  MONTH TO DATE    0                         0      0        0
  SINCE JUN 1      1                        18    -17       82
  SINCE JAN 1      1                        18    -17       82
..................................................................


WIND (MPH)
  HIGHEST GUST SPEED    16   HIGHEST GUST DIRECTION     E (70)


SKY COVER
  AVERAGE SKY COVER 0.7


WEATHER CONDITIONS
 THE FOLLOWING WEATHER WAS RECORDED YESTERDAY.
  NO SIGNIFICANT WEATHER WAS OBSERVED.


RELATIVE HUMIDITY (PERCENT)
 HIGHEST    96
 LOWEST     42
 AVERAGE    69

..........................................................


THE MCGRATH AK CLIMATE NORMALS FOR TODAY
                         NORMAL    RECORD    YEAR
 MAXIMUM TEMPERATURE (F)   64        82      1990
                                             1960
 MINIMUM TEMPERATURE (F)   47        29      1969


SUNRISE AND SUNSET
AUGUST 11 2020........SUNRISE   612 AM AKDT  SUNSET  1042 PM AKDT
AUGUST 12 2020........SUNRISE   615 AM AKDT  SUNSET  1038 PM AKDT

-  INDICATES NEGATIVE NUMBERS.
R  INDICATES RECORD WAS SET OR TIED.
MM INDICATES DATA IS MISSING.
T  INDICATES TRACE AMOUNT.

&&

----------------------------
AVAILABLE DAYLIGHT

AMOUNT OF DAYLIGHT TODAY  (HOUR:MIN)........16:29
GAIN/LOSS SINCE YESTERDAY (HOUR:MIN:SEC)....-0:06:06
----------------------------

$$
AUG 20
