000
CDAK49 PAFG 190938
CLIMCG

CLIMATE REPORT
NATIONAL WEATHER SERVICE FAIRBANKS AK
138 AM AKDT THU JUL 19 2018


...................................

...THE MCGRATH AK CLIMATE SUMMARY FOR JULY 18 2018...

CLIMATE NORMAL PERIOD 1981 TO 2010
CLIMATE RECORD PERIOD 1946 TO 2018


WEATHER ITEM   OBSERVED TIME   RECORD YEAR NORMAL DEPARTURE LAST
                VALUE   (LST)  VALUE       VALUE  FROM      YEAR
                                                  NORMAL
..................................................................
TEMPERATURE (F)
 YESTERDAY
  MAXIMUM         73    714 PM  84    2002  69      4       63
  MINIMUM         45    530 AM  38    2012  51     -6       56
  AVERAGE         59                        60     -1       60

PRECIPITATION (IN)
  YESTERDAY        0.00          0.65 1992   0.08  -0.08     0.27
  MONTH TO DATE    1.02                      1.29  -0.27     1.27
  SINCE JUN 1      3.77                      2.81   0.96     2.50
  SINCE JAN 1      9.14                      7.48   1.66     5.49

SNOWFALL (IN)
  YESTERDAY        0.0           0.0    MM   0.0    0.0      0.0
  MONTH TO DATE    0.0                       0.0    0.0      0.0
  SINCE JUN 1      0.0                       0.0    0.0       T
  SINCE JUL 1      0.0                       0.0    0.0      0.0
  SNOW DEPTH       0

DEGREE DAYS
 HEATING
  YESTERDAY        6                         5      1        5
  MONTH TO DATE   85                        90     -5       34
  SINCE JUN 1    285                       324    -39      193
  SINCE JUL 1     85                        90     -5       34

 COOLING
  YESTERDAY        0                         0      0        0
  MONTH TO DATE    4                        11     -7       23
  SINCE JUN 1      4                        17    -13       24
  SINCE JAN 1      4                        17    -13       24
..................................................................


WIND (MPH)
  HIGHEST GUST SPEED    20   HIGHEST GUST DIRECTION    SW (210)


SKY COVER
  AVERAGE SKY COVER 0.4


WEATHER CONDITIONS
 THE FOLLOWING WEATHER WAS RECORDED YESTERDAY.
  NO SIGNIFICANT WEATHER WAS OBSERVED.


RELATIVE HUMIDITY (PERCENT)
 HIGHEST   100
 LOWEST     38
 AVERAGE    69

..........................................................


THE MCGRATH AK CLIMATE NORMALS FOR TODAY
                         NORMAL    RECORD    YEAR
 MAXIMUM TEMPERATURE (F)   69        85      1993
                                             1985
 MINIMUM TEMPERATURE (F)   51        35      1966


SUNRISE AND SUNSET
JULY 19 2018..........SUNRISE   505 AM AKDT  SUNSET  1151 PM AKDT
JULY 20 2018..........SUNRISE   508 AM AKDT  SUNSET  1149 PM AKDT

-  INDICATES NEGATIVE NUMBERS.
R  INDICATES RECORD WAS SET OR TIED.
MM INDICATES DATA IS MISSING.
T  INDICATES TRACE AMOUNT.

&&

SNOW DEPTH IS MEASURED AT 3AM AKST/4AM AKDT.

----------------------------
AVAILABLE DAYLIGHT

AMOUNT OF DAYLIGHT TODAY  (HOUR:MIN)........18:46
GAIN/LOSS SINCE YESTERDAY (HOUR:MIN:SEC)....-0:05:15

$$
AY JUL 18
