960
CDAK49 PAFG 190048
CLIMCG

CLIMATE REPORT
NATIONAL WEATHER SERVICE FAIRBANKS AK
448 PM AKDT THU OCT 18 2018


...................................

...THE MCGRATH AK CLIMATE SUMMARY FOR OCTOBER 18 2018...
VALID TODAY AS OF 0400 PM LOCAL TIME.

CLIMATE NORMAL PERIOD 1981 TO 2010
CLIMATE RECORD PERIOD 1946 TO 2018


WEATHER ITEM   OBSERVED TIME   RECORD YEAR NORMAL DEPARTURE LAST
                VALUE   (LST)  VALUE       VALUE  FROM      YEAR
                                                  NORMAL
..................................................................
TEMPERATURE (F)
 TODAY
  MAXIMUM         47    259 PM  54    1969  30     17       33
  MINIMUM         35    958 AM  -5    2008  17     18       26
                                      1997
                                      1959
  AVERAGE         41                        24     17       30

PRECIPITATION (IN)
  TODAY            T             0.37 2004   0.04  -0.04      T
  MONTH TO DATE    0.92                      0.95  -0.03     2.18
  SINCE SEP 1      2.84                      3.44  -0.60     3.83
  SINCE JAN 1     19.27                     14.81   4.46    14.20

SNOWFALL (IN)
  TODAY            0.0           3.2  1962   0.4   -0.4      0.1
  MONTH TO DATE    0.0                       4.6   -4.6      0.3
  SINCE SEP 1      0.0                       6.1   -6.1      0.3
  SINCE JUL 1      0.0                       6.1   -6.1      0.3
  SNOW DEPTH       0

DEGREE DAYS
 HEATING
  TODAY           24                        41    -17       35
  MONTH TO DATE  412                       631   -219      461
  SINCE SEP 1    879                      1243   -364      984
  SINCE JUL 1   1238                      1734   -496     1337

 COOLING
  TODAY            0                         0      0        0
  MONTH TO DATE    0                         0      0        0
  SINCE SEP 1      0                         0      0        0
  SINCE JAN 1     32                        20     12       37
..................................................................


WIND (MPH)
  HIGHEST GUST SPEED    11   HIGHEST GUST DIRECTION     E (110)


SKY COVER
  AVERAGE SKY COVER 0.9


WEATHER CONDITIONS
 THE FOLLOWING WEATHER WAS RECORDED TODAY.
  LIGHT RAIN
  FOG
  FOG W/VISIBILITY <= 1/4 MILE


RELATIVE HUMIDITY (PERCENT)
 HIGHEST   100
 LOWEST     82
 AVERAGE    91

..........................................................


THE MCGRATH AK CLIMATE NORMALS FOR TOMORROW
                         NORMAL    RECORD    YEAR
 MAXIMUM TEMPERATURE (F)   29        48      2005
 MINIMUM TEMPERATURE (F)   16       -11      1959


SUNRISE AND SUNSET
OCTOBER 18 2018.......SUNRISE   919 AM AKDT  SUNSET   656 PM AKDT
OCTOBER 19 2018.......SUNRISE   922 AM AKDT  SUNSET   652 PM AKDT

-  INDICATES NEGATIVE NUMBERS.
R  INDICATES RECORD WAS SET OR TIED.
MM INDICATES DATA IS MISSING.
T  INDICATES TRACE AMOUNT.

&&

SNOW DEPTH IS MEASURED AT 3AM AKST/4AM AKDT.

----------------------------
AVAILABLE DAYLIGHT

AMOUNT OF DAYLIGHT TODAY  (HOUR:MIN)........9:37
GAIN/LOSS SINCE YESTERDAY (HOUR:MIN:SEC)....-0:06:07

$$
HFL OCT 18
