378
CDAK49 PAFG 150059
CLIMCG

CLIMATE REPORT
NATIONAL WEATHER SERVICE FAIRBANKS AK
459 PM AKDT MON JUN 14 2021


...THE MCGRATH AK CLIMATE SUMMARY FOR JUNE 14 2021...
VALID TODAY AS OF 0400 PM LOCAL TIME.

CLIMATE NORMAL PERIOD 1991 TO 2020
CLIMATE RECORD PERIOD 1946 TO 2021


WEATHER ITEM   OBSERVED TIME   RECORD YEAR NORMAL DEPARTURE LAST
                VALUE   (LST)  VALUE       VALUE  FROM      YEAR
                                                  NORMAL
...................................................................
TEMPERATURE (F)
 TODAY
  MAXIMUM         MM        MM  87    1969  69     MM       72
  MINIMUM         MM        MM  34    1955  49     MM       52
  AVERAGE         MM                        59     MM       62

PRECIPITATION (IN)
  TODAY            0.00          0.57 1942   0.05  -0.05      T
  MONTH TO DATE    0.48                      0.68  -0.20     0.79
  SINCE JUN 1      0.48                      0.68  -0.20     0.79
  SINCE JAN 1      3.55                      5.03  -1.48     3.60

DEGREE DAYS
 HEATING
  TODAY           MM                         6     MM        3
  MONTH TO DATE   83                       122    -39       99
  SINCE JUN 1     83                       122    -39       99
  SINCE JUL 1  13009                     13083    -74    13651

 COOLING
  TODAY           MM                         0     MM        0
  MONTH TO DATE    0                         0      0        0
  SINCE JUN 1      0                         0      0        0
  SINCE JAN 1      0                         0      0        0
...................................................................


WIND (MPH)
  HIGHEST GUST SPEED    MM   HIGHEST GUST DIRECTION    MM


SKY COVER
  AVERAGE SKY COVER  MM


WEATHER CONDITIONS
THE FOLLOWING WEATHER WAS RECORDED TODAY.
  NO SIGNIFICANT WEATHER WAS OBSERVED.


RELATIVE HUMIDITY (PERCENT)
 HIGHEST    MM
 LOWEST     MM
 AVERAGE    MM

..........................................................


THE MCGRATH AK CLIMATE NORMALS FOR TOMORROW
                         NORMAL    RECORD    YEAR
 MAXIMUM TEMPERATURE (F)   69        90      1969
 MINIMUM TEMPERATURE (F)   49        34      2001


SUNRISE AND SUNSET
JUNE 14 2021..........SUNRISE   417 AM AKDT  SUNSET  1229 AM AKDT
JUNE 15 2021..........SUNRISE   417 AM AKDT  SUNSET  1230 AM AKDT

-  INDICATES NEGATIVE NUMBERS.
R  INDICATES RECORD WAS SET OR TIED.
MM INDICATES DATA IS MISSING.
T  INDICATES TRACE AMOUNT.

&&

----------------------------
AVAILABLE DAYLIGHT

AMOUNT OF DAYLIGHT TODAY  (HOUR:MIN)........20:12
GAIN/LOSS SINCE YESTERDAY (HOUR:MIN:SEC)....+0:01:47
----------------------------

$$
JUN 21
