000
CDAK49 PAFG 190043
CLIMCG

CLIMATE REPORT
NATIONAL WEATHER SERVICE FAIRBANKS AK
343 PM AKST FRI JAN 18 2019


...................................

...THE MCGRATH AK CLIMATE SUMMARY FOR JANUARY 18 2019...
VALID TODAY AS OF 0300 PM LOCAL TIME.

CLIMATE NORMAL PERIOD 1981 TO 2010
CLIMATE RECORD PERIOD 1946 TO 2019


WEATHER ITEM   OBSERVED TIME   RECORD YEAR NORMAL DEPARTURE LAST
                VALUE   (LST)  VALUE       VALUE  FROM      YEAR
                                                  NORMAL
..................................................................
TEMPERATURE (F)
 TODAY
  MAXIMUM         -8    258 PM  41    1980   2    -10       21
  MINIMUM        -21   1001 AM -60    1947 -16     -5       10
  AVERAGE        -14                        -7     -7       16

PRECIPITATION (IN)
  TODAY            0.00          0.40 2009   0.03  -0.03     0.01
  MONTH TO DATE    0.29                      0.66  -0.37     0.10
  SINCE DEC 1      2.22                      1.95   0.27     1.23
  SINCE JAN 1      0.29                      0.66  -0.37     0.10

SNOWFALL (IN)
  TODAY            0.0           5.5  2009   0.4   -0.4      0.3
  MONTH TO DATE    6.9                       9.5   -2.6      1.4
  SINCE DEC 1     28.7                      29.7   -1.0     10.3
  SINCE JUL 1     48.6                      60.7  -12.1     37.1
  SNOW DEPTH      25

DEGREE DAYS
 HEATING
  TODAY           79                        72      7       49
  MONTH TO DATE 1398                      1295    103     1099
  SINCE DEC 1   3423                      3409     14     2508
  SINCE JUL 1   6637                      7532   -895     5933

 COOLING
  TODAY            0                         0      0        0
  MONTH TO DATE    0                         0      0        0
  SINCE DEC 1      0                         0      0        0
  SINCE JAN 1      0                         0      0        0
..................................................................


WIND (MPH)
  HIGHEST GUST SPEED    12   HIGHEST GUST DIRECTION     N (10)


SKY COVER
  AVERAGE SKY COVER 0.3


WEATHER CONDITIONS
 THE FOLLOWING WEATHER WAS RECORDED TODAY.
  FOG


RELATIVE HUMIDITY (PERCENT)
 HIGHEST    87
 LOWEST     77
 AVERAGE    82

..........................................................


THE MCGRATH AK CLIMATE NORMALS FOR TOMORROW
                         NORMAL    RECORD    YEAR
 MAXIMUM TEMPERATURE (F)    2        43      2008
 MINIMUM TEMPERATURE (F)  -16       -57      1989
                                             1973
                                             1947


SUNRISE AND SUNSET
JANUARY 18 2019.......SUNRISE  1030 AM AKST  SUNSET   437 PM AKST
JANUARY 19 2019.......SUNRISE  1028 AM AKST  SUNSET   440 PM AKST

-  INDICATES NEGATIVE NUMBERS.
R  INDICATES RECORD WAS SET OR TIED.
MM INDICATES DATA IS MISSING.
T  INDICATES TRACE AMOUNT.

&&

SNOW DEPTH IS MEASURED AT 3AM AKST/4AM AKDT.

----------------------------
AVAILABLE DAYLIGHT

AMOUNT OF DAYLIGHT TODAY  (HOUR:MIN)........6:07
GAIN/LOSS SINCE YESTERDAY (HOUR:MIN:SEC)....+0:05:03

$$
THR JAN 19
