104
CDAK49 PAFG 240041
CLIMCG

CLIMATE REPORT
NATIONAL WEATHER SERVICE FAIRBANKS AK
441 PM AKDT MON APR 23 2018


...................................

...THE MCGRATH AK CLIMATE SUMMARY FOR APRIL 23 2018...
VALID TODAY AS OF 0400 PM LOCAL TIME.

CLIMATE NORMAL PERIOD 1981 TO 2010
CLIMATE RECORD PERIOD 1946 TO 2018


WEATHER ITEM   OBSERVED TIME   RECORD YEAR NORMAL DEPARTURE LAST
                VALUE   (LST)  VALUE       VALUE  FROM      YEAR
                                                  NORMAL
..................................................................
TEMPERATURE (F)
 TODAY
  MAXIMUM         48    155 PM  62    2007  46      2       57
  MINIMUM         25    326 AM  -9    1948  25      0       30
  AVERAGE         37                        35      2       44

PRECIPITATION (IN)
  TODAY           MM             0.47 1983   0.02  MM        0.00
  MONTH TO DATE    0.13                      0.55  -0.42     0.11
  SINCE MAR 1      1.12                      1.36  -0.24     0.11
  SINCE JAN 1      2.80                      3.39  -0.59     1.31

SNOWFALL (IN)
  TODAY           MM             2.2  1990   0.2   MM        0.0
  MONTH TO DATE    2.5                       4.4   -1.9      2.6
  SINCE MAR 1     20.6                      15.7    4.9      2.6
  SINCE JUL 1     83.1                      95.7  -12.6     51.3
  SNOW DEPTH      11

DEGREE DAYS
 HEATING
  TODAY           28                        30     -2       21
  MONTH TO DATE  773                       869    -96      694
  SINCE MAR 1   2215                      2524   -309     2617
  SINCE JUL 1  10717                     12756  -2039    12375

 COOLING
  TODAY            0                         0      0        0
  MONTH TO DATE    0                         0      0        0
  SINCE MAR 1      0                         0      0        0
  SINCE JAN 1      0                         0      0        0
..................................................................


WIND (MPH)
  HIGHEST GUST SPEED    10   HIGHEST GUST DIRECTION    SE (140)


SKY COVER
  AVERAGE SKY COVER 0.5


WEATHER CONDITIONS
 THE FOLLOWING WEATHER WAS RECORDED TODAY.
  NO SIGNIFICANT WEATHER WAS OBSERVED.


RELATIVE HUMIDITY (PERCENT)
 HIGHEST    81
 LOWEST     34
 AVERAGE    58

..........................................................


THE MCGRATH AK CLIMATE NORMALS FOR TOMORROW
                         NORMAL    RECORD    YEAR
 MAXIMUM TEMPERATURE (F)   46        64      2016
 MINIMUM TEMPERATURE (F)   25         0      1984
                                             1955
                                             1948


SUNRISE AND SUNSET
APRIL 23 2018.........SUNRISE   628 AM AKDT  SUNSET  1016 PM AKDT
APRIL 24 2018.........SUNRISE   625 AM AKDT  SUNSET  1019 PM AKDT

-  INDICATES NEGATIVE NUMBERS.
R  INDICATES RECORD WAS SET OR TIED.
MM INDICATES DATA IS MISSING.
T  INDICATES TRACE AMOUNT.

&&

SNOW DEPTH IS MEASURED AT 3AM AKST/4AM AKDT.

----------------------------
AVAILABLE DAYLIGHT

AMOUNT OF DAYLIGHT TODAY  (HOUR:MIN)........15:47
GAIN/LOSS SINCE YESTERDAY (HOUR:MIN:SEC)....+0:06:13

$$
THR APR 18
