000
CDAK49 PAFG 160041
CLIMCG

CLIMATE REPORT
NATIONAL WEATHER SERVICE FAIRBANKS AK
441 PM AKDT TUE OCT 15 2019


...................................

...THE MCGRATH AK CLIMATE SUMMARY FOR OCTOBER 15 2019...
VALID TODAY AS OF 0400 PM LOCAL TIME.

CLIMATE NORMAL PERIOD 1981 TO 2010
CLIMATE RECORD PERIOD 1946 TO 2019


WEATHER ITEM   OBSERVED TIME   RECORD YEAR NORMAL DEPARTURE LAST
                VALUE   (LST)  VALUE       VALUE  FROM      YEAR
                                                  NORMAL
..................................................................
TEMPERATURE (F)
 TODAY
  MAXIMUM         28    259 PM  54    1972  33     -5       46
  MINIMUM         10    452 AM  -7    1965  19     -9       31
                                      1961
  AVERAGE         19                        26     -7       39

PRECIPITATION (IN)
  TODAY            0.00          0.92 2013   0.04  -0.04     0.03
  MONTH TO DATE    1.35                      0.82   0.53     0.31
  SINCE SEP 1      4.45                      3.31   1.14     2.23
  SINCE JAN 1     16.01                     14.68   1.33    18.66

SNOWFALL (IN)
  TODAY            0.0           3.1  1982   0.3   -0.3      0.0
  MONTH TO DATE    0.0                       3.6   -3.6      0.0
  SINCE SEP 1      0.0                       5.1   -5.1      0.0
  SINCE JUL 1      0.0                       5.1   -5.1      0.0
  SNOW DEPTH       0

DEGREE DAYS
 HEATING
  TODAY           46                        39      7       26
  MONTH TO DATE  462                       509    -47      337
  SINCE SEP 1    977                      1121   -144      804
  SINCE JUL 1   1324                      1612   -288     1163

 COOLING
  TODAY            0                         0      0        0
  MONTH TO DATE    0                         0      0        0
  SINCE SEP 1      0                         0      0        0
  SINCE JAN 1     82                        20     62       32
..................................................................


WIND (MPH)
  HIGHEST GUST SPEED     8   HIGHEST GUST DIRECTION    NW (320)


SKY COVER
  AVERAGE SKY COVER 0.7


WEATHER CONDITIONS
 THE FOLLOWING WEATHER WAS RECORDED TODAY.
  NO SIGNIFICANT WEATHER WAS OBSERVED.


RELATIVE HUMIDITY (PERCENT)
 HIGHEST   100
 LOWEST     68
 AVERAGE    84

..........................................................


THE MCGRATH AK CLIMATE NORMALS FOR TOMORROW
                         NORMAL    RECORD    YEAR
 MAXIMUM TEMPERATURE (F)   32        52      2013
                                             1972
 MINIMUM TEMPERATURE (F)   19       -13      1965


SUNRISE AND SUNSET
OCTOBER 15 2019.......SUNRISE   910 AM AKDT  SUNSET   706 PM AKDT
OCTOBER 16 2019.......SUNRISE   913 AM AKDT  SUNSET   703 PM AKDT

-  INDICATES NEGATIVE NUMBERS.
R  INDICATES RECORD WAS SET OR TIED.
MM INDICATES DATA IS MISSING.
T  INDICATES TRACE AMOUNT.

&&

SNOW DEPTH IS MEASURED AT 3AM AKST/4AM AKDT.

----------------------------
AVAILABLE DAYLIGHT

AMOUNT OF DAYLIGHT TODAY  (HOUR:MIN)........9:56
GAIN/LOSS SINCE YESTERDAY (HOUR:MIN:SEC)....-0:06:07

$$
OCT 19
