000
CDUS43 KEAX 230637
CLIMCI

CLIMATE REPORT
NATIONAL WEATHER SERVICE KANSAS CITY/PLEASANT HILL MO
1235 AM CST WED JAN 23 2019


...................................

...THE KANSAS CITY INTERNATIONAL MO CLIMATE SUMMARY FOR JANUARY 22 2019...

CLIMATE NORMAL PERIOD 1981 TO 2010
CLIMATE RECORD PERIOD 1888 TO 2019


WEATHER ITEM   OBSERVED TIME   RECORD YEAR NORMAL DEPARTURE LAST
                VALUE   (LST)  VALUE       VALUE  FROM      YEAR
                                                  NORMAL
..................................................................
TEMPERATURE (F)
 YESTERDAY
  MAXIMUM         39   1244 PM  70    1967  38      1       54
  MINIMUM         22   1159 PM -10    1930  19      3       30
  AVERAGE         31                        29      2       42

PRECIPITATION (IN)
  YESTERDAY        0.47          0.91 1965   0.04   0.43     0.14
  MONTH TO DATE    1.71                      0.71   1.00     1.13
  SINCE DEC 1      4.75                      2.24   2.51     1.32
  SINCE JAN 1      1.71                      0.71   1.00     1.13

SNOWFALL (IN)
  YESTERDAY        1.7           6.8  1898   0.2    1.5      0.2
  MONTH TO DATE    8.2                       3.1    5.1      2.7
  SINCE DEC 1      8.7                       7.9    0.8      4.9
  SINCE JUL 1     16.5                       9.3    7.2      4.9
  SNOW DEPTH       1

DEGREE DAYS
 HEATING
  YESTERDAY       34                        36     -2       23
  MONTH TO DATE  732                       792    -60      878
  SINCE DEC 1   1660                      1832   -172     1889
  SINCE JUL 1   2904                      2834     70     2769

 COOLING
  YESTERDAY        0                         0      0        0
  MONTH TO DATE    0                         0      0        0
  SINCE DEC 1      0                         0      0        0
  SINCE JAN 1      0                         0      0        0
..................................................................


WIND (MPH)
  HIGHEST WIND SPEED    29   HIGHEST WIND DIRECTION    SE (150)
  HIGHEST GUST SPEED    38   HIGHEST GUST DIRECTION    SE (140)
  AVERAGE WIND SPEED    14.0


SKY COVER
  POSSIBLE SUNSHINE  MM
  AVERAGE SKY COVER 1.0


WEATHER CONDITIONS
 THE FOLLOWING WEATHER WAS RECORDED YESTERDAY.
  LIGHT RAIN
  LT FREEZING RAIN
  SNOW
  LIGHT SNOW
  FOG


RELATIVE HUMIDITY (PERCENT)
 HIGHEST   100          1100 AM
 LOWEST     75           100 AM
 AVERAGE    88

..........................................................


THE KANSAS CITY INTERNATIONAL MO CLIMATE NORMALS FOR TODAY
                         NORMAL    RECORD    YEAR
 MAXIMUM TEMPERATURE (F)   38        73      1967
 MINIMUM TEMPERATURE (F)   20        -9      2003
                                             1963


SUNRISE AND SUNSET
JANUARY 23 2019.......SUNRISE   733 AM CST   SUNSET   529 PM CST
JANUARY 24 2019.......SUNRISE   732 AM CST   SUNSET   530 PM CST


-  INDICATES NEGATIVE NUMBERS.
R  INDICATES RECORD WAS SET OR TIED.
MM INDICATES DATA IS MISSING.
T  INDICATES TRACE AMOUNT.


&&

...MISCELLANEOUS CLIMATE DATA FROM YESTERDAY...

LOCATION                HIGH    LOW      PRECIP
ST. JOSEPH               35      21       0.20
DOWNTOWN KANSAS CITY     43      24       0.20
OLATHE NEW CENTURY       41      22       0.35
OLATHE JO CO EXEC        40      22       0.25
LEES SUMMIT              43      23       0.25
KIRKSVILLE               37      22       0.43
CHILLICOTHE              38      24       0.40
SEDALIA                  43      31       0.25
NWS PLEASANT HILL MO     43      23       0.63


THIS PRODUCT...ALONG WITH OTHER WEATHER...HYDROLOGICAL AND CLIMATE
INFORMATION...IS AVAILABLE ON THE WEB AT HTTP://WWW.WEATHER.GOV/EAX
OR AT HTTP://WEATHER.GOV

$$

CDB
