095
CDUS43 KEAX 140644
CLIMCI

CLIMATE REPORT
NATIONAL WEATHER SERVICE KANSAS CITY/PLEASANT HILL MO
143 AM CDT MON OCT 14 2019


...................................

...THE KANSAS CITY INTERNATIONAL MO CLIMATE SUMMARY FOR OCTOBER 13 2019...

CLIMATE NORMAL PERIOD 1981 TO 2010
CLIMATE RECORD PERIOD 1888 TO 2019


WEATHER ITEM   OBSERVED TIME   RECORD YEAR NORMAL DEPARTURE LAST
                VALUE   (LST)  VALUE       VALUE  FROM      YEAR
                                                  NORMAL
..................................................................
TEMPERATURE (F)
 YESTERDAY
  MAXIMUM         63    338 PM  91    1899  68     -5       56
  MINIMUM         35    621 AM  27    1979  47    -12       38
  AVERAGE         49                        57     -8       47

PRECIPITATION (IN)
  YESTERDAY        0.00          2.35 1981   0.10  -0.10     0.00
  MONTH TO DATE    1.11                      1.48  -0.37    10.33
  SINCE SEP 1      7.94                      6.10   1.84    11.63
  SINCE JAN 1     49.98                     33.50  16.48    35.70

SNOWFALL (IN)
  YESTERDAY        0.0           0.0    MM   0.0    0.0      0.0
  MONTH TO DATE    0.0                       0.0    0.0      0.0
  SINCE SEP 1      T                         0.0    0.0      0.0
  SINCE JUL 1      T                         0.0    0.0      0.0
  SNOW DEPTH       0

DEGREE DAYS
 HEATING
  YESTERDAY       16                         8      8       18
  MONTH TO DATE  121                        89     32       88
  SINCE SEP 1    121                       154    -33      132
  SINCE JUL 1    121                       156    -35      132

 COOLING
  YESTERDAY        0                         1     -1        0
  MONTH TO DATE   22                        18      4       40
  SINCE SEP 1    326                       177    149      257
  SINCE JAN 1   1449                      1350     99     1757
..................................................................


WIND (MPH)
  HIGHEST WIND SPEED    12   HIGHEST WIND DIRECTION     W (250)
  HIGHEST GUST SPEED    16   HIGHEST GUST DIRECTION     W (260)
  AVERAGE WIND SPEED     4.9


SKY COVER
  POSSIBLE SUNSHINE  MM
  AVERAGE SKY COVER 0.0


WEATHER CONDITIONS
 THE FOLLOWING WEATHER WAS RECORDED YESTERDAY.
  NO SIGNIFICANT WEATHER WAS OBSERVED.


RELATIVE HUMIDITY (PERCENT)
 HIGHEST    82           500 AM
 LOWEST     29           100 PM
 AVERAGE    56

..........................................................


THE KANSAS CITY INTERNATIONAL MO CLIMATE NORMALS FOR TODAY
                         NORMAL    RECORD    YEAR
 MAXIMUM TEMPERATURE (F)   68        92      1963
                                             1938
 MINIMUM TEMPERATURE (F)   47        29      1937


SUNRISE AND SUNSET
OCTOBER 14 2019.......SUNRISE   727 AM CDT   SUNSET   642 PM CDT
OCTOBER 15 2019.......SUNRISE   728 AM CDT   SUNSET   640 PM CDT


-  INDICATES NEGATIVE NUMBERS.
R  INDICATES RECORD WAS SET OR TIED.
MM INDICATES DATA IS MISSING.
T  INDICATES TRACE AMOUNT.


&&

...MISCELLANEOUS CLIMATE DATA FROM YESTERDAY...

LOCATION                HIGH    LOW      PRECIP
ST. JOSEPH               66      32       0.00
DOWNTOWN KANSAS CITY     64      38       0.00
OLATHE NEW CENTURY       65      34       0.00
OLATHE JO CO EXEC        63      36       0.00
LEES SUMMIT              65      39       0.00
KIRKSVILLE               61      31       0.00
CHILLICOTHE              64      34       0.00
SEDALIA                  64      40       0.00
NWS PLEASANT HILL MO     65      31       0.00


THIS PRODUCT...ALONG WITH OTHER WEATHER...HYDROLOGICAL AND CLIMATE
INFORMATION...IS AVAILABLE ON THE WEB AT HTTP://WWW.WEATHER.GOV/EAX
OR AT HTTP://WEATHER.GOV

$$
