074
CDUS43 KEAX 152126
CLIMCI

CLIMATE REPORT
NATIONAL WEATHER SERVICE KANSAS CITY/PLEASANT HILL MO
423 PM CDT MON OCT 15 2018


...................................

...THE KANSAS CITY INTERNATIONAL MO CLIMATE SUMMARY FOR OCTOBER 15 2018...
VALID AS OF 0400 PM LOCAL TIME.

CLIMATE NORMAL PERIOD 1981 TO 2010
CLIMATE RECORD PERIOD 1888 TO 2018


WEATHER ITEM   OBSERVED TIME   RECORD YEAR NORMAL DEPARTURE LAST
                VALUE   (LST)  VALUE       VALUE  FROM      YEAR
                                                  NORMAL
..................................................................
TEMPERATURE (F)
 TODAY
  MAXIMUM         45    259 PM  91    1938  67    -22       61
  MINIMUM         30R   637 AM  32    1943  46    -16       43
                                      1891
  AVERAGE         38                        57    -19       52

PRECIPITATION (IN)
  TODAY            T             1.55 1967   0.10  -0.10     0.00
  MONTH TO DATE   10.69                      1.68   9.01     1.94
  SINCE SEP 1     11.99                      6.30   5.69     4.74
  SINCE JAN 1     36.06                     33.70   2.36    42.63

SNOWFALL (IN)
  TODAY            T   R         T    2001   0.0    0.0      0.0
  MONTH TO DATE    T                         0.0    0.0      0.0
  SINCE SEP 1      T                         0.0    0.0      0.0
  SINCE JUL 1      T                         0.0    0.0      0.0
  SNOW DEPTH       0

DEGREE DAYS
 HEATING
  TODAY           27                         9     18       13
  MONTH TO DATE  137                       107     30       49
  SINCE SEP 1    181                       172      9       65
  SINCE JUL 1    181                       174      7       69

 COOLING
  TODAY            0                         1     -1        0
  MONTH TO DATE   40                        20     20       42
  SINCE SEP 1    257                       179     78      247
  SINCE JAN 1   1757                      1352    405     1325
..................................................................


WIND (MPH)
  HIGHEST WIND SPEED    15   HIGHEST WIND DIRECTION     N (350)
  HIGHEST GUST SPEED    21   HIGHEST GUST DIRECTION     N (340)
  AVERAGE WIND SPEED     8.5


SKY COVER
  POSSIBLE SUNSHINE  MM
  AVERAGE SKY COVER 0.5


WEATHER CONDITIONS
 THE FOLLOWING WEATHER WAS RECORDED TODAY.
  LIGHT SNOW
  FOG


RELATIVE HUMIDITY (PERCENT)
 HIGHEST    96          1200 AM
 LOWEST     58           200 PM
 AVERAGE    77

..........................................................


THE KANSAS CITY INTERNATIONAL MO CLIMATE NORMALS FOR TOMORROW
                         NORMAL    RECORD    YEAR
 MAXIMUM TEMPERATURE (F)   67        90      1938
 MINIMUM TEMPERATURE (F)   46        29      1976
                                             1943


SUNRISE AND SUNSET
OCTOBER 15 2018.......SUNRISE   729 AM CDT   SUNSET   640 PM CDT
OCTOBER 16 2018.......SUNRISE   730 AM CDT   SUNSET   638 PM CDT


-  INDICATES NEGATIVE NUMBERS.
R  INDICATES RECORD WAS SET OR TIED.
MM INDICATES DATA IS MISSING.
T  INDICATES TRACE AMOUNT.


&&

...MISCELLANEOUS CLIMATE DATA FROM TODAY...

LOCATION                HIGH    LOW      PRECIP
ST. JOSEPH               48      30       T
DOWNTOWN KANSAS CITY     47      33       T
OLATHE NEW CENTURY       45      31       T
OLATHE JO CO EXEC        45      31       T
LEES SUMMIT              46      32       0.01
KIRKSVILLE               45      32       0.01
CHILLICOTHE              47      33       0.00
SEDALIA                  46      32       T
NWS PLEASANT HILL MO     47      32       T


THIS PRODUCT...ALONG WITH OTHER WEATHER...HYDROLOGICAL AND CLIMATE
INFORMATION...IS AVAILABLE ON THE WEB AT HTTP://WWW.WEATHER.GOV/EAX
OR AT HTTP://WEATHER.GOV

$$

JK
