000
CDUS43 KEAX 250039
CLIMCI
CLIMATE REPORT
NATIONAL WEATHER SERVICE
737 PM CDT SUN MAY 24 2020

...................................

...THE KANSAS CITY INTERNATIONAL MO CLIMATE SUMMARY FOR MAY 24 2020...
VALID TODAY AS OF 0700 PM LOCAL TIME.

CLIMATE NORMAL PERIOD: 1981 TO 2010
CLIMATE RECORD PERIOD: 1888 TO 2020


WEATHER ITEM   OBSERVED TIME   RECORD YEAR NORMAL DEPARTURE LAST
                VALUE   (LST)  VALUE       VALUE  FROM      YEAR
                                                  NORMAL
...................................................................
TEMPERATURE (F)
 TODAY
  MAXIMUM         86  12:06 PM  97    1939  77      9       82
  MINIMUM         65  12:40 PM  41    1925  57      8       65
  AVERAGE         76                        67      9       74

PRECIPITATION (IN)
  TODAY            0.43          2.63 1902   0.17   0.26     0.72
  MONTH TO DATE    2.45                      4.06  -1.61     9.70
  SINCE MAR 1      9.70                     10.13  -0.43    17.21
  SINCE JAN 1     13.18                     12.66   0.52    21.14

SNOWFALL (IN)
  TODAY            0.0           0.0    MM   0.0    0.0      0.0
  MONTH TO DATE    0.0                       0.0    0.0      0.0
  SINCE MAR 1      T                         2.6   -2.6      2.8
  SINCE JUL 1     17.2                      18.8   -1.6     29.1
  SNOW DEPTH       0

DEGREE DAYS
 HEATING
  TODAY            0                         2     -2        0
  MONTH TO DATE  144                        93     51      138
  SINCE MAR 1   1013                      1068    -55     1164
  SINCE JUL 1   4859                      5113   -254     5511

 COOLING
  TODAY           11                         4      7        9
  MONTH TO DATE   40                        55    -15       46
  SINCE MAR 1     49                        83    -34       63
  SINCE JAN 1     49                        83    -34       63
...................................................................


WIND (MPH)
  HIGHEST WIND SPEED    33   HIGHEST WIND DIRECTION    SW (240)
  HIGHEST GUST SPEED    45   HIGHEST GUST DIRECTION    SW (240)
  AVERAGE WIND SPEED     9.6


SKY COVER
  POSSIBLE SUNSHINE  MM
  AVERAGE SKY COVER 0.6


WEATHER CONDITIONS
THE FOLLOWING WEATHER WAS RECORDED TODAY.
  THUNDERSTORM
  HEAVY RAIN
  LIGHT RAIN
  FOG
  HAZE


RELATIVE HUMIDITY (PERCENT)
 HIGHEST    90           5:00 AM
 LOWEST     56           3:00 PM
 AVERAGE    73

..........................................................


THE KANSAS CITY INTERNATIONAL MO CLIMATE NORMALS FOR TOMORROW
                         NORMAL    RECORD    YEAR
 MAXIMUM TEMPERATURE (F)   77        92      1953
                                             1967
 MINIMUM TEMPERATURE (F)   57        39      1925


SUNRISE AND SUNSET
MAY 24 2020...........SUNRISE   5:58 AM CDT   SUNSET   8:34 PM CDT
MAY 25 2020...........SUNRISE   5:57 AM CDT   SUNSET   8:35 PM CDT


-  INDICATES NEGATIVE NUMBERS.
R  INDICATES RECORD WAS SET OR TIED.
MM INDICATES DATA IS MISSING.
T  INDICATES TRACE AMOUNT.



&&

...MISCELLANEOUS CLIMATE DATA FROM TODAY...

LOCATION                HIGH    LOW      PRECIP
ST. JOSEPH               87      68       0.09
DOWNTOWN KANSAS CITY     88      71       0.00
OLATHE NEW CENTURY       85      68       0.00
OLATHE JO CO EXEC        84      68       0.00
LEES SUMMIT              87      68       0.00
KIRKSVILLE               86      64       0.55
CHILLICOTHE              88      66       0.01
SEDALIA                  88      66       0.00
NWS PLEASANT HILL MO     86      66       0.00


THIS PRODUCT...ALONG WITH OTHER WEATHER...HYDROLOGICAL AND CLIMATE
INFORMATION...IS AVAILABLE ON THE WEB AT HTTP://WWW.WEATHER.GOV/EAX
OR AT HTTP://WEATHER.GOV

$$

JL
