000
CDUS43 KGLD 160758 RRA
CLIMCK

CLIMATE REPORT
NATIONAL WEATHER SERVICE GOODLAND
1247 AM MST WED JAN 16 2019

...................................

...THE MCCOOK NE CLIMATE SUMMARY FOR JANUARY 15 2019...

CLIMATE NORMAL PERIOD 1981 TO 2010
CLIMATE RECORD PERIOD 1896 TO 2019


WEATHER ITEM   OBSERVED TIME   RECORD YEAR NORMAL DEPARTURE LAST
                VALUE   (LST)  VALUE       VALUE  FROM      YEAR
                                                  NORMAL
..................................................................
TEMPERATURE (F)
 YESTERDAY
  MAXIMUM         55    412 PM  68    2006  41     14       32
  MINIMUM         19    754 AM -12    1930  14      5        2
  AVERAGE         37                        27     10       17

PRECIPITATION (IN)
  YESTERDAY        0.00                      0.01  -0.01      T
  MONTH TO DATE    0.00                      0.25  -0.25     0.05
  SINCE DEC 1      1.92                      0.89   1.03     0.15
  SINCE JAN 1      0.00                      0.25  -0.25     0.05

..................................................................

THE MCCOOK NE CLIMATE NORMALS FOR TODAY
                         NORMAL    RECORD    YEAR
 MAXIMUM TEMPERATURE (F)   41        71      1951
 MINIMUM TEMPERATURE (F)   14       -20      1930


-  INDICATES NEGATIVE NUMBERS.
R  INDICATES RECORD WAS SET OR TIED.
MM INDICATES DATA IS MISSING.
T  INDICATES TRACE AMOUNT.


$$
