000
CDUS43 KGLD 290744
CLIMCK

CLIMATE REPORT
NATIONAL WEATHER SERVICE
144 AM MDT FRI MAY 29 2020

...................................

...THE MCCOOK NE CLIMATE SUMMARY FOR MAY 28 2020...

CLIMATE NORMAL PERIOD: 1981 TO 2010
CLIMATE RECORD PERIOD: 1896 TO 2020


WEATHER ITEM   OBSERVED TIME   RECORD YEAR NORMAL DEPARTURE LAST
                VALUE   (LST)  VALUE       VALUE  FROM      YEAR
                                                  NORMAL
...................................................................
TEMPERATURE (F)
 YESTERDAY
  MAXIMUM         80   4:50 PM 101    2006  77      3       65
  MINIMUM         50   5:30 AM  35    1947  50      0       53
  AVERAGE         65                        63      2       59

PRECIPITATION (IN)
  YESTERDAY        0.00                      0.12  -0.12     0.69
  MONTH TO DATE    4.29                      2.79   1.50     4.56
  SINCE MAR 1      6.11                      6.46  -0.35     6.52
  SINCE JAN 1      6.47                      7.59  -1.12     7.33

...................................................................


THE MCCOOK NE CLIMATE NORMALS FOR TODAY
                         NORMAL    RECORD    YEAR
 MAXIMUM TEMPERATURE (F)   77       103      2000
 MINIMUM TEMPERATURE (F)   50        31      1947


-  INDICATES NEGATIVE NUMBERS.
R  INDICATES RECORD WAS SET OR TIED.
MM INDICATES DATA IS MISSING.
T  INDICATES TRACE AMOUNT.




$$
