000
CDUS43 KGLD 180052
CLIMCK

CLIMATE REPORT
NATIONAL WEATHER SERVICE GOODLAND
649 PM MDT WED OCT 17 2018

...................................

...THE MCCOOK NE CLIMATE SUMMARY FOR OCTOBER 17 2018...
VALID TODAY AS OF 0600 PM LOCAL TIME.

CLIMATE NORMAL PERIOD 1981 TO 2010
CLIMATE RECORD PERIOD 1896 TO 2018


WEATHER ITEM   OBSERVED TIME   RECORD YEAR NORMAL DEPARTURE LAST
                VALUE   (LST)  VALUE       VALUE  FROM      YEAR
                                                  NORMAL
..................................................................
TEMPERATURE (F)
 TODAY
  MAXIMUM         68    408 PM  94    1926  66      2       80
  MINIMUM         31    719 AM  18    1922  36     -5       35
  AVERAGE         50                        51     -1       58

PRECIPITATION (IN)
  TODAY            0.00                      0.07  -0.07     0.00
  MONTH TO DATE    2.02                      1.02   1.00     1.05
  SINCE SEP 1      2.36                      2.46  -0.10     4.13
  SINCE JAN 1     22.07                     20.17   1.90    18.24

..................................................................

THE MCCOOK NE CLIMATE NORMALS FOR TOMORROW
                         NORMAL    RECORD    YEAR
 MAXIMUM TEMPERATURE (F)   66        90      2003
                                             1927
 MINIMUM TEMPERATURE (F)   35        21      1948



-  INDICATES NEGATIVE NUMBERS.
R  INDICATES RECORD WAS SET OR TIED.
MM INDICATES DATA IS MISSING.
T  INDICATES TRACE AMOUNT.

$$
