000
CDUS42 KFFC 100024
CLIMCN

CLIMATE REPORT
NATIONAL WEATHER SERVICE PEACHTREE CITY GA
824 PM EDT SUN AUG 09 2020

...................................

...THE MACON CLIMATE SUMMARY FOR AUGUST 9 2020...
VALID AS OF 0800 PM LOCAL TIME.

CLIMATE NORMAL PERIOD: 1981 TO 2010
CLIMATE RECORD PERIOD: 1899 TO 2020


WEATHER ITEM   OBSERVED TIME   RECORD YEAR NORMAL DEPARTURE LAST
                VALUE   (LST)  VALUE       VALUE  FROM      YEAR
                                                  NORMAL
...................................................................
TEMPERATURE (F)
 TODAY
  MAXIMUM         96   2:40 PM 103    2007  92      4       98
  MINIMUM         70   6:16 AM  61    2002  71     -1       73
                                      2004
  AVERAGE         83                        82      1       86

PRECIPITATION (IN)
  TODAY            0.02          1.55 1936   0.13  -0.11     0.00
  MONTH TO DATE    0.73                      1.22  -0.49     3.80
  SINCE JUN 1      4.79                     10.23  -5.44    11.50
  SINCE JAN 1     38.04                     29.06   8.98    24.91

DEGREE DAYS
 COOLING
  TODAY           18                        17      1       21
  MONTH TO DATE  173                       153     20      164
  SINCE JUN 1   1177                      1093     84     1176
  SINCE JAN 1   1581                      1406    175     1664
...................................................................


WIND (MPH)
  HIGHEST WIND SPEED    13   HIGHEST WIND DIRECTION     W (260)
  HIGHEST GUST SPEED    19   HIGHEST GUST DIRECTION     W (270)
  AVERAGE WIND SPEED     2.8


SKY COVER
  AVERAGE SKY COVER 0.1


WEATHER CONDITIONS
THE FOLLOWING WEATHER WAS RECORDED TODAY.
  THUNDERSTORM
  LIGHT RAIN
  FOG


RELATIVE HUMIDITY (PERCENT)
 HIGHEST    96           4:00 AM
 LOWEST     42           2:00 PM

..........................................................


THE MACON CLIMATE NORMALS FOR TOMORROW
                         NORMAL    RECORD
 MAXIMUM TEMPERATURE (F)   92       105
 MINIMUM TEMPERATURE (F)   71        60


SUNRISE AND SUNSET
AUGUST  9 2020........SUNRISE   6:54 AM EDT   SUNSET   8:25 PM EDT
AUGUST 10 2020........SUNRISE   6:55 AM EDT   SUNSET   8:24 PM EDT


-  INDICATES NEGATIVE NUMBERS.
R  INDICATES RECORD WAS SET OR TIED.
MM INDICATES DATA IS MISSING.
T  INDICATES TRACE AMOUNT.




$$
