000
CDUS42 KFFC 152038
CLIMCN


CLIMATE REPORT
NATIONAL WEATHER SERVICE PEACHTREE CITY GA
437 PM EDT MON OCT 15 2018


...................................

...THE MACON CLIMATE SUMMARY FOR OCTOBER 15 2018...
VALID TODAY AS OF 0400 PM LOCAL TIME.

CLIMATE NORMAL PERIOD 1981 TO 2010
CLIMATE RECORD PERIOD 1899 TO 2018


WEATHER ITEM   OBSERVED TIME   RECORD YEAR NORMAL DEPARTURE LAST
                VALUE   (LST)  VALUE       VALUE  FROM      YEAR
                                                  NORMAL
..................................................................
TEMPERATURE (F)
 TODAY
  MAXIMUM         89    259 PM  91    1970  78     11       88
  MINIMUM         59    629 AM  33    1987  53      6       64
  AVERAGE         74                        65      9       76

PRECIPITATION (IN)
  TODAY            T             2.19 1932   0.09  -0.09     0.00
  MONTH TO DATE    3.76                      1.43   2.33     1.05
  SINCE SEP 1      4.78                      5.02  -0.24     4.92
  SINCE JAN 1     36.36                     36.96  -0.60    42.45

DEGREE DAYS
 HEATING
  TODAY            0                         3     -3        0
  MONTH TO DATE    0                        27    -27        0
  SINCE SEP 1      0                        33    -33        1
  SINCE JUL 1      0                        33    -33        1

 COOLING
  TODAY            9                         3      6       11
  MONTH TO DATE  171                        64    107      166
  SINCE SEP 1    692                       370    322      469
  SINCE JAN 1   2592                      2114    478     2331
..................................................................


WIND (MPH)
  RESULTANT WIND SPEED   2   RESULTANT WIND DIRECTION   S (200)
  HIGHEST WIND SPEED    12   HIGHEST WIND DIRECTION     S (180)
  HIGHEST GUST SPEED    14   HIGHEST GUST DIRECTION     S (190)
  AVERAGE WIND SPEED     2.4


SKY COVER
  AVERAGE SKY COVER 0.3


WEATHER CONDITIONS
 THE FOLLOWING WEATHER WAS RECORDED TODAY.
  FOG


RELATIVE HUMIDITY (PERCENT)
 HIGHEST   100           400 AM
 LOWEST     47           300 PM
 AVERAGE    74

..........................................................


THE MACON CLIMATE NORMALS FOR TOMORROW
                         NORMAL    RECORD    YEAR
 MAXIMUM TEMPERATURE (F)   77        88      2015
                                             1971
 MINIMUM TEMPERATURE (F)   52        35      1987


SUNRISE AND SUNSET
OCTOBER 15 2018.......SUNRISE   739 AM EDT   SUNSET   702 PM EDT
OCTOBER 16 2018.......SUNRISE   739 AM EDT   SUNSET   700 PM EDT


-  INDICATES NEGATIVE NUMBERS.
R  INDICATES RECORD WAS SET OR TIED.
MM INDICATES DATA IS MISSING.
T  INDICATES TRACE AMOUNT.




$$
