640
CDUS42 KFFC 240023
CLIMCN


CLIMATE REPORT
NATIONAL WEATHER SERVICE PEACHTREE CITY GA
723 PM EST WED JAN 23 2019


...................................

...THE MACON CLIMATE SUMMARY FOR JANUARY 23 2019...
VALID AS OF 0700 PM LOCAL TIME.

CLIMATE NORMAL PERIOD 1981 TO 2010
CLIMATE RECORD PERIOD 1899 TO 2019


WEATHER ITEM   OBSERVED TIME   RECORD YEAR NORMAL DEPARTURE LAST
                VALUE   (LST)  VALUE       VALUE  FROM      YEAR
                                                  NORMAL
..................................................................
TEMPERATURE (F)
 TODAY
  MAXIMUM         74    253 PM  79    1937  58     16       66
  MINIMUM         49    749 AM  15    1960  35     14       42
  AVERAGE         62                        47     15       54

PRECIPITATION (IN)
  TODAY            0.00          2.07 1923   0.14  -0.14     0.01
  MONTH TO DATE    4.25                      3.08   1.17     0.92
  SINCE DEC 1     10.51                      7.12   3.39     4.18
  SINCE JAN 1      4.25                      3.08   1.17     0.92

SNOWFALL (IN)
  TODAY            0.0           T    2016   0.0    0.0     MM
  MONTH TO DATE    0.0                       0.3   -0.3      1.0
  SINCE DEC 1      0.0                       0.4   -0.4      1.0
  SINCE JUL 1      0.0                       0.4   -0.4      1.0
  SNOW DEPTH       0

DEGREE DAYS
 HEATING
  TODAY            3                        18    -15       11
  MONTH TO DATE  313                       436   -123      527
  SINCE DEC 1    747                       966   -219      983
  SINCE JUL 1   1184                      1361   -177     1341
..................................................................


WIND (MPH)
  HIGHEST WIND SPEED    28   HIGHEST WIND DIRECTION     S (160)
  HIGHEST GUST SPEED    35   HIGHEST GUST DIRECTION     S (160)
  AVERAGE WIND SPEED    14.1


SKY COVER
  AVERAGE SKY COVER 0.6


WEATHER CONDITIONS
 THE FOLLOWING WEATHER WAS RECORDED TODAY.
  NO SIGNIFICANT WEATHER WAS OBSERVED.


RELATIVE HUMIDITY (PERCENT)
 HIGHEST    93           300 AM
 LOWEST     46           200 PM

..........................................................


THE MACON CLIMATE NORMALS FOR TOMORROW
                         NORMAL    RECORD
 MAXIMUM TEMPERATURE (F)   58        79
 MINIMUM TEMPERATURE (F)   35         6


SUNRISE AND SUNSET
JANUARY 23 2019.......SUNRISE   734 AM EST   SUNSET   559 PM EST
JANUARY 24 2019.......SUNRISE   734 AM EST   SUNSET   600 PM EST


-  INDICATES NEGATIVE NUMBERS.
R  INDICATES RECORD WAS SET OR TIED.
MM INDICATES DATA IS MISSING.
T  INDICATES TRACE AMOUNT.




$$
