000
CDUS42 KFFC 230926
CLIMCN


CLIMATE REPORT
NATIONAL WEATHER SERVICE PEACHTREE CITY GA
419 AM EST FRI FEB 23 2018


...................................

...THE MACON CLIMATE SUMMARY FOR FEBRUARY 22 2018...

CLIMATE NORMAL PERIOD 1981 TO 2010
CLIMATE RECORD PERIOD 1899 TO 2018


WEATHER ITEM   OBSERVED TIME   RECORD YEAR NORMAL DEPARTURE LAST
                VALUE   (LST)  VALUE       VALUE  FROM      YEAR
                                                  NORMAL
..................................................................
TEMPERATURE (F)
 YESTERDAY
  MAXIMUM         81    429 PM  83    1962  64     17       73
  MINIMUM         60   1159 PM  17    1963  39     21       59
  AVERAGE         71                        52     19       66

PRECIPITATION (IN)
  YESTERDAY        0.00          2.97 1983   0.16  -0.16     0.02
  MONTH TO DATE    2.79                      3.43  -0.64     1.53
  SINCE DEC 1      8.19                     11.71  -3.52    18.74
  SINCE JAN 1      4.93                      7.67  -2.74    12.79

SNOWFALL (IN)
  YESTERDAY        0.0           0.0  2002   0.0    0.0      0.0
  MONTH TO DATE    0.0                       0.0    0.0      0.0
  SINCE DEC 1      1.0                       0.5    0.5      0.0
  SINCE JUL 1      1.0                       0.5    0.5      0.0
  SNOW DEPTH       0

DEGREE DAYS
 HEATING
  YESTERDAY        0                        14    -14        0
  MONTH TO DATE  162                       344   -182      182
  SINCE DEC 1   1280                      1454   -174      915
  SINCE JUL 1   1638                      1849   -211     1157

 COOLING
  YESTERDAY        6                         0      6        1
  MONTH TO DATE   36                         0     36        5
  SINCE DEC 1     38                         4     34       11
  SINCE JAN 1     36                         1     35        9
..................................................................


WIND (MPH)
  RESULTANT WIND SPEED   5   RESULTANT WIND DIRECTION  SE (150)
  HIGHEST WIND SPEED    13   HIGHEST WIND DIRECTION     S (160)
  HIGHEST GUST SPEED    16   HIGHEST GUST DIRECTION    SE (150)
  AVERAGE WIND SPEED     5.1


SKY COVER
  AVERAGE SKY COVER 0.4


WEATHER CONDITIONS
 THE FOLLOWING WEATHER WAS RECORDED YESTERDAY.
  NO SIGNIFICANT WEATHER WAS OBSERVED.


RELATIVE HUMIDITY (PERCENT)
 HIGHEST   100           500 AM
 LOWEST     54           400 PM
 AVERAGE    77

..........................................................


THE MACON CLIMATE NORMALS FOR TODAY
                         NORMAL    RECORD    YEAR
 MAXIMUM TEMPERATURE (F)   64        81      1980
                                             1909
 MINIMUM TEMPERATURE (F)   40        22      1963


SUNRISE AND SUNSET
FEBRUARY 23 2018......SUNRISE   709 AM EST   SUNSET   627 PM EST
FEBRUARY 24 2018......SUNRISE   708 AM EST   SUNSET   628 PM EST


-  INDICATES NEGATIVE NUMBERS.
R  INDICATES RECORD WAS SET OR TIED.
MM INDICATES DATA IS MISSING.
T  INDICATES TRACE AMOUNT.




$$
