270
CDUS42 KFFC 210820
CLIMCN


CLIMATE REPORT
NATIONAL WEATHER SERVICE PEACHTREE CITY GA
419 AM EDT SAT APR 21 2018


...................................

...THE MACON CLIMATE SUMMARY FOR APRIL 20 2018...

CLIMATE NORMAL PERIOD 1981 TO 2010
CLIMATE RECORD PERIOD 1899 TO 2018


WEATHER ITEM   OBSERVED TIME   RECORD YEAR NORMAL DEPARTURE LAST
                VALUE   (LST)  VALUE       VALUE  FROM      YEAR
                                                  NORMAL
..................................................................
TEMPERATURE (F)
 YESTERDAY
  MAXIMUM         71    507 PM  92    1994  78     -7       88
  MINIMUM         44   1159 PM  31    1983  51     -7       57
  AVERAGE         58                        64     -6       73

PRECIPITATION (IN)
  YESTERDAY        0.00          2.17 1912   0.09  -0.09     0.00
  MONTH TO DATE    1.98                      2.12  -0.14     1.49
  SINCE MAR 1      4.63                      6.67  -2.04     2.94
  SINCE JAN 1     10.26                     15.27  -5.01    16.14

DEGREE DAYS
 HEATING
  YESTERDAY        7                         3      4        0
  MONTH TO DATE  104                        89     15       37
  SINCE MAR 1    400                       361     39      274
  SINCE JUL 1   2051                      2286   -235     1461

 COOLING
  YESTERDAY        0                         2     -2        8
  MONTH TO DATE   17                        32    -15       68
  SINCE MAR 1     37                        50    -13      121
  SINCE JAN 1     88                        53     35      132
..................................................................


WIND (MPH)
  RESULTANT WIND SPEED   8   RESULTANT WIND DIRECTION  NE (60)
  HIGHEST WIND SPEED    22   HIGHEST WIND DIRECTION     E (80)
  HIGHEST GUST SPEED    28   HIGHEST GUST DIRECTION     E (80)
  AVERAGE WIND SPEED     8.4


SKY COVER
  AVERAGE SKY COVER 0.0


WEATHER CONDITIONS
 THE FOLLOWING WEATHER WAS RECORDED YESTERDAY.
  NO SIGNIFICANT WEATHER WAS OBSERVED.


RELATIVE HUMIDITY (PERCENT)
 HIGHEST    86          1100 PM
 LOWEST     25           300 PM
 AVERAGE    56

..........................................................


THE MACON CLIMATE NORMALS FOR TODAY
                         NORMAL    RECORD    YEAR
 MAXIMUM TEMPERATURE (F)   78        92      1987
 MINIMUM TEMPERATURE (F)   51        34      1953


SUNRISE AND SUNSET
APRIL 21 2018.........SUNRISE   658 AM EDT   SUNSET   809 PM EDT
APRIL 22 2018.........SUNRISE   657 AM EDT   SUNSET   810 PM EDT


-  INDICATES NEGATIVE NUMBERS.
R  INDICATES RECORD WAS SET OR TIED.
MM INDICATES DATA IS MISSING.
T  INDICATES TRACE AMOUNT.




$$
