096
CDUS42 KFFC 172033
CLIMCN

CLIMATE REPORT
NATIONAL WEATHER SERVICE PEACHTREE CITY GA
433 PM EDT MON MAY 17 2021

...................................

...THE MACON CLIMATE SUMMARY FOR MAY 17 2021...
VALID TODAY AS OF 0400 PM LOCAL TIME.

CLIMATE NORMAL PERIOD: 1991 TO 2020
CLIMATE RECORD PERIOD: 1899 TO 2021


WEATHER ITEM   OBSERVED TIME   RECORD YEAR NORMAL DEPARTURE LAST
                VALUE   (LST)  VALUE       VALUE  FROM      YEAR
                                                  NORMAL
...................................................................
TEMPERATURE (F)
 TODAY
  MAXIMUM         85   2:12 PM  96    1995  86     -1       90
  MINIMUM         51   5:18 AM  43    1967  60     -9       59
                                      2014
  AVERAGE         68                        73     -5       75

PRECIPITATION (IN)
  TODAY            0.00          0.90 1968   0.07  -0.07     0.01
  MONTH TO DATE    1.10                      1.32  -0.22     0.01
  SINCE MAR 1      9.32                      9.25   0.07    17.91
  SINCE JAN 1     17.39                     17.74  -0.35    31.95

DEGREE DAYS
 HEATING
  TODAY            0                         0      0        0
  MONTH TO DATE   21                         9     12       31
  SINCE MAR 1    308                       351    -43      222
  SINCE JUL 1   1943                      2143   -200     1756

 COOLING
  TODAY            3                         9     -6       10
  MONTH TO DATE   69                       112    -43       62
  SINCE MAR 1    160                       213    -53      213
  SINCE JAN 1    169                       220    -51      247
...................................................................


WIND (MPH)
  RESULTANT WIND SPEED   4   RESULTANT WIND DIRECTION  SE (130)
  HIGHEST WIND SPEED    16   HIGHEST WIND DIRECTION    SE (150)
  HIGHEST GUST SPEED    24   HIGHEST GUST DIRECTION    SE (140)
  AVERAGE WIND SPEED     4.1


SKY COVER
  AVERAGE SKY COVER 0.0


WEATHER CONDITIONS
THE FOLLOWING WEATHER WAS RECORDED TODAY.
  FOG


RELATIVE HUMIDITY (PERCENT)
 HIGHEST    93           5:00 AM
 LOWEST     36           2:00 PM
 AVERAGE    65

..........................................................


THE MACON CLIMATE NORMALS FOR TOMORROW
                         NORMAL    RECORD    YEAR
 MAXIMUM TEMPERATURE (F)   86        96      1962
                                             1981
 MINIMUM TEMPERATURE (F)   61        45      1973
                                             2011


SUNRISE AND SUNSET
MAY 17 2021...........SUNRISE   6:34 AM EDT   SUNSET   8:28 PM EDT
MAY 18 2021...........SUNRISE   6:34 AM EDT   SUNSET   8:29 PM EDT


-  INDICATES NEGATIVE NUMBERS.
R  INDICATES RECORD WAS SET OR TIED.
MM INDICATES DATA IS MISSING.
T  INDICATES TRACE AMOUNT.




$$
