000
CDUS42 KFFC 180820
CLIMCN


CLIMATE REPORT
NATIONAL WEATHER SERVICE PEACHTREE CITY GA
419 AM EDT FRI OCT 18 2019


...................................

...THE MACON CLIMATE SUMMARY FOR OCTOBER 17 2019...

CLIMATE NORMAL PERIOD 1981 TO 2010
CLIMATE RECORD PERIOD 1899 TO 2019


WEATHER ITEM   OBSERVED TIME   RECORD YEAR NORMAL DEPARTURE LAST
                VALUE   (LST)  VALUE       VALUE  FROM      YEAR
                                                  NORMAL
..................................................................
TEMPERATURE (F)
 YESTERDAY
  MAXIMUM         77    244 PM  89    1972  77      0       85
                                      1925
  MINIMUM         47    532 AM  36    2001  52     -5       62
                                      1954
  AVERAGE         62                        64     -2       74

PRECIPITATION (IN)
  YESTERDAY        0.00          2.05 1922   0.09  -0.09     0.00
  MONTH TO DATE    1.23                      1.61  -0.38     3.80
  SINCE SEP 1      1.25                      5.20  -3.95     4.82
  SINCE JAN 1     28.55                     37.14  -8.59    36.40

DEGREE DAYS
 HEATING
  YESTERDAY        3                         3      0        0
  MONTH TO DATE    3                        33    -30        0
  SINCE SEP 1      3                        39    -36        0
  SINCE JUL 1      3                        39    -36        0

 COOLING
  YESTERDAY        0                         3     -3        9
  MONTH TO DATE  186                        70    116      196
  SINCE SEP 1    678                       376    302      717
  SINCE JAN 1   2738                      2120    618     2617
..................................................................


WIND (MPH)
  RESULTANT WIND SPEED   6   RESULTANT WIND DIRECTION  NW (300)
  HIGHEST WIND SPEED    13   HIGHEST WIND DIRECTION    NW (310)
  HIGHEST GUST SPEED    20   HIGHEST GUST DIRECTION     W (250)
  AVERAGE WIND SPEED     6.9


SKY COVER
  AVERAGE SKY COVER 0.0


WEATHER CONDITIONS
 THE FOLLOWING WEATHER WAS RECORDED YESTERDAY.
  NO SIGNIFICANT WEATHER WAS OBSERVED.


RELATIVE HUMIDITY (PERCENT)
 HIGHEST    89           100 AM
 LOWEST     23           200 PM
 AVERAGE    56

..........................................................


THE MACON CLIMATE NORMALS FOR TODAY
                         NORMAL    RECORD    YEAR
 MAXIMUM TEMPERATURE (F)   77        92      1897
 MINIMUM TEMPERATURE (F)   52        33      2001


SUNRISE AND SUNSET
OCTOBER 18 2019.......SUNRISE   741 AM EDT   SUNSET   658 PM EDT
OCTOBER 19 2019.......SUNRISE   741 AM EDT   SUNSET   657 PM EDT


-  INDICATES NEGATIVE NUMBERS.
R  INDICATES RECORD WAS SET OR TIED.
MM INDICATES DATA IS MISSING.
T  INDICATES TRACE AMOUNT.




$$
